000
CXUS53 KDVN 011620
CLSBRL


CLIMATE REPORT
NATIONAL WEATHER SERVICE QUAD CITIES IA IL
1016 AM CST TUE MAR 1 2016

...................................

...THE BURLINGTON IA CLIMATE SUMMARY FOR THE SEASON, FROM
12/1/2015 TO 2/29/2016...

CLIMATE NORMAL PERIOD 1981 TO 2010
CLIMATE RECORD PERIOD 1897 TO 2016

WEATHER         OBSERVED          NORMAL  DEPART
                 VALUE   DATE(S)  VALUE   FROM
                                          NORMAL
................................................
TEMPERATURE (F)
RECORD
 HIGH              76   02/24/1930
 LOW              -27   02/13/1905
HIGHEST            65   02/29        44      21
LOWEST             -4   01/18        17     -21
AVG. MAXIMUM     39.6              36.8     2.8
AVG. MINIMUM     24.7              19.8     4.9
MEAN             32.2              28.3     3.9
DAYS MAX >= 90      0
DAYS MAX <= 32     24
DAYS MIN <= 32     68
DAYS MIN <= 0       3

PRECIPITATION (INCHES)
TOTALS           5.89              4.95    0.94
DAILY AVG.       0.07              0.05    0.02
DAYS >= .01        20
DAYS >= .10        11
DAYS >= .50         4
DAYS >= 1.00        2
GREATEST
 24 HR. TOTAL    1.57   12/13 TO 12/14

DEGREE_DAYS
HEATING TOTAL    2965              3305    -340
 SINCE 7/1       3882              4408    -526
COOLING TOTAL       0                 0       0
 SINCE 1/1          0                 0       0
.................................................

WIND (MPH)
AVERAGE WIND SPEED              9.8
HIGHEST WIND SPEED/DIRECTION    39/050    DATE  12/28
HIGHEST GUST SPEED/DIRECTION    49/050    DATE  12/28

SKY COVER
POSSIBLE SUNSHINE (PERCENT)   MM
AVERAGE SKY COVER           0.50
NUMBER OF DAYS FAIR           37
NUMBER OF DAYS PC             29
NUMBER OF DAYS CLOUDY         25

AVERAGE RH (PERCENT)     79

WEATHER CONDITIONS. NUMBER OF DAYS WITH
THUNDERSTORM              3     HAIL                       0
SLEET                     0     FOG                       54
FOG W/VIS <= 1/4 MILE    11     HAZE                      20

-  INDICATES NEGATIVE NUMBERS.
R  INDICATES RECORD WAS SET OR TIED.
MM INDICATES DATA IS MISSING.
T  INDICATES TRACE AMOUNT.

$$
