000
CXUS53 KDDC 020104
CLSDDC


CLIMATE REPORT
NATIONAL WEATHER SERVICE DODGE CITY KS
652 PM CST TUE MAR 1 2016

...................................

...THE DODGE CITY KS CLIMATE SUMMARY FOR THE SEASON, FROM
12/1/2015 TO 2/29/2016...

CLIMATE NORMAL PERIOD 1981 TO 2010
CLIMATE RECORD PERIOD 1875 TO 2016

WEATHER         OBSERVED          NORMAL  DEPART  LAST YEAR`S
                 VALUE   DATE(S)  VALUE   FROM    VALUE  DATE(S)
                                          NORMAL
................................................................
TEMPERATURE (F)
RECORD
 HIGH              88   02/18/2016
 LOW              -26   02/12/1899
HIGHEST            88R  02/18        MM      MM       80  01/27
LOWEST              8   01/10        MM      MM       -3  12/31
AVG. MAXIMUM     49.2              45.6     3.6     45.9
AVG. MINIMUM     24.9              21.5     3.4     22.5
MEAN             37.1              33.6     3.5     34.2
DAYS MAX >= 90      0               0.0     0.0        0
DAYS MAX <= 32     11              15.6    -4.6       17
DAYS MIN <= 32     80              80.0     0.0       80
DAYS MIN <= 0       0               2.6    -2.6        2

PRECIPITATION (INCHES)
RECORD
 MAXIMUM         5.70   1877
 MINIMUM         0.06   1922
TOTALS           3.02              2.10    0.92     2.30
DAILY AVG.       0.03              0.02    0.01     0.02
DAYS >= .01        10              12.9    -2.9       21
DAYS >= .10         4               5.6    -1.6        8
DAYS >= .50         1               0.9     0.1        0
DAYS >= 1.00        1               0.1     0.9        0
GREATEST
 24 HR. TOTAL    2.21   12/12 TO 12/13           12/04 TO 12/05

SNOWFALL (INCHES)
RECORDS
 TOTAL           38.4   1897
 24 HR TOTAL     15.0   02/25/1912
 SNOW DEPTH        13   02/18/1993
TOTALS            8.9              12.9    -4.0     19.2
SINCE 7/1        10.0              15.1    -5.1     21.4
DAYS >= TRACE      15               9.4     5.6       20
DAYS >= 1.0         1               3.6    -2.6       10
GREATEST
 SNOW DEPTH         8   12/14                          6  02/24
 24 HR TOTAL      8.0   12/13 TO 12/14           02/21 TO 02/22

DEGREE_DAYS
HEATING TOTAL    2532              2857    -325     2750
 SINCE 7/1       3362              3897    -535     3748
COOLING TOTAL       2                 0       2        0
 SINCE 1/1          2                 0       2        0
...................................................

WIND (MPH)
AVERAGE WIND SPEED              12.5
RESULTANT WIND SPEED/DIRECTION   3/294
HIGHEST WIND SPEED/DIRECTION    41/360    DATE  12/26
HIGHEST GUST SPEED/DIRECTION    51/350    DATE  12/26

SKY COVER
POSSIBLE SUNSHINE (PERCENT)   MM
AVERAGE SKY COVER           0.20
NUMBER OF DAYS FAIR           63
NUMBER OF DAYS PC             18
NUMBER OF DAYS CLOUDY         10

AVERAGE RH (PERCENT)     60

WEATHER CONDITIONS. NUMBER OF DAYS WITH
THUNDERSTORM              1     MIXED PRECIP               0
HEAVY RAIN                1     RAIN                       3
LIGHT RAIN                8     FREEZING RAIN              0
LT FREEZING RAIN          1     HAIL                       0
HEAVY SNOW                0     SNOW                       1
LIGHT SNOW               12     SLEET                      0
FOG                      29     FOG W/VIS <= 1/4 MILE      8
HAZE                     15

-  INDICATES NEGATIVE NUMBERS.
R  INDICATES RECORD WAS SET OR TIED.
MM INDICATES DATA IS MISSING.
T  INDICATES TRACE AMOUNT.

$$
