000
CXUS53 KDVN 011300
CLSDVN


CLIMATE REPORT
NATIONAL WEATHER SERVICE QUAD CITIES IA IL
700 AM CST TUE DEC 1 2015

...................................

...THE DAVENPORT IA CLIMATE SUMMARY FOR THE SEASON, FROM
9/1/2015 TO 11/30/2015...

CLIMATE NORMAL PERIOD 1981 TO 2010
CLIMATE RECORD PERIOD 9999 TO 9999

WEATHER         OBSERVED          NORMAL  DEPART
                 VALUE   DATE(S)  VALUE   FROM
                                          NORMAL
................................................
TEMPERATURE (F)
HIGHEST            92   09/06        80      12
LOWEST              1   11/22        23     -22
                        11/21
AVG. MAXIMUM     66.1              61.9     4.2
AVG. MINIMUM     44.9              40.6     4.3
MEAN             55.5              51.3     4.2
DAYS MAX >= 90      4
DAYS MAX <= 32      1
DAYS MIN <= 32     19
DAYS MIN <= 0       0

PRECIPITATION (INCHES)
TOTALS          13.53              8.48    5.05
DAILY AVG.       0.15              0.09    0.06
DAYS >= .01        26
DAYS >= .10        18
DAYS >= .50         8
DAYS >= 1.00        3
GREATEST
 24 HR. TOTAL    2.20   11/26 TO 11/27

SNOWFALL (INCHES)
TOTALS            6.9
SINCE 7/1         6.9
SNOWDEPTH AVG.      0
DAYS >= TRACE       3
DAYS >= 1.0         2
GREATEST
 SNOW DEPTH         5   11/23
                        11/21
                        11/22
 24 HR TOTAL      6.9   11/20 TO 11/21

DEGREE_DAYS
HEATING TOTAL    1049              1333    -284
 SINCE 7/1       1063              1348    -285
COOLING TOTAL     204                82     122
 SINCE 1/1        867               786      81
.................................................

WIND (MPH)
AVERAGE WIND SPEED              10.1
HIGHEST WIND SPEED/DIRECTION    45/250    DATE  11/12
HIGHEST GUST SPEED/DIRECTION    54/240    DATE  11/12

SKY COVER
POSSIBLE SUNSHINE (PERCENT)   MM
AVERAGE SKY COVER           0.30
NUMBER OF DAYS FAIR           55
NUMBER OF DAYS PC             24
NUMBER OF DAYS CLOUDY         12

AVERAGE RH (PERCENT)     70

WEATHER CONDITIONS. NUMBER OF DAYS WITH
THUNDERSTORM             10     HAIL                       1
SLEET                     0     FOG                       42
FOG W/VIS <= 1/4 MILE     3     HAZE                       9

-  INDICATES NEGATIVE NUMBERS.
R  INDICATES RECORD WAS SET OR TIED.
MM INDICATES DATA IS MISSING.
T  INDICATES TRACE AMOUNT.

$$


NOTE: SUPPLEMENTAL CLIMATE DATA WAS USED FROM A NEARBY
CLIMATOLOGICALLY REPRESENTATIVE STATION.
