000
CXUS52 KRAH 021246 CCB
CLSGSO

CLIMATE REPORT
NATIONAL WEATHER SERVICE RALEIGH NC
845 AM EDT FRI JUN 2 2017

...................................

...THE PIEDMONT TRIAD INTL AIRPORT CLIMATE SUMMARY FOR THE SEASON, FROM
3/1/2017 TO 5/31/2017...

CLIMATE NORMAL PERIOD 1981 TO 2010
CLIMATE RECORD PERIOD 1903 TO 2017

WEATHER         OBSERVED          NORMAL  DEPART
                 VALUE   DATE(S)  VALUE   FROM
                                          NORMAL
................................................
TEMPERATURE (F)
RECORD
 HIGH             100   05/12/1916
                        05/27/1911
 LOW                5   03/06/1960
HIGHEST            89   05/20
LOWEST             20   03/16
AVG. MAXIMUM     71.3              69.5     1.8
AVG. MINIMUM     50.2              47.5     2.7
MEAN             60.8              58.5     2.3
DAYS MAX >= 90      0               0.8    -0.8
DAYS MAX <= 32      0               0.1    -0.1
DAYS MIN <= 32     12               8.2     3.8
DAYS MIN <= 0       0               0.0     0.0

PRECIPITATION (INCHES)
RECORD
 MAXIMUM        19.91   2003
 MINIMUM         3.59   1986
TOTALS          15.42            10.68    4.74
DAYS >= .01        40              29.9    10.1
DAYS >= 1.00        4               2.3     1.7
GREATEST
 24 HR. TOTAL    2.44   04/24

DEGREE_DAYS
COOLING TOTAL     230               160      70
 SINCE 1/1        234               159      75
.................................................

WIND (MPH)
AVERAGE WIND SPEED              9.2
HIGHEST WIND SPEED/DIRECTION    36/240    DATE  04/06
HIGHEST GUST SPEED/DIRECTION    45/200    DATE  04/06

SKY COVER
POSSIBLE SUNSHINE (PERCENT)    0
AVERAGE SKY COVER           0.60
NUMBER OF DAYS FAIR           20
NUMBER OF DAYS PC             45
NUMBER OF DAYS CLOUDY         27

AVERAGE RH (PERCENT)     66

WEATHER CONDITIONS. NUMBER OF DAYS WITH
THUNDERSTORM             18     MIXED PRECIP               0
HEAVY RAIN               13     RAIN                      22
LIGHT RAIN               48     FREEZING RAIN              0
LT FREEZING RAIN          0     HAIL                       0
HEAVY SNOW                0     SNOW                       1
LIGHT SNOW                1     SLEET                      0
FOG                      41     FOG W/VIS <= 1/4 MILE      3
HAZE                      6

-  INDICATES NEGATIVE NUMBERS.
R  INDICATES RECORD WAS SET OR TIED.
MM INDICATES DATA IS MISSING.
T  INDICATES TRACE AMOUNT.

&&

THE 2017 TOTAL PRECIPITATION OF 15.42 INCHES IS THE 10TH WETTEST
MARCH-APRIL-MAY ON RECORD.

$$
