000
CXUS54 KLZK 011356
CLSLZK


CLIMATE REPORT
NATIONAL WEATHER SERVICE LITTLE ROCK AR
848 AM CDT THU JUN 1 2017

...................................

...THE NORTH LITTLE ROCK CLIMATE SUMMARY FOR THE SEASON, FROM
3/1/2017 TO 5/31/2017...

CLIMATE NORMAL PERIOD 1981 TO 2010
CLIMATE RECORD PERIOD 1975 TO 2017

WEATHER         OBSERVED          NORMAL  DEPART  LAST YEAR`S
                 VALUE   DATE(S)  VALUE   FROM    VALUE  DATE(S)
                                          NORMAL
................................................................
TEMPERATURE (F)
RECORD
 HIGH              98   05/30/1977
 LOW               14   03/03/2014
                        03/02/1980
                        03/02/1980
HIGHEST            88   05/31        73      15       87  05/24
                        05/27
LOWEST             28   03/15        53     -25       35  03/20
AVG. MAXIMUM     73.7              72.2     1.5     72.4
AVG. MINIMUM     54.1              52.9     1.2     54.2
MEAN             63.9              62.5     1.4     63.3
DAYS MAX >= 90      0               1.8    -1.8        0
DAYS MAX <= 32      0               0.1    -0.1        0
DAYS MIN <= 32      2               2.7    -0.7        0
DAYS MIN <= 0       0               0.0     0.0        0

PRECIPITATION (INCHES)
TOTALS          20.78             14.52    6.26    22.88
DAILY AVG.       0.23              0.16    0.07     0.25
DAYS >= .01        31              30.6     0.4       MM
DAYS >= .10        23              21.8     1.2       MM
DAYS >= .50        12              10.1     1.9       MM
DAYS >= 1.00        7               4.1     2.9       MM
GREATEST
 24 HR. TOTAL    5.45   04/29 TO 04/30

SNOWFALL (INCHES)
RECORDS
 TOTAL            6.4   2015
 24 HR TOTAL      6.4   03/04/2015 TO 03/05/2015
 SNOW DEPTH         5   03/05/2015
                        03/10/1984
TOTALS              T               0.4    -0.4        T
 LIQUID EQUIV       T              0.00    0.00        T
SINCE 7/1         0.8               4.4    -3.6      7.2
 LIQUID 7/1      0.08              0.50   -0.42     0.72
SNOWDEPTH AVG.      0                MM      MM        0
DAYS >= TRACE       1               0.3     0.7        2
DAYS >= 1.0         0               0.2    -0.2        0
GREATEST
 SNOW DEPTH         0   MM                             0  MM
 24 HR TOTAL      0.0

DEGREE_DAYS
HEATING TOTAL     367               518    -151      360
 SINCE 7/1       2198              3005    -807     2321
COOLING TOTAL     286               294      -8      225
 SINCE 1/1        303               296       7      228

FREEZE DATES
RECORD
 EARLIEST     10/20/1989
 LATEST       04/19/1983
EARLIEST                        11/13
LATEST                          03/19
....................................................

WIND (MPH)
AVERAGE WIND SPEED              5.9
HIGHEST WIND SPEED/DIRECTION    20/140    DATE  05/03
HIGHEST GUST SPEED/DIRECTION    45/200    DATE  03/24

SKY COVER
POSSIBLE SUNSHINE (PERCENT)   MM
AVERAGE SKY COVER            MM
NUMBER OF DAYS FAIR          MM
NUMBER OF DAYS PC            MM
NUMBER OF DAYS CLOUDY        MM


WEATHER CONDITIONS. NUMBER OF DAYS WITH
THUNDERSTORM              0     MIXED PRECIP               0
HEAVY RAIN               12     RAIN                      18
LIGHT RAIN               30     FREEZING RAIN              0
LT FREEZING RAIN          0     HAIL                       0
HEAVY SNOW                0     SNOW                       0
LIGHT SNOW                0     SLEET                      1
FOG                      12     FOG W/VIS <= 1/4 MILE      0
HAZE                      0

-  INDICATES NEGATIVE NUMBERS.
R  INDICATES RECORD WAS SET OR TIED.
MM INDICATES DATA IS MISSING.
T  INDICATES TRACE AMOUNT.

&&

...Date for North Little Rock for Spring 2017...

.Summary...
Over all, spring was a little over a degree above average. However,
what spared us from a higher number was May, which was the only
month in the season with below average temperatures. This was the
third spring in a row with no 90-degree temperatures.

Even though rainfall was well above average, and it was one of the
wettest springs on record, this was the driest spring in three
years. March was the driest month, and April was the wettest.

.Seasonal Temperatures...
The average high temperature was the warmest since 2012, and the
10th warmest on record. The average low temperature was the coolest
since 2015. The average seasonal temperature was the warmest since
2012.

.Seasonal Rainfall...
Even with above average rainfall, it was still the driest spring
since 2014. This spring was also the 7th wettest on record.

.Seasonal Snowfall...
A trace of sleet fell, which marked the first spring snowfall in two
years. Technically, this does count as the 9th snowiest spring.
Since records began in late 1975, only the springs of 2015, 2014,
2008, 1995, 1989, 1987, 1984, and 1982 have seen measurable
snowfall, and the most recent spring with only a trace amount of
snow was 2013.

$$

57
