082
CXUS51 KCLE 012311
CLSMFD


CLIMATE REPORT
NATIONAL WEATHER SERVICE CLEVELAND OH
608 PM EST THU DEC 1 2016

...................................

...THE MANSFIELD OH CLIMATE SUMMARY FOR THE SEASON, FROM
9/1/2016 TO 11/30/2016...

CLIMATE NORMAL PERIOD 1981 TO 2010
CLIMATE RECORD PERIOD 1916 TO 2016

WEATHER         OBSERVED          NORMAL  DEPART
                 VALUE   DATE(S)  VALUE   FROM
                                          NORMAL
................................................
TEMPERATURE (F)
RECORD
 HIGH              95   09/10/2013
 LOW                2   11/30/1976
HIGHEST            91   09/07
LOWEST             21   11/22
AVG. MAXIMUM     67.3              61.4     5.9
AVG. MINIMUM     46.9              42.5     4.4
MEAN             57.1              52.0     5.1
DAYS MAX >= 90      2               0.3
DAYS MAX <= 32      1               2.0
DAYS MIN <= 32      9              18.5
DAYS MIN <= 0       0               0.0

PRECIPITATION (INCHES)
RECORD
 MAXIMUM        16.97   1926
 MINIMUM         2.39   1953
TOTALS           8.47             10.07   -1.60
DAYS >= .01        28              32.9
DAYS >= .10        18              19.3
DAYS >= .50         6               6.4
DAYS >= 1.00        1               2.4

SNOWFALL (INCHES)
RECORDS
 TOTAL           12.5   1993
TOTALS            0.2               2.7
DAYS >= TRACE       2
DAYS >= 1.0         0               0.9

DEGREE_DAYS
HEATING TOTAL     876              1255    -379
COOLING TOTAL     180                71     109
.................................................

WIND (MPH)
HIGHEST GUST SPEED/DIRECTION    45/140    DATE  11/29

SKY COVER
POSSIBLE SUNSHINE (PERCENT)   MM
NUMBER OF DAYS FAIR           52
NUMBER OF DAYS PC             26
NUMBER OF DAYS CLOUDY         13


WEATHER CONDITIONS. NUMBER OF DAYS WITH
THUNDERSTORM              0     MIXED PRECIP               0
HEAVY RAIN                7     RAIN                      13
LIGHT RAIN               26     FREEZING RAIN              0
LT FREEZING RAIN          0     HAIL                       0
HEAVY SNOW                0     SNOW                       2
LIGHT SNOW                1     SLEET                      0
FOG                      44     FOG W/VIS <= 1/4 MILE      4
HAZE                      7

-  INDICATES NEGATIVE NUMBERS.
R  INDICATES RECORD WAS SET OR TIED.
MM INDICATES DATA IS MISSING.
T  INDICATES TRACE AMOUNT.

$$
