000
CXUS53 KDDC 011525
CLSP28


CLIMATE REPORT
NATIONAL WEATHER SERVICE DODGE CITY KS
1022 AM CDT TUE SEP 1 2015

...................................

...THE MEDICINE LODGE KS CLIMATE SUMMARY FOR THE SEASON, FROM
6/1/2015 TO 8/31/2015...

CLIMATE NORMAL PERIOD 1981 TO 2010
CLIMATE RECORD PERIOD 1893 TO 2015

WEATHER         OBSERVED          NORMAL  DEPART  LAST YEAR`S
                 VALUE   DATE(S)  VALUE   FROM    VALUE  DATE(S)
                                          NORMAL
................................................................
TEMPERATURE (F)
RECORD
 HIGH             118   08/12/1936
 LOW               39   06/13/1903
HIGHEST           105   07/13        MM      MM      104  07/26
LOWEST             52   08/20        MM      MM       53  06/13
AVG. MAXIMUM     91.7              92.1    -0.4     89.7
AVG. MINIMUM     67.7              67.4     0.3     66.2
MEAN             79.7              79.7     0.0     77.9
DAYS MAX >= 90     63              56.2     6.8       53
DAYS MAX <= 32      0               0.0     0.0        0
DAYS MIN <= 32      0               0.0     0.0        0
DAYS MIN <= 0       0               0.0     0.0        0

PRECIPITATION (INCHES)
RECORD
 MAXIMUM        18.61   1948
 MINIMUM         2.60   1964
TOTALS          14.21             10.61    3.60    14.62
DAILY AVG.       0.15              0.12    0.03     0.16
DAYS >= .01        20              23.6    -3.6       32
DAYS >= .10        14              15.1    -1.1       22
DAYS >= .50         9               7.1     1.9       10
DAYS >= 1.00        5               2.9     2.1        5
GREATEST
 24 HR. TOTAL    5.71   07/20 TO 07/21           07/30 TO 07/30

SNOWFALL (INCHES)
RECORDS
 TOTAL             MM   MM
 24 HR TOTAL       MM
 SNOW DEPTH        MM   MM
TOTALS            0.0               0.0     0.0      0.0
 LIQUID EQUIV    0.00              0.00    0.00     0.00
SINCE 7/1         0.0               0.0     0.0      0.0
 LIQUID 7/1      0.00              0.00    0.00     0.00
SNOWDEPTH AVG.      0                MM      MM        0
DAYS >= TRACE       0               0.0     0.0        0
DAYS >= 1.0         0               0.0     0.0        0
GREATEST
 SNOW DEPTH         0   MM                             0  MM
 24 HR TOTAL      0.0   MM                       07/30 TO 07/30

DEGREE_DAYS
HEATING TOTAL       0                 4      -4        5
 SINCE 7/1          0                 0       0        5
COOLING TOTAL    1372              1356      16     1215
 SINCE 1/1       1479              1511     -32     1484

.................................................

WIND (MPH)
AVERAGE WIND SPEED              8.1
RESULTANT WIND SPEED/DIRECTION   4/152
HIGHEST WIND SPEED/DIRECTION    37/010    DATE  07/06
HIGHEST GUST SPEED/DIRECTION    45/360    DATE  07/06

AVERAGE RH (PERCENT)     66


-  INDICATES NEGATIVE NUMBERS.
R  INDICATES RECORD WAS SET OR TIED.
MM INDICATES DATA IS MISSING.
T  INDICATES TRACE AMOUNT.

$$
