000
CXUS54 KLZK 031035
CLSPBF

CLIMATE REPORT
NATIONAL WEATHER SERVICE LITTLE ROCK AR
526 AM CDT WED SEP 3 2014

...................................

...THE PINE BLUFF CLIMATE SUMMARY FOR THE SEASON, FROM
6/1/2014 TO 8/31/2014...

CLIMATE NORMAL PERIOD 1981 TO 2010
CLIMATE RECORD PERIOD 1883 TO 2014

WEATHER         OBSERVED          NORMAL  DEPART  LAST YEAR`S
                 VALUE   DATE(S)  VALUE   FROM    VALUE  DATE(S)
                                          NORMAL
................................................................
TEMPERATURE (F)
RECORD
 HIGH             112   08/15/1943
 LOW               49   06/02/1984
                        06/03/1956
                        06/12/1903
HIGHEST            96   08/25        91       5      100  08/31
                        07/14
LOWEST             60   08/14        71     -11       59  06/08
                        07/25
                        07/04
AVG. MAXIMUM     87.6              91.0    -3.4     90.4
AVG. MINIMUM     68.9              70.5    -1.6     69.5
MEAN             78.3              80.8    -2.5     79.9
DAYS MAX >= 90     40              57.0   -17.0       59
DAYS MAX <= 32      0               0.0     0.0        0
DAYS MIN <= 32      0               0.0     0.0        0
DAYS MIN <= 0       0               0.0     0.0        0

PRECIPITATION (INCHES)
RECORD
 MAXIMUM        20.33   1989
 MINIMUM         0.66   1930
TOTALS           7.64              9.99   -2.35     6.19
DAILY AVG.       0.08              0.11   -0.03     0.07
DAYS >= .01        26              24.9     1.1       15
DAYS >= .10        16                                  8
DAYS >= .50         4                                  5
DAYS >= 1.00        3               2.8     0.2        1
GREATEST
 24 HR. TOTAL    1.62   08/18 TO 08/18

SNOWFALL (INCHES)
TOTALS            0.0               0.0     0.0      0.0
 LIQUID EQUIV    0.00              0.00    0.00     0.00
SINCE 7/1         0.0               0.0     0.0      0.0
 LIQUID 7/1      0.00              0.00    0.00     0.00
SNOWDEPTH AVG.      0                 0       0        0
DAYS >= TRACE       0               0.0     0.0        0
DAYS >= 1.0         0               0.0     0.0        0
GREATEST
 SNOW DEPTH         0   MM                             0  MM
 24 HR TOTAL      0.0

DEGREE_DAYS
HEATING TOTAL       1                 0       1        0
 SINCE 7/1          1                 0       1        0
COOLING TOTAL    1238              1451    -213     1397
 SINCE 1/1       1501              1758    -257     1664

FREEZE DATES
RECORD
 EARLIEST     10/10/2000
 LATEST       04/25/1910
EARLIEST                        11/12
LATEST                          03/16
....................................................

WIND (MPH)
AVERAGE WIND SPEED              5.4
HIGHEST WIND SPEED/DIRECTION    41/330    DATE  07/23
HIGHEST GUST SPEED/DIRECTION    52/320    DATE  07/23

SKY COVER
POSSIBLE SUNSHINE (PERCENT)   MM
AVERAGE SKY COVER           0.30
NUMBER OF DAYS FAIR           70
NUMBER OF DAYS PC             17
NUMBER OF DAYS CLOUDY          5

AVERAGE RH (PERCENT)     74

WEATHER CONDITIONS. NUMBER OF DAYS WITH
THUNDERSTORM              0     MIXED PRECIP               0
HEAVY RAIN               11     RAIN                      15
LIGHT RAIN               30     FREEZING RAIN              0
LT FREEZING RAIN          0     HAIL                       0
HEAVY SNOW                0     SNOW                       0
LIGHT SNOW                0     SLEET                      0
FOG                      48     FOG W/VIS <= 1/4 MILE      4
HAZE                     14

-  INDICATES NEGATIVE NUMBERS.
R  INDICATES RECORD WAS SET OR TIED.
MM INDICATES DATA IS MISSING.
T  INDICATES TRACE AMOUNT.

&&

...DATA FOR PINE BLUFF FOR SUMMER 2014...

IN TERMS OF AVERAGE HIGH...LOW AND SEASONAL TEMPERATURES...IT WAS
THE COOLEST SUMMER IN A DECADE.

FOR THE FIRST SUMMER SINCE 2004...THERE WERE NO TEMPERATURES AT OR
ABOVE 100 DEGREES. THERE WERE NO LOW TEMPERATURES AT OR ABOVE 80 FOR
THE FIRST SUMMER SINCE 2009.

FOR THE SECOND JUNE IN A ROW...THERE WERE NO DAYS WITH TEMPERATURES
AT OR ABOVE 100 DEGREES. HIGHS WERE THE COLDEST IN A DECADE...WHILE
LOWS WERE THE WARMEST IN THREE YEARS. FOR THE FIRST TIME SINCE
2008...THERE WERE NO TEMPERATURES GREATER THAN 92 DEGREES IN THE
MONTH OF JUNE.

JULY WILL LONG BE REMEMBERED AS ONE OF THE COLDEST ON RECORD. THERE
WERE SEVERAL PERIODS DURING THE MONTH WITH TEMPERATURES FALLING INTO
THE 60S...AND HIGHS ONLY IN THE 70S. FOR THE SECOND JULY IN A
ROW...THERE WERE NO TEMPERATURES AT OR ABOVE 100 DEGREES. FOR THE
FIRST TIME SINCE 2007...THERE WERE NO TEMPERATURES ABOVE 96 DEGREES
IN THE MONTH OF JULY.

THE TREND OF BELOW AVERAGE TEMPERATURES CONTINUED WELL INTO AUGUST.
IN MUCH OF THE FIRST HALF OF THE MONTH...TEMPERATURES ONLY REACHED
92 DEGREES. HOWEVER...REVERSING THE TREND OF MUCH OF THE
SUMMER...THE LAST HALF OF AUGUST LARGELY SAW TEMPERATURES AT OR
ABOVE AVERAGE. FOR THE FIRST AUGUST SINCE 2004...THERE WERE NO
TEMPERATURES AT OR ABOVE 100 DEGREES. FOR THE FIRST AUGUST SINCE
2009...THERE WERE NO LOW TEMPERATURES AT OR ABOVE 80 DEGREES.

EVEN THOUGH RAINFALL WAS BELOW AVERAGE...IT WAS STILL THE WETTEST
JUNE IN EIGHT YEARS.

EVEN THOUGH JULY RAINFALL WAS BELOW AVERAGE...IT WAS STILL WETTER
THAN LAST JULY.

RAINFALL WAS SPREAD OUT DURING THE MONTH OF AUGUST...WITH MEASURABLE
RAIN ON THE 1ST...7TH...9TH...11TH..18TH...25TH...AND 30TH.

.TEMPERATURES...
THE AVERAGE HIGH...LOW...AND MONTHLY TEMPERATURES WERE THE COOLEST
SINCE 2004.

THE AVERAGE HIGH TEMPERATURE WAS THE 4TH COOLEST ON RECORD.

THE AVERAGE LOW WAS THE 7TH COOLEST ON RECORD.

.RAINFALL...
IT WAS THE WETTEST SUMMER SINCE 2012...EVEN THOUGH RAINFALL WAS
BELOW THE 30-YEAR AVERAGE.

$$

57
