000
CXUS53 KILX 011607
CLSSPI

CLIMATE REPORT
NATIONAL WEATHER SERVICE LINCOLN IL
1015 AM CDT TUE SEP 1 2015

...................................

...THE SPRINGFIELD IL CLIMATE SUMMARY FOR THE SEASON, FROM
6/1/2015 TO 8/31/2015...

CLIMATE NORMAL PERIOD 1981 TO 2010
CLIMATE RECORD PERIOD 1879 TO 2015

WEATHER         OBSERVED          NORMAL  DEPART  LAST YEAR`S
                 VALUE   DATE(S)  VALUE   FROM    VALUE
                                          NORMAL
.............................................................
TEMPERATURE (F)
RECORD
 HIGH             112   07/14/1954
 LOW               39   06/01/2003
HIGHEST            96   07/28        MM      MM       96
LOWEST             49   08/25        MM      MM       51
AVG. MAXIMUM     84.5              84.8    -0.3     83.8
AVG. MINIMUM     65.2              63.6     1.6     64.3
MEAN             74.8              74.2     0.6     74.1
DAYS MAX >= 90     19              19.1    -0.1       13
DAYS MAX <= 32      0               0.0     0.0        0
DAYS MIN <= 32      0               0.0     0.0        0
DAYS MIN <= 0       0               0.0     0.0        0

PRECIPITATION (INCHES)
RECORD
 MAXIMUM        24.93   1981
 MINIMUM         3.87   1893
TOTALS          14.87             11.64    3.23    18.04
DAILY AVG.       0.16                               0.20
DAYS >= .01        33              27.1     5.9       34
DAYS >= .10        23              17.4     5.6       17
DAYS >= .50         9               7.6     1.4       12
DAYS >= 1.00        5               3.0     2.0        6
GREATEST
 24 HR. TOTAL    2.13   MM                          3.08

SNOWFALL (INCHES)
RECORDS
 TOTAL            0.0   MM
 24 HR TOTAL      0.0   MM
TOTALS            0.0               0.0     0.0      0.0
SINCE 7/1         0.0               0.0     0.0      0.0
DAYS >= TRACE       0               0.0     0.0        0
DAYS >= 1.0         0               0.0     0.0        0
GREATEST
 SNOW DEPTH         0   MM                             0
 24 HR TOTAL      0.0   MM                           0.0

DEGREE_DAYS
HEATING TOTAL       9                20     -11        3
 SINCE 7/1          6                 5       1        3
COOLING TOTAL     929               866      63      857
 SINCE 1/1       1095               970     125     1033

FREEZE DATES
RECORD
 EARLIEST     09/20/1991
 LATEST       05/10/1966
EARLIEST                        10/13
LATEST                          04/13
..............................................................

WIND (MPH)
AVERAGE WIND SPEED              6.7
HIGHEST WIND SPEED/DIRECTION    43/310    DATE  06/20
HIGHEST GUST SPEED/DIRECTION    53/320    DATE  06/20

SKY COVER
POSSIBLE SUNSHINE (PERCENT)   MM
AVERAGE SKY COVER           0.30
NUMBER OF DAYS FAIR           61
NUMBER OF DAYS PC             24
NUMBER OF DAYS CLOUDY          7

AVERAGE RH (PERCENT)     74

WEATHER CONDITIONS. NUMBER OF DAYS WITH
THUNDERSTORM             27     MIXED PRECIP               0
HEAVY RAIN               17     RAIN                      20
LIGHT RAIN               40     FREEZING RAIN              0
LT FREEZING RAIN          0     HAIL                       1
HEAVY SNOW                0     SNOW                       0
LIGHT SNOW                0     SLEET                      0
FOG                      47     FOG W/VIS <= 1/4 MILE      4
HAZE                     11

-  INDICATES NEGATIVE NUMBERS.
R  INDICATES RECORD WAS SET OR TIED.
MM INDICATES DATA IS MISSING.
T  INDICATES TRACE AMOUNT.

&&

5TH WETTEST JUNE ON RECORD WITH 9.14 INCHES
RECORD DAILY RAINFALL OF 2.13 INCHES ON JULY 8TH
RECORD COOL HIGH TEMPERATURE OF 64 DEGREES SET ON JULY 8TH
$$
