000
CXUS51 KBGM 020307 CCA
CLSSYR

CLIMATE REPORT...CORRECTED
NATIONAL WEATHER SERVICE BINGHAMTON NY
1006 PM EST FRI DEC 1 2017

...................................

...THE SYRACUSE NY CLIMATE SUMMARY FOR THE SEASON, FROM
9/1/2017 TO 11/30/2017...

CLIMATE NORMAL PERIOD 1981 TO 2010
CLIMATE RECORD PERIOD 1902 TO 2017

WEATHER         OBSERVED          NORMAL  DEPART  LAST YEAR`S
                 VALUE   DATE(S)  VALUE   FROM    VALUE  DATE(S)
                                          NORMAL
................................................................
TEMPERATURE (F)
RECORD
 HIGH              97   09/04/1953
                        09/03/1953
 LOW                5   11/30/1976
                        11/24/1956
HIGHEST            91   09/27        60      31       89  09/08
                        09/26                             09/07
LOWEST             16   11/11        42     -26       25  11/14
AVG. MAXIMUM     63.5              60.2     3.3     62.5
AVG. MINIMUM     42.8              41.9     0.9     42.9
MEAN             53.2              51.1     2.1     52.7
DAYS MAX >= 90      3               0.4     2.6        0
DAYS MAX <= 32      1               1.6    -0.6        1
DAYS MIN <= 32     24              18.3     5.7       22
DAYS MIN <= 0       0               0.0     0.0        0

PRECIPITATION (INCHES)
RECORD
 MAXIMUM        16.60   1977
 MINIMUM         4.47   1964
TOTALS          11.12             10.66    0.46    14.17
DAILY AVG.       0.12              0.12    0.00     0.15
DAYS >= .01        40              43.0    -3.0       37
DAYS >= .10        21              23.6    -2.6       24
DAYS >= .50         7               6.3     0.7       10
DAYS >= 1.00        2               1.9     0.1        4
GREATEST
 24 HR. TOTAL    3.09   10/29 TO 10/30

SNOWFALL (INCHES)
RECORDS
 TOTAL           34.2   1995
 24 HR TOTAL     18.3   11/21/2016 TO 11/21/2016
 SNOW DEPTH        22   11/21/2016
                        11/22/2016
TOTALS            5.2               9.9    -4.7     25.4
SINCE 7/1         5.2               9.9    -4.7     25.4
SNOWDEPTH AVG.      0                MM      MM        1
DAYS >= TRACE      14               6.3     7.7       10
DAYS >= 1.0         2               2.8    -0.8        2
GREATEST
 SNOW DEPTH         4   11/20                         22  11/21
 24 HR TOTAL      3.3   11/20 TO 11/20

DEGREE_DAYS
HEATING TOTAL    1161              1323    -162     1194
 SINCE 7/1       1197              1349    -152     1194
COOLING TOTAL     112                56      56       97
 SINCE 1/1        562               569      -7      810

FREEZE DATES
RECORD
 EARLIEST     09/23/1963
 LATEST       05/24/1963
EARLIEST                        10/14
LATEST                          04/29
.................................................

WIND (MPH)
AVERAGE WIND SPEED              7.6
RESULTANT WIND SPEED/DIRECTION   2/225
HIGHEST WIND SPEED/DIRECTION    45/270    DATE  10/15
HIGHEST GUST SPEED/DIRECTION    54/280    DATE  10/15

SKY COVER
POSSIBLE SUNSHINE (PERCENT)   MM
AVERAGE SKY COVER           0.70

AVERAGE RH (PERCENT)     74

WEATHER CONDITIONS. NUMBER OF DAYS WITH
THUNDERSTORM              2     MIXED PRECIP               0
HEAVY RAIN                7     RAIN                      20
LIGHT RAIN               46     FREEZING RAIN              0
LT FREEZING RAIN          0     HAIL                       0
HEAVY SNOW                0     SNOW                       6
LIGHT SNOW               11     SLEET                      1
FOG                      51     FOG W/VIS <= 1/4 MILE      4
HAZE                      2

-  INDICATES NEGATIVE NUMBERS.
R  INDICATES RECORD WAS SET OR TIED.
MM INDICATES DATA IS MISSING.
T  INDICATES TRACE AMOUNT.

&&
CORRECTIONS TO MANY
14TH WARMEST SEPTEMBER TO NOVEMBER
$$

TAC
