000
CXUS55 KLKN 011838
CLSWMC


CLIMATE REPORT
NATIONAL WEATHER SERVICE ELKO NV
1123 AM PDT THU JUN 1 2017

...................................

...THE WINNEMUCCA AIRPORT NV CLIMATE SUMMARY FOR THE SEASON, FROM
3/1/2017 TO 5/31/2017...

CLIMATE NORMAL PERIOD 1981 TO 2010
CLIMATE RECORD PERIOD 1877 TO 2017

WEATHER         OBSERVED          NORMAL  DEPART  LAST YEAR`S
                 VALUE   DATE(S)  VALUE   FROM    VALUE
                                          NORMAL
.............................................................
TEMPERATURE (F)
RECORD
 HIGH              98   05/29/2003
                        05/28/2003
                        05/31/1910
 LOW               -3   03/02/1971
                        03/01/1971
                        03/12/1954
HIGHEST            91   05/30        90       1       86
LOWEST             16   03/01        11       5       13
AVG. MAXIMUM     64.3              63.5     0.8     65.1
AVG. MINIMUM     32.8              31.8     1.0     32.7
MEAN             48.6              47.6     1.0     48.9
DAYS MAX >= 90      1               1.4    -0.4        0
DAYS MAX <= 32      0               0.0     0.0        0
DAYS MIN <= 32     40              47.6    -7.6       47
DAYS MIN <= 0       0               0.0     0.0        0

PRECIPITATION (INCHES)
RECORD
 MAXIMUM         6.73   1998
 MINIMUM         0.71   1931
TOTALS           2.65              2.84   -0.19     2.46
DAILY AVG.       0.03              0.03    0.00     0.03
DAYS >= .01        27              22.7     4.3       26
DAYS >= .10        12               9.1     2.9        9
DAYS >= .50         1               0.9     0.1        0
DAYS >= 1.00        0               0.1    -0.1        0

SNOWFALL (INCHES)
RECORDS
 TOTAL           23.4   1952
                        1896
TOTALS            2.4               4.9    -2.5      1.7
DAYS >= 1.0         1               1.6    -0.6        1
GREATEST
 SNOW DEPTH         0   MM                             0

DEGREE_DAYS
HEATING TOTAL    1492              1611    -119     1455
COOLING TOTAL       7                12      -5        0
..............................................................

WIND (MPH)
AVERAGE WIND SPEED              8.2
HIGHEST WIND SPEED/DIRECTION    45/270    DATE  05/24
HIGHEST GUST SPEED/DIRECTION    58/250    DATE  05/24

AVERAGE RH (PERCENT)     57

WEATHER CONDITIONS. NUMBER OF DAYS WITH
THUNDERSTORM              0     MIXED PRECIP               0
HEAVY RAIN                2     RAIN                       4
LIGHT RAIN               28     FREEZING RAIN              0
LT FREEZING RAIN          0     HAIL                       0
HEAVY SNOW                1     SNOW                       2
LIGHT SNOW                8     SLEET                      0
FOG                      20     FOG W/VIS <= 1/4 MILE      1
HAZE                      4

-  INDICATES NEGATIVE NUMBERS.
R  INDICATES RECORD WAS SET OR TIED.
MM INDICATES DATA IS MISSING.
T  INDICATES TRACE AMOUNT.


$$

DS
