294
CXUS54 KHGX 011524
CF611R
PRELIMINARY LOCAL CLIMATOLOGICAL DATA (WS FORM: F-6)
STATION: BRENHAM
MONTH: DECEMBER
YEAR: 2020
LATITUDE: 30 13 N
LONGITUDE: 96 22 W
TEMPERATURE IN F: :PCPN: SNOW: WIND :SUNSHINE: SKY :PK WND
================================================================================
1 2 3 4 5 6A 6B 7 8 9 10 11 12 13 14 15 16 17 18
12Z AVG MX 2MIN
DY MAX MIN AVG DEP HDD CDD WTR SNW DPTH SPD SPD DIR MIN PSBL S-S WX SPD DR
================================================================================
1 64 25 45 M 20 0 0.00 0.0 0 4.9 15 190 M M 2 23 180
2 64 46 55 M 10 0 0.27 0.0 0 5.5 18 330 M M 8 1 21 330
3 56 39 48 M 17 0 0.00 0.0 0 10.4 20 350 M M 2 23 350
4 58 37 48 M 17 0 0.00 0.0 0 6.6 12 330 M M 3 16 340
5 56 34 45 M 20 0 M 0.0 0 0.4 4 280 M M 6 3 M M
6 66 37 52 M 13 0 0.00 0.0 0 5.4 15 290 M M 1 1 22 310
7 67 41 54 M 11 0 M 0.0 0 5.7 13 330 M M 0 20 330
8 75 36 56 M 9 0 0.00 M M 1.5 8 250 M M 0 M M
9 82 38 60 M 5 0 M M M 0.7 6 220 M M 0 3 M M
10 77 51 64 M 1 0 0.00 0.0 M 5.8 14 180 M M 0 20 220
11 71 60 66 M 0 1 0.12 0.0 M 2.5 7 170 M M 8 12 M M
12 64 51 58 M 7 0 0.00 0.0 0 5.1 12 350 M M 4 12 18 0
13 66 42 54 M 11 0 0.14 0.0 0 11.3 29 330 M M 9 1 41 330
14 50 37 44 M 21 0 0.00 0.0 0 7.2 25 340 M M 6 3 36 340
15 51 40 46 M 19 0 0.00 0.0 0 2.2 12 350 M M 10 13 M M
16 50 35 43 M 22 0 0.00 0.0 0 6.5 17 340 M M 1 1 22 340
17 60 28 44 M 21 0 0.00 0.0 0 0.7 6 160 M M 0 3 M M
18 67 36 52 M 13 0 0.00 0.0 0 5.0 12 150 M M 5 1 21 140
19 67 50 59 M 6 0 0.15 M 0 5.3 12 330 M M 7 1 20 320
20 68 37 53 M 12 0 0.00 0.0 0 1.6 9 340 M M 2 12 M M
21 74 36 55 M 10 0 0.00 0.0 0 2.8 12 200 M M 0 M M
22 73 40 57 M 8 0 0.00 0.0 0 5.4 14 190 M M 4 12 20 160
23 80 52 66 M 0 1 0.00 0.0 0 10.3 25 340 M M 6 1 33 260
24 55 36 46 M 19 0 0.00 0.0 0 13.5 27 340 M M 1 37 340
25 67 37 52 M 13 0 M M M 1.9 6 290 M M 0 M M
26 70 35 53 M 12 0 0.00 0.0 0 4.5 13 180 M M 0 8 20 160
27 77 52 65 M 0 0 M 0.0 0 7.7 20 210 M M 3 28 210
28 77 54 66 M 0 1 0.00 0.0 0 4.1 9 120 M M 7 12 M M
29 76 58 67 M 0 2 0.00 0.0 0 11.4 20 140 M M 8 25 140
30 80 49 65 M 0 0 0.85 0.0 0 11.2 17 350 M M 10 30 180
31 50 41 46 M 19 0 1.60 0.0 0 11.0 15 250 M M 10 3 22 360
================================================================================
SM 2058 1290 336 5 3.13 0.0 178.1 M 123
================================================================================
AV 66.4 41.6 5.7 FASTST M M 4 MAX(MPH)
MISC ----> 29 330 41 330
================================================================================
NOTES:
# LAST OF SEVERAL OCCURRENCES
COLUMN 17 PEAK WIND IN M.P.H.
PRELIMINARY LOCAL CLIMATOLOGICAL DATA (WS FORM: F-6) , PAGE 2
STATION: BRENHAM
MONTH: DECEMBER
YEAR: 2020
LATITUDE: 30 13 N
LONGITUDE: 96 22 W
[TEMPERATURE DATA] [PRECIPITATION DATA] SYMBOLS USED IN COLUMN 16
AVERAGE MONTHLY: 54.0 TOTAL FOR MONTH: 3.13 1 = FOG OR MIST
DPTR FM NORMAL: 1.6 DPTR FM NORMAL: -0.54 2 = FOG REDUCING VISIBILITY
HIGHEST: 82 ON 9 GRTST 24HR 1.60 ON 31-31 TO 1/4 MILE OR LESS
LOWEST: 25 ON 1 3 = THUNDER
SNOW, ICE PELLETS, HAIL 4 = ICE PELLETS
TOTAL MONTH: 0.0 INCH 5 = HAIL
GRTST 24HR 0.0 6 = FREEZING RAIN OR DRIZZLE
GRTST DEPTH: 0 7 = DUSTSTORM OR SANDSTORM:
VSBY 1/2 MILE OR LESS
8 = SMOKE OR HAZE
[NO. OF DAYS WITH] [WEATHER - DAYS WITH] 9 = BLOWING SNOW
X = TORNADO
MAX 32 OR BELOW: 0 0.01 INCH OR MORE: 6
MAX 90 OR ABOVE: 0 0.10 INCH OR MORE: 6
MIN 32 OR BELOW: 2 0.50 INCH OR MORE: 2
MIN 0 OR BELOW: 0 1.00 INCH OR MORE: 1
[HDD (BASE 65) ]
TOTAL THIS MO. 336 CLEAR (SCALE 0-3) 15
DPTR FM NORMAL M PTCLDY (SCALE 4-7) 12
TOTAL FM JUL 1 497 CLOUDY (SCALE 8-10) 4
DPTR FM NORMAL M
[CDD (BASE 65) ]
TOTAL THIS MO. 5
DPTR FM NORMAL M [PRESSURE DATA]
TOTAL FM JAN 1 3352 HIGHEST SLP M ON M
DPTR FM NORMAL M LOWEST SLP M ON M
[REMARKS]
#FINAL-12-20#