000
CXUS55 KBOU 010900
CF620V
PRELIMINARY LOCAL CLIMATOLOGICAL DATA (WS FORM: F-6)
STATION: KREMMLING
MONTH: JUNE
YEAR: 2021
LATITUDE: 40 3 N
LONGITUDE: 106 22 W
TEMPERATURE IN F: :PCPN: SNOW: WIND :SUNSHINE: SKY :PK WND
================================================================================
1 2 3 4 5 6A 6B 7 8 9 10 11 12 13 14 15 16 17 18
12Z AVG MX 2MIN
DY MAX MIN AVG DEP HDD CDD WTR SNW DPTH SPD SPD DIR MIN PSBL S-S WX SPD DR
================================================================================
1 68 34 51 M 14 0 0.00 M M 3.5 15 40 M M 4 23 40
2 73 41 57 M 8 0 0.00 M M 3.9 20 340 M M 3 24 340
3 81 36 59 M 6 0 0.00 M M 3.3 13 20 M M 1 18 10
4 86 37 62 M 3 0 0.00 M M 2.3 12 360 M M 0 21 360
5 82 39 61 M 4 0 0.00 M M 4.4 15 130 M M 1 21 290
6 79 39 59 M 6 0 0.12 M M 2.9 12 350 M M 2 20 130
7 81 37 59 M 6 0 0.00 M M 2.7 18 140 M M 0 28 140
8 82 37 60 M 5 0 0.00 M M 5.1 20 260 M M 0 30 260
9 86 34 60 M 5 0 0.00 M M 2.2 9 100 M M 0 16 310
10 86 39 63 M 2 0 0.00 M M 9.6 25 260 M M 1 41 260
11 81 36 59 M 6 0 0.00 M M 5.6 22 340 M M 0 28 340
12 88 34 61 M 4 0 0.00 M M 3.7 17 240 M M 0 21 240
13 90 36 63 M 2 0 0.00 M M 3.0 12 260 M M 0 24 250
14 93 39 66 M 0 1 0.00 M M 2.3 13 240 M M 0 21 200
15 93 39 66 M 0 1 0.00 M M 2.7 14 330 M M 0 16 330
16 91 41 66 M 0 1 0.00 M M 2.3 12 330 M M 0 23 300
17 93 41 67 M 0 2 0.00 M M 3.5 13 270 M M 0 22 150
18 86 46 66 M 0 1 0.00 M M 4.7 21 200 M M 0 29 190
19 81 50 66 M 0 1 0.00 M M 5.5 16 220 M M 3 32 290
20 88 41 65 M 0 0 0.00 M M 7.6 21 260 M M 1 31 260
21 79 43 61 M 4 0 0.00 M M 7.5 18 350 M M 0 28 320
22 88 37 63 M 2 0 0.00 M M 2.9 14 330 M M 1 22 300
23 82 43 63 M 2 0 0.00 M M 4.7 15 250 M M 2 22 210
24 73 50 62 M 3 0 0.01 M M 4.2 14 330 M M 6 31 220
25 68 45 57 M 8 0 0.07 M M 2.8 13 10 M M 8 3 22 10
26 68 48 58 M 7 0 0.00 M M 4.5 15 330 M M 9 28 330
27 72 43 58 M 7 0 0.02 M M 3.3 15 350 M M 6 30 350
28 73 37 55 M 10 0 0.00 M M 3.7 16 100 M M 5 1 23 90
29 79 37 58 M 7 0 0.00 M M 4.2 15 250 M M 3 23 0
30 79 43 61 M 4 0 0.15 M M 3.8 12 360 M M 6 3 20 340
================================================================================
SM 2449 1202 125 7 0.37 M 122.3 M 62
================================================================================
AV 81.6 40.1 4.1 FASTST M M 2 MAX(MPH)
MISC ----> 25 260 41 260
================================================================================
NOTES:
# LAST OF SEVERAL OCCURRENCES
COLUMN 17 PEAK WIND IN M.P.H.
PRELIMINARY LOCAL CLIMATOLOGICAL DATA (WS FORM: F-6) , PAGE 2
STATION: KREMMLING
MONTH: JUNE
YEAR: 2021
LATITUDE: 40 3 N
LONGITUDE: 106 22 W
[TEMPERATURE DATA] [PRECIPITATION DATA] SYMBOLS USED IN COLUMN 16
AVERAGE MONTHLY: 60.9 TOTAL FOR MONTH: 0.37 1 = FOG OR MIST
DPTR FM NORMAL: 0.0 DPTR FM NORMAL: M 2 = FOG REDUCING VISIBILITY
HIGHEST: 93 ON 17,15 GRTST 24HR 0.15 ON 30-30 TO 1/4 MILE OR LESS
LOWEST: 34 ON 12, 9 3 = THUNDER
SNOW, ICE PELLETS, HAIL 4 = ICE PELLETS
TOTAL MONTH: M 5 = HAIL
GRTST 24HR M ON M 6 = FREEZING RAIN OR DRIZZLE
GRTST DEPTH: M ON M 7 = DUSTSTORM OR SANDSTORM:
VSBY 1/2 MILE OR LESS
8 = SMOKE OR HAZE
[NO. OF DAYS WITH] [WEATHER - DAYS WITH] 9 = BLOWING SNOW
X = TORNADO
MAX 32 OR BELOW: 0 0.01 INCH OR MORE: 5
MAX 90 OR ABOVE: 5 0.10 INCH OR MORE: 2
MIN 32 OR BELOW: 0 0.50 INCH OR MORE: 0
MIN 0 OR BELOW: 0 1.00 INCH OR MORE: 0
[HDD (BASE 65) ]
TOTAL THIS MO. 125 CLEAR (SCALE 0-3) 22
DPTR FM NORMAL M PTCLDY (SCALE 4-7) 7
TOTAL FM JUL 1 8639 CLOUDY (SCALE 8-10) 1
DPTR FM NORMAL M
[CDD (BASE 65) ]
TOTAL THIS MO. 7
DPTR FM NORMAL M [PRESSURE DATA]
TOTAL FM JAN 1 7 HIGHEST SLP M ON M
DPTR FM NORMAL M LOWEST SLP M ON M
[REMARKS]
#FINAL-06-21#