000
CXUS53 KUNR 011030
CF62WX
PRELIMINARY LOCAL CLIMATOLOGICAL DATA (WS FORM: F-6)
STATION: BUFFALO SD
MONTH: FEBRUARY
YEAR: 2023
LATITUDE: 45 35 N
LONGITUDE: 103 33 W
TEMPERATURE IN F: :PCPN: SNOW: WIND :SUNSHINE: SKY :PK WND
================================================================================
1 2 3 4 5 6A 6B 7 8 9 10 11 12 13 14 15 16 17 18
12Z AVG MX 2MIN
DY MAX MIN AVG DEP HDD CDD WTR SNW DPTH SPD SPD DIR MIN PSBL S-S WX SPD DR
================================================================================
1 36 14 25 4 40 0 0.00 M M 11.7 21 270 M M M 25 270
2 29 9 19 -2 46 0 0.00 M M 12.4 23 350 M M M 27 340
3 47 10 29 8 36 0 0.00 M M 9.6 22 260 M M M 27 250
4 49 32 41 20 24 0 0.00 M M 15.8 28 280 M M M 34 290
5 48 28 38 17 27 0 0.00 M M 9.7 23 150 M M M 30 150
6 41 29 35 13 30 0 0.01 M M 19.8 37 310 M M M 46 310
7 49 28 39 17 26 0 0.00 M M 14.5 24 280 M M M 29 290
8 49 30 40 18 25 0 0.00 M M 14.9 31 300 M M M 39 310
9 37 22 30 8 35 0 0.00 M M 15.7 37 340 M M M 48 340
10 54 20 37 15 28 0 0.00 M M 12.2 23 250 M M M 28 250
11 53 27 40 18 25 0 0.00 M M 5.6 15 340 M M M 18 340
12 49 26 38 16 27 0 0.00 M M 11.7 25 290 M M M 32 290
13 60 32 46 23 19 0 0.00 M M 8.6 18 220 M M M 23 230
14 38 12 25 2 40 0 0.01 M M 24.8 40 330 M M M 50 330
15 23 4 14 -9 51 0 0.00 M M 15.8 38 320 M M M 46 310
16 34 11 23 0 42 0 0.00 M M 7.8 14 270 M M M 16 300
17 44 21 33 9 32 0 0.00 M M 14.2 30 280 M M M 37 280
18 49 22 36 12 29 0 0.00 M M 11.9 32 300 M M M 39 290
19 42 21 32 8 33 0 0.00 M M 13.7 25 260 M M M 33 260
20 34 17 26 2 39 0 0.00 M M 17.2 30 320 M M M 38 320
21 19 -2 9 -16 56 0 0.27 M M 19.1 30 50 M M M 39 50
22 -2 -8 -5 -30 70 0 0.22 M M 15.3 22 40 M M M 29 30
23 -4 -15 -9 -34 74 0 0.03 M M 4.9 14 10 M M M 17 20
24 0 -18 -9 -35 74 0 0.00 M M 8.2 16 190 M M M 20 200
25 39 0 20 -6 45 0 0.00 M M 10.7 18 240 M M M 22 240
26 49 15 32 6 33 0 0.00 M M 4.6 12 160 M M M 15 180
27 40 23 32 5 33 0 0.00 M M 14.7 37 320 M M M 48 330
28 35 22 29 2 36 0 0.01 M M 11.4 22 120 M M M 29 120
================================================================================
SM 1041 432 1075 0 0.55 M 356.5 M M
================================================================================
AV 37.2 15.4 12.7 FASTST M M M MAX(MPH)
MISC ----> 40 330 50 330
================================================================================
NOTES:
# LAST OF SEVERAL OCCURRENCES
COLUMN 17 PEAK WIND IN M.P.H.
PRELIMINARY LOCAL CLIMATOLOGICAL DATA (WS FORM: F-6) , PAGE 2
STATION: BUFFALO SD
MONTH: FEBRUARY
YEAR: 2023
LATITUDE: 45 35 N
LONGITUDE: 103 33 W
[TEMPERATURE DATA] [PRECIPITATION DATA] SYMBOLS USED IN COLUMN 16
AVERAGE MONTHLY: 26.3 TOTAL FOR MONTH: 0.55 1 = FOG OR MIST
DPTR FM NORMAL: 3.0 DPTR FM NORMAL: 0.14 2 = FOG REDUCING VISIBILITY
HIGHEST: 60 ON 13 GRTST 24HR 0.97 ON 16-17 TO 1/4 MILE OR LESS
LOWEST: -18 ON 24 3 = THUNDER
SNOW, ICE PELLETS, HAIL 4 = ICE PELLETS
TOTAL MONTH: M 5 = HAIL
GRTST 24HR M ON M 6 = FREEZING RAIN OR DRIZZLE
GRTST DEPTH: M ON M 7 = DUSTSTORM OR SANDSTORM:
VSBY 1/2 MILE OR LESS
8 = SMOKE OR HAZE
[NO. OF DAYS WITH] [WEATHER - DAYS WITH] 9 = BLOWING SNOW
X = TORNADO
MAX 32 OR BELOW: 6 0.01 INCH OR MORE: 6
MAX 90 OR ABOVE: 0 0.10 INCH OR MORE: 2
MIN 32 OR BELOW: 28 0.50 INCH OR MORE: 0
MIN 0 OR BELOW: 5 1.00 INCH OR MORE: 0
[HDD (BASE 65) ]
TOTAL THIS MO. 1075 CLEAR (SCALE 0-3) 0
DPTR FM NORMAL -91 PTCLDY (SCALE 4-7) 0
TOTAL FM JUL 1 5305 CLOUDY (SCALE 8-10) 28
DPTR FM NORMAL -296
[CDD (BASE 65) ]
TOTAL THIS MO. 0
DPTR FM NORMAL 0 [PRESSURE DATA]
TOTAL FM JAN 1 0 HIGHEST SLP 30.66 ON 23
DPTR FM NORMAL 0 LOWEST SLP 29.17 ON 14
[REMARKS]
#FINAL-02-23#