000
CXUS54 KEWX 011010
CF63T5
PRELIMINARY LOCAL CLIMATOLOGICAL DATA (WS FORM: F-6)
STATION: LA GRANGE
MONTH: MAY
YEAR: 2022
LATITUDE: 29 54 N
LONGITUDE: 96 57 W
TEMPERATURE IN F: :PCPN: SNOW: WIND :SUNSHINE: SKY :PK WND
================================================================================
1 2 3 4 5 6A 6B 7 8 9 10 11 12 13 14 15 16 17 18
12Z AVG MX 2MIN
DY MAX MIN AVG DEP HDD CDD WTR SNW DPTH SPD SPD DIR MIN PSBL S-S WX SPD DR
================================================================================
1 89 72 81 M 0 16 0.00 M M 5.6 12 150 M M 7 1 20 150
2 89 74 82 M 0 17 0.00 M M 11.7 25 160 M M 8 37 160
3 91 75 83 M 0 18 0.00 M M 7.0 12 150 M M 5 17 180
4 90 75 83 M 0 18 0.00 M M 8.7 16 170 M M 8 1 28 170
5 88 70 79 M 0 14 0.13 M M 9.6 26 160 M M 7 1 35 160
6 95 62 79 M 0 14 0.02 M M 3.1 8 170 M M 3 1 16 160
7 95 74 85 M 0 20 0.00 M M 8.1 14 180 M M 6 18 22 180
8 97 75 86 M 0 21 0.00 M M 11.2 17 160 M M 7 18 24 180
9 95 78 87 M 0 22 0.00 M M 9.9 18 160 M M 6 24 160
10 94 74 84 M 0 19 0.00 M M 8.5 14 140 M M 6 1 21 150
11 93 72 83 M 0 18 0.00 M M 5.7 13 150 M M 4 1 18 140
12 94 67 81 M 0 16 0.00 M M 5.7 13 170 M M 3 1 17 160
13 92 66 79 M 0 14 0.00 M M 5.5 12 190 M M 3 16 170
14 94 69 82 M 0 17 0.00 M M 5.6 13 190 M M 1 18 16 240
15 95 70 83 M 0 18 0.00 M M 6.0 12 170 M M 3 18 18 190
16 96 73 85 M 0 20 0.00 M M 6.1 15 200 M M 3 8 17 190
17 98 71 85 M 0 20 0.00 M M 8.5 15 180 M M 4 1 22 160
18 99 74 87 M 0 22 0.00 M M 11.9 17 180 M M 4 25 200
19 97 75 86 M 0 21 0.00 M M 12.1 22 180 M M 5 1 29 180
20 98 76 87 M 0 22 0.00 M M 12.0 21 180 M M 5 30 170
21 99 78 89 M 0 24 0.05 M M 9.1 15 170 M M 6 1 22 170
22 82 64 73 M 0 8 0.16 M M 6.7 12 30 M M 4 3 22 30
23 89 67 78 M 0 13 0.02 M M 4.7 8 120 M M 7 17 140
24 87 65 76 M 0 11 0.19 M M 8.0 16 170 M M 5 1 40 170
25 84 63 74 M 0 9 0.46 M M 6.9 24 330 M M 3 35 330
26 95 62 79 M 0 14 0.00 M M 4.3 10 200 M M 0 17 200
27 98 69 84 M 0 19 0.00 M M 2.6 12 230 M M 3 8 M M
28 98 70 84 M 0 19 0.00 M M 7.5 14 170 M M 7 128 21 160
29 96 76 86 M 0 21 0.00 M M 11.8 18 180 M M 8 8 27 180
30 96 77 87 M 0 22 0.00 M M 12.6 22 190 M M 7 29 190
31 98 79 89 M 0 24 0.00 M M 10.3 15 160 M M 6 23 170
================================================================================
SM 2901 2212 0 551 1.03 M 246.9 M 154
================================================================================
AV 93.6 71.4 8.0 FASTST M M 5 MAX(MPH)
MISC ----> 26 160 40 170
================================================================================
NOTES:
# LAST OF SEVERAL OCCURRENCES
COLUMN 17 PEAK WIND IN M.P.H.
PRELIMINARY LOCAL CLIMATOLOGICAL DATA (WS FORM: F-6) , PAGE 2
STATION: LA GRANGE
MONTH: MAY
YEAR: 2022
LATITUDE: 29 54 N
LONGITUDE: 96 57 W
[TEMPERATURE DATA] [PRECIPITATION DATA] SYMBOLS USED IN COLUMN 16
AVERAGE MONTHLY: 82.5 TOTAL FOR MONTH: 1.03 1 = FOG OR MIST
DPTR FM NORMAL: 0.0 DPTR FM NORMAL: M 2 = FOG REDUCING VISIBILITY
HIGHEST: 99 ON 21,18 GRTST 24HR 0.46 ON 25-25 TO 1/4 MILE OR LESS
LOWEST: 62 ON 26, 6 3 = THUNDER
SNOW, ICE PELLETS, HAIL 4 = ICE PELLETS
TOTAL MONTH: M 5 = HAIL
GRTST 24HR M ON M 6 = FREEZING RAIN OR DRIZZLE
GRTST DEPTH: M ON M 7 = DUSTSTORM OR SANDSTORM:
VSBY 1/2 MILE OR LESS
8 = SMOKE OR HAZE
[NO. OF DAYS WITH] [WEATHER - DAYS WITH] 9 = BLOWING SNOW
X = TORNADO
MAX 32 OR BELOW: 0 0.01 INCH OR MORE: 7
MAX 90 OR ABOVE: 24 0.10 INCH OR MORE: 4
MIN 32 OR BELOW: 0 0.50 INCH OR MORE: 0
MIN 0 OR BELOW: 0 1.00 INCH OR MORE: 0
[HDD (BASE 65) ]
TOTAL THIS MO. 0 CLEAR (SCALE 0-3) 8
DPTR FM NORMAL M PTCLDY (SCALE 4-7) 21
TOTAL FM JUL 1 1275 CLOUDY (SCALE 8-10) 2
DPTR FM NORMAL M
[CDD (BASE 65) ]
TOTAL THIS MO. 551
DPTR FM NORMAL M [PRESSURE DATA]
TOTAL FM JAN 1 900 HIGHEST SLP M ON M
DPTR FM NORMAL M LOWEST SLP M ON M
[REMARKS]
#FINAL-05-22#