000
CXUS54 KEWX 011010
CF63T5
PRELIMINARY LOCAL CLIMATOLOGICAL DATA (WS FORM: F-6)
STATION: LA GRANGE
MONTH: JULY
YEAR: 2020
LATITUDE: 29 54 N
LONGITUDE: 96 57 W
TEMPERATURE IN F: :PCPN: SNOW: WIND :SUNSHINE: SKY :PK WND
================================================================================
1 2 3 4 5 6A 6B 7 8 9 10 11 12 13 14 15 16 17 18
12Z AVG MX 2MIN
DY MAX MIN AVG DEP HDD CDD WTR SNW DPTH SPD SPD DIR MIN PSBL S-S WX SPD DR
================================================================================
1 98 80 89 M 0 24 0.00 M M 10.7 16 160 M M 6 1 23 200
2 98 80 89 M 0 24 0.00 M M 7.5 13 210 M M 3 18 20 200
3 98 77 88 M 0 23 0.00 M M 4.6 9 240 M M 2 1 M M
4 101 74 88 M 0 23 0.00 M M 5.2 10 160 M M 2 8 M M
5 99 76 88 M 0 23 0.00 M M 7.2 12 170 M M 2 18 170
6 99 80 90 M 0 25 0.00 M M 8.1 16 190 M M 5 12 21 190
7 97 81 89 M 0 24 0.00 M M 8.8 16 160 M M 6 21 160
8 99 81 90 M 0 25 0.00 M M 9.4 15 160 M M 5 1 21 190
9 99 80 90 M 0 25 0.00 M M 9.6 14 150 M M 5 1 23 200
10 101 78 90 M 0 25 0.00 M M 8.3 13 180 M M 5 20 220
11 101 78 90 M 0 25 0.00 M M 7.0 10 190 M M 2 18 190
12 102 80 91 M 0 26 0.00 M M 5.9 10 180 M M 4 16 180
13 104 78 91 M 0 26 0.00 M M 9.3 16 160 M M 1 21 190
14 103 78 91 M 0 26 0.00 M M 10.0 16 160 M M 3 22 150
15 101 80 91 M 0 26 0.00 M M 10.6 17 190 M M 4 21 190
16 101 78 90 M 0 25 0.00 M M 5.4 10 170 M M 4 1 M M
17 99 77 88 M 0 23 0.00 M M 4.6 12 150 M M 4 18 18 130
18 98 74 86 M 0 21 0.00 M M 5.1 12 140 M M 4 1 16 150
19 99 73 86 M 0 21 0.00 M M 4.4 12 160 M M 3 20 160
20 97 74 86 M 0 21 0.00 M M 4.7 12 120 M M 3 1 17 110
21 93 78 86 M 0 21 0.00 M M 4.6 13 140 M M 8 17 140
22 96 77 87 M 0 22 0.00 M M 3.6 12 130 M M 5 8 17 130
23 101 76 89 M 0 24 0.00 M M 2.8 9 100 M M 2 17 80
24 99 78 89 M 0 24 0.00 M M 6.1 12 90 M M 4 138 18 60
25 90 76 83 M 0 18 0.76 M M 5.8 12 60 M M 6 16 60
26 86 75 81 M 0 16 0.27 M M 4.7 8 90 M M 7 M M
27 94 76 85 M 0 20 0.02 M M 3.2 10 130 M M 6 1 16 130
28 93 77 85 M 0 20 0.04 M M 3.1 9 170 M M 5 12 M M
29 93 75 84 M 0 19 0.00 M M 6.3 15 180 M M 5 21 170
30 96 76 86 M 0 21 0.00 M M 8.8 17 180 M M 4 23 170
31 98 77 88 M 0 23 0.00 M M 5.1 10 200 M M 4 M M
================================================================================
SM 3033 2398 0 709 1.09 M 200.5 M 129
================================================================================
AV 97.8 77.4 6.5 FASTST M M 4 MAX(MPH)
MISC ----> # 17 190 # 23 200
================================================================================
NOTES:
# LAST OF SEVERAL OCCURRENCES
COLUMN 17 PEAK WIND IN M.P.H.
PRELIMINARY LOCAL CLIMATOLOGICAL DATA (WS FORM: F-6) , PAGE 2
STATION: LA GRANGE
MONTH: JULY
YEAR: 2020
LATITUDE: 29 54 N
LONGITUDE: 96 57 W
[TEMPERATURE DATA] [PRECIPITATION DATA] SYMBOLS USED IN COLUMN 16
AVERAGE MONTHLY: 87.6 TOTAL FOR MONTH: 1.09 1 = FOG OR MIST
DPTR FM NORMAL: M DPTR FM NORMAL: M 2 = FOG REDUCING VISIBILITY
HIGHEST: 104 ON 13 GRTST 24HR 0.76 ON 25-25 TO 1/4 MILE OR LESS
LOWEST: 73 ON 19 3 = THUNDER
SNOW, ICE PELLETS, HAIL 4 = ICE PELLETS
TOTAL MONTH: M 5 = HAIL
GRTST 24HR M ON M 6 = FREEZING RAIN OR DRIZZLE
GRTST DEPTH: M ON M 7 = DUSTSTORM OR SANDSTORM:
VSBY 1/2 MILE OR LESS
8 = SMOKE OR HAZE
[NO. OF DAYS WITH] [WEATHER - DAYS WITH] 9 = BLOWING SNOW
X = TORNADO
MAX 32 OR BELOW: 0 0.01 INCH OR MORE: 4
MAX 90 OR ABOVE: 30 0.10 INCH OR MORE: 2
MIN 32 OR BELOW: 0 0.50 INCH OR MORE: 1
MIN 0 OR BELOW: 0 1.00 INCH OR MORE: 0
[HDD (BASE 65) ]
TOTAL THIS MO. 0 CLEAR (SCALE 0-3) 8
DPTR FM NORMAL M PTCLDY (SCALE 4-7) 23
TOTAL FM JUL 1 0 CLOUDY (SCALE 8-10) 0
DPTR FM NORMAL M
[CDD (BASE 65) ]
TOTAL THIS MO. 709
DPTR FM NORMAL M [PRESSURE DATA]
TOTAL FM JAN 1 1845 HIGHEST SLP M ON M
DPTR FM NORMAL M LOWEST SLP M ON M
[REMARKS]
#FINAL-07-20#