000
CXUS55 KABR 020739
CF68D3
PRELIMINARY LOCAL CLIMATOLOGICAL DATA (WS FORM: F-6)
STATION: SISSETON SD
MONTH: FEBRUARY
YEAR: 2021
LATITUDE: 45 40 N
LONGITUDE: 96 59 W
TEMPERATURE IN F: :PCPN: SNOW: WIND :SUNSHINE: SKY :PK WND
================================================================================
1 2 3 4 5 6A 6B 7 8 9 10 11 12 13 14 15 16 17 18
12Z AVG MX 2MIN
DY MAX MIN AVG DEP HDD CDD WTR SNW DPTH SPD SPD DIR MIN PSBL S-S WX SPD DR
================================================================================
1 28 11 20 6 45 0 0.00 0.0 T 5.9 14 170 M M 0 17 180
2 26 21 24 10 41 0 0.00 0.0 T 15.4 23 150 M M 0 28 160
3 32 23 28 13 37 0 T T T 13.8 30 310 M M 0 42 310
4 23 7 15 0 50 0 T T T 23.9 31 310 M M 0 39 300
5 16 1 9 -6 56 0 T T T 18.8 28 310 M M 0 34 310
6 1 -9 -4 -19 69 0 T T T 16.5 26 320 M M 0 33 290
7 -3 -13 -8 -24 73 0 0.01 0.1 T 5.5 13 340 M M 0 16 340
8 6 -15 -4 -20 69 0 0.00 0.0 T 5.8 14 260 M M 0 19 260
9 11 -2 5 -11 60 0 0.00 0.0 T 11.4 20 280 M M 0 26 300
10 8 -7 1 -15 64 0 0.00 0.0 T 8.0 17 300 M M 0 23 290
11 0 -10 -5 -22 70 0 0.02 T T 9.5 18 320 M M 0 25 330
12 1 -15 -7 -24 72 0 0.00 0.0 T 6.2 17 250 M M 0 23 270
13 1 -16 -7 -24 72 0 0.00 0.0 T 9.0 20 330 M M 0 26 340
14 -1 -19 -10 -28 75 0 0.00 0.0 T 7.8 14 320 M M 0 22 280
15 4 -15 -5 -23 70 0 0.00 0.0 T 6.0 17 140 M M 0 22 140
16 8 -16 -4 -22 69 0 0.00 0.0 T 7.7 16 130 M M 0 23 120
17 10 -1 5 -14 60 0 0.03 0.5 T 5.5 12 140 M M 0 14 150
18 17 -5 6 -13 59 0 T T 1 5.2 15 310 M M 0 17 310
19 25 -4 11 -8 54 0 0.00 0.0 1 7.3 17 210 M M 0 25 220
20 36 5 21 1 44 0 0.00 0.0 1 12.5 21 190 M M 0 28 180
21 44 25 35 15 30 0 0.02 T 1 7.6 17 230 M M 0 22 240
22 54 34 44 24 21 0 0.00 0.0 0 18.2 31 310 M M 0 40 320
23 44 32 38 17 27 0 0.01 T 0 9.2 26 360 M M 0 34 10
24 38 22 30 9 35 0 0.02 0.4 T 11.8 29 10 M M 0 38 330
25 44 19 32 10 33 0 0.00 0.0 0 14.1 28 190 M M 0 40 190
26 51 33 42 20 23 0 0.00 0.0 0 17.4 37 190 M M 0 51 180
27 37 18 28 5 37 0 0.00 0.0 0 9.4 17 340 M M 0 22 340
28 34 12 23 0 42 0 0.01 0.1 T 14.9 26 340 M M 0 32 340
================================================================================
SM 595 116 1457 0 0.12 1.1 304.3 M 0
================================================================================
AV 21.3 4.1 10.9 FASTST M M 0 MAX(MPH)
MISC ----> 37 190 51 180
================================================================================
NOTES:
# LAST OF SEVERAL OCCURRENCES
COLUMN 17 PEAK WIND IN M.P.H.
PRELIMINARY LOCAL CLIMATOLOGICAL DATA (WS FORM: F-6) , PAGE 2
STATION: SISSETON SD
MONTH: FEBRUARY
YEAR: 2021
LATITUDE: 45 40 N
LONGITUDE: 96 59 W
[TEMPERATURE DATA] [PRECIPITATION DATA] SYMBOLS USED IN COLUMN 16
AVERAGE MONTHLY: 12.7 TOTAL FOR MONTH: 0.12 1 = FOG OR MIST
DPTR FM NORMAL: -5.4 DPTR FM NORMAL: -0.31 2 = FOG REDUCING VISIBILITY
HIGHEST: 54 ON 22 GRTST 24HR 0.03 ON 17-17 TO 1/4 MILE OR LESS
LOWEST: -19 ON 14 3 = THUNDER
SNOW, ICE PELLETS, HAIL 4 = ICE PELLETS
TOTAL MONTH: 1.1 INCHES 5 = HAIL
GRTST 24HR 0.5 ON 17-17 6 = FREEZING RAIN OR DRIZZLE
GRTST DEPTH: 1 ON 21,20 7 = DUSTSTORM OR SANDSTORM:
VSBY 1/2 MILE OR LESS
8 = SMOKE OR HAZE
[NO. OF DAYS WITH] [WEATHER - DAYS WITH] 9 = BLOWING SNOW
X = TORNADO
MAX 32 OR BELOW: 19 0.01 INCH OR MORE: 7
MAX 90 OR ABOVE: 0 0.10 INCH OR MORE: 0
MIN 32 OR BELOW: 26 0.50 INCH OR MORE: 0
MIN 0 OR BELOW: 14 1.00 INCH OR MORE: 0
[HDD (BASE 65) ]
TOTAL THIS MO. 1457 CLEAR (SCALE 0-3) 28
DPTR FM NORMAL 144 PTCLDY (SCALE 4-7) 0
TOTAL FM JUL 1 5672 CLOUDY (SCALE 8-10) 0
DPTR FM NORMAL -587
[CDD (BASE 65) ]
TOTAL THIS MO. 0
DPTR FM NORMAL 0 [PRESSURE DATA]
TOTAL FM JAN 1 0 HIGHEST SLP 30.93 ON 14
DPTR FM NORMAL 0 LOWEST SLP 29.47 ON 22
[REMARKS]
#FINAL-02-21#