000
CXUS52 KTAE 010900
CF6AAF
PRELIMINARY LOCAL CLIMATOLOGICAL DATA (WS FORM: F-6)
STATION: APALACHICOLA
MONTH: DECEMBER
YEAR: 2023
LATITUDE: 29 43 N
LONGITUDE: 85 2 W
TEMPERATURE IN F: :PCPN: SNOW: WIND :SUNSHINE: SKY :PK WND
================================================================================
1 2 3 4 5 6A 6B 7 8 9 10 11 12 13 14 15 16 17 18
12Z AVG MX 2MIN
DY MAX MIN AVG DEP HDD CDD WTR SNW DPTH SPD SPD DIR MIN PSBL S-S WX SPD DR
================================================================================
1 74 59 67 8 0 2 0.44 0.0 0 8.8 16 150 M M 5 1 25 150
2 73 66 70 11 0 5 3.41 M M 7.0 21 290 M M 10 13 34 280
3 74 66 70 12 0 5 0.55 M M 4.8 16 330 M M 7 123 24 340
4 71 55 63 5 2 0 0.00 M M 4.5 12 280 M M 2 12 17 270
5 65 49 57 -1 8 0 0.00 0.0 M 5.0 13 290 M M 0 16 290
6 62 40 51 -7 14 0 0.00 0.0 M 6.8 22 20 M M 0 28 20
7 61 39 50 -8 15 0 0.00 M M 4.5 12 110 M M 0 8 18 70
8 68 49 59 1 6 0 0.00 0.0 M 6.6 16 100 M M 5 25 100
9 75 63 69 11 0 4 0.00 0.0 M 8.4 15 140 M M 8 22 140
10 70 49 60 3 5 0 1.26 0.0 0 11.7 29 310 M M 8 13 41 300
11 62 40 51 -6 14 0 0.00 0.0 0 6.6 16 20 M M 0 23 340
12 62 39 51 -6 14 0 0.00 0.0 0 8.6 14 50 M M 0 20 80
13 68 48 58 1 7 0 0.00 0.0 0 11.7 18 60 M M 1 28 50
14 69 52 61 4 4 0 0.00 0.0 0 12.2 18 40 M M 2 27 50
15 67 51 59 2 6 0 0.00 0.0 0 11.8 18 60 M M 1 29 80
16 63 56 60 4 5 0 1.10 0.0 0 11.6 18 50 M M 8 1 32 90
17 67 53 60 4 5 0 0.74 0.0 0 14.8 26 20 M M 9 1 40 40
18 62 46 54 -2 11 0 0.00 0.0 0 9.7 17 310 M M 0 26 320
19 58 39 49 -7 16 0 0.00 0.0 M 8.0 18 20 M M 0 26 20
20 59 37 48 -8 17 0 0.00 0.0 M 7.7 14 60 M M 0 19 60
21 65 42 54 -2 11 0 0.00 0.0 M 7.3 14 70 M M 1 21 70
22 67 48 58 2 7 0 0.00 0.0 M 6.4 14 110 M M 0 18 100
23 69 50 60 4 5 0 0.00 0.0 M 7.2 14 110 M M 0 21 100
24 66 57 62 7 3 0 0.09 0.0 0 9.7 16 100 M M 2 27 90
25 70 61 66 11 0 1 0.61 0.0 M 11.5 25 150 M M 9 1 42 120
26 67 56 62 7 3 0 0.00 0.0 M 4.6 13 310 M M 8 1 15 300
27 63 50 57 2 8 0 0.00 0.0 M 3.0 12 260 M M 2 14 270
28 65 47 56 1 9 0 0.00 0.0 M 5.8 16 300 M M 3 22 330
29 54 39 47 -8 18 0 0.00 0.0 M 8.7 23 320 M M 2 32 320
30 60 38 49 -6 16 0 0.03 M M 5.5 18 310 M M 3 25 290
31 61 33 47 -8 18 0 0.00 0.0 0 3.5 10 190 M M 0 1 13 210
================================================================================
SM 2037 1517 247 17 8.23 0.0 244.0 M 96
================================================================================
AV 65.7 48.9 7.9 FASTST M M 3 MAX(MPH)
MISC ----> 29 310 42 120
================================================================================
NOTES:
# LAST OF SEVERAL OCCURRENCES
COLUMN 17 PEAK WIND IN M.P.H.
PRELIMINARY LOCAL CLIMATOLOGICAL DATA (WS FORM: F-6) , PAGE 2
STATION: APALACHICOLA
MONTH: DECEMBER
YEAR: 2023
LATITUDE: 29 43 N
LONGITUDE: 85 2 W
[TEMPERATURE DATA] [PRECIPITATION DATA] SYMBOLS USED IN COLUMN 16
AVERAGE MONTHLY: 57.3 TOTAL FOR MONTH: 8.23 1 = FOG OR MIST
DPTR FM NORMAL: 0.8 DPTR FM NORMAL: 4.64 2 = FOG REDUCING VISIBILITY
HIGHEST: 75 ON 9 GRTST 24HR 3.69 ON 1- 2 TO 1/4 MILE OR LESS
LOWEST: 33 ON 31 3 = THUNDER
SNOW, ICE PELLETS, HAIL 4 = ICE PELLETS
TOTAL MONTH: 0.0 INCH 5 = HAIL
GRTST 24HR 0.0 6 = FREEZING RAIN OR DRIZZLE
GRTST DEPTH: 0 7 = DUSTSTORM OR SANDSTORM:
VSBY 1/2 MILE OR LESS
8 = SMOKE OR HAZE
[NO. OF DAYS WITH] [WEATHER - DAYS WITH] 9 = BLOWING SNOW
X = TORNADO
MAX 32 OR BELOW: 0 0.01 INCH OR MORE: 9
MAX 90 OR ABOVE: 0 0.10 INCH OR MORE: 7
MIN 32 OR BELOW: 0 0.50 INCH OR MORE: 6
MIN 0 OR BELOW: 0 1.00 INCH OR MORE: 3
[HDD (BASE 65) ]
TOTAL THIS MO. 247 CLEAR (SCALE 0-3) 20
DPTR FM NORMAL -37 PTCLDY (SCALE 4-7) 8
TOTAL FM JUL 1 388 CLOUDY (SCALE 8-10) 3
DPTR FM NORMAL -60
[CDD (BASE 65) ]
TOTAL THIS MO. 17
DPTR FM NORMAL -5 [PRESSURE DATA]
TOTAL FM JAN 1 3028 HIGHEST SLP 30.48 ON 14
DPTR FM NORMAL 290 LOWEST SLP 29.64 ON 17
[REMARKS]
#FINAL-12-23#