000
CXUS56 KMFR 011710
CF6AAT
PRELIMINARY LOCAL CLIMATOLOGICAL DATA (WS FORM: F-6)
STATION: ALTURAS CA
MONTH: FEBRUARY
YEAR: 2021
LATITUDE: 41 29 N
LONGITUDE: 120 34 W
TEMPERATURE IN F: :PCPN: SNOW: WIND :SUNSHINE: SKY :PK WND
================================================================================
1 2 3 4 5 6A 6B 7 8 9 10 11 12 13 14 15 16 17 18
12Z AVG MX 2MIN
DY MAX MIN AVG DEP HDD CDD WTR SNW DPTH SPD SPD DIR MIN PSBL S-S WX SPD DR
================================================================================
1 52 33 43 11 22 0 0.01 M M 14.5 32 190 M M 7 45 190
2 42 24 33 1 32 0 0.05 M M 9.8 21 270 M M 10 1 27 260
3 35 16 26 -6 39 0 0.02 M M 7.7 22 300 M M 6 18 30 300
4 40 10 25 -7 40 0 0.00 M M 1.2 7 70 M M 0 18 11 50
5 48 13 31 -1 34 0 0.00 M M 2.3 14 290 M M 1 1 21 300
6 54 15 35 3 30 0 0.00 M M 2.6 20 290 M M 2 128 23 280
7 55 12 34 2 31 0 0.00 M M 2.2 10 270 M M 0 18 14 270
8 51 14 33 0 32 0 0.00 M M 2.2 12 270 M M 3 18 14 260
9 50 28 39 6 26 0 0.01 M M 4.2 15 270 M M 9 18 19 250
10 53 32 43 10 22 0 0.00 M M 3.2 15 260 M M 8 18 19 280
11 46 29 38 5 27 0 0.23 M M 3.0 13 190 M M 9 18 16 180
12 45 30 38 5 27 0 0.10 M M 3.8 13 260 M M 9 12 15 270
13 40 27 34 0 31 0 0.27 M M 6.7 23 300 M M 7 18 28 290
14 37 29 33 -1 32 0 0.15 M M 3.5 14 280 M M 10 1 17 280
15 42 31 37 3 28 0 0.13 M M 11.1 28 260 M M 6 1 34 260
16 39 27 33 -1 32 0 0.00 M M 8.8 18 300 M M 7 22 290
17 39 17 28 -6 37 0 0.00 M M 3.5 13 10 M M 2 18 17 20
18 37 14 26 -9 39 0 0.32 M M 4.9 14 270 M M 7 128 17 170
19 40 30 35 0 30 0 T M M 4.9 16 250 M M 9 21 250
20 39 22 31 -4 34 0 0.12 M M 5.8 17 300 M M 7 12 21 300
21 42 15 29 -6 36 0 0.00 M M 1.8 9 10 M M 2 18 12 10
22 54 19 37 2 28 0 0.00 M M 1.4 9 350 M M 0 18 14 280
23 51 25 38 2 27 0 0.00 M M 3.6 15 310 M M 1 1 19 310
24 38 16 27 -9 38 0 0.00 M M 7.4 20 20 M M 1 26 20
25 50 12 31 -5 34 0 0.00 M M 4.7 21 280 M M 2 18 26 300
26 43 17 30 -6 35 0 T M M 13.2 44 300 M M 1 55 300
27 42 21 32 -4 33 0 T M M 8.4 24 300 M M 5 39 340
28 50 13 32 -4 33 0 0.00 M M 2.7 8 150 M M 0 18 11 120
================================================================================
SM 1254 591 889 0 1.41 M 149.1 M 131
================================================================================
AV 44.8 21.1 5.3 FASTST M M 5 MAX(MPH)
MISC ----> 44 300 55 300
================================================================================
NOTES:
# LAST OF SEVERAL OCCURRENCES
COLUMN 17 PEAK WIND IN M.P.H.
PRELIMINARY LOCAL CLIMATOLOGICAL DATA (WS FORM: F-6) , PAGE 2
STATION: ALTURAS CA
MONTH: FEBRUARY
YEAR: 2021
LATITUDE: 41 29 N
LONGITUDE: 120 34 W
[TEMPERATURE DATA] [PRECIPITATION DATA] SYMBOLS USED IN COLUMN 16
AVERAGE MONTHLY: 32.9 TOTAL FOR MONTH: 1.41 1 = FOG OR MIST
DPTR FM NORMAL: -1.0 DPTR FM NORMAL: -0.04 2 = FOG REDUCING VISIBILITY
HIGHEST: 55 ON 7 GRTST 24HR 0.37 ON 12-13 TO 1/4 MILE OR LESS
LOWEST: 10 ON 4 3 = THUNDER
SNOW, ICE PELLETS, HAIL 4 = ICE PELLETS
TOTAL MONTH: M 5 = HAIL
GRTST 24HR M ON M 6 = FREEZING RAIN OR DRIZZLE
GRTST DEPTH: M ON M 7 = DUSTSTORM OR SANDSTORM:
VSBY 1/2 MILE OR LESS
8 = SMOKE OR HAZE
[NO. OF DAYS WITH] [WEATHER - DAYS WITH] 9 = BLOWING SNOW
X = TORNADO
MAX 32 OR BELOW: 0 0.01 INCH OR MORE: 11
MAX 90 OR ABOVE: 0 0.10 INCH OR MORE: 7
MIN 32 OR BELOW: 27 0.50 INCH OR MORE: 0
MIN 0 OR BELOW: 0 1.00 INCH OR MORE: 0
[HDD (BASE 65) ]
TOTAL THIS MO. 889 CLEAR (SCALE 0-3) 12
DPTR FM NORMAL 20 PTCLDY (SCALE 4-7) 10
TOTAL FM JUL 1 4387 CLOUDY (SCALE 8-10) 6
DPTR FM NORMAL -480
[CDD (BASE 65) ]
TOTAL THIS MO. 0
DPTR FM NORMAL 0 [PRESSURE DATA]
TOTAL FM JAN 1 0 HIGHEST SLP 30.63 ON 21
DPTR FM NORMAL 0 LOWEST SLP 29.72 ON 13
[REMARKS]
#FINAL-02-21#