000
CXUS55 KABQ 011408
CLMABQ
CLIMATE REPORT
NATIONAL WEATHER SERVICE ALBUQUERQUE NM
708 AM MST THU FEB 01 2024
...................................
...THE ALBUQUERQUE NM CLIMATE SUMMARY FOR THE MONTH OF JANUARY 2024...
CLIMATE NORMAL PERIOD 1991 TO 2020
CLIMATE RECORD PERIOD 1891 TO 2024
WEATHER OBSERVED NORMAL DEPART LAST YEAR`S
VALUE DATE(S) VALUE FROM VALUE DATE(S)
NORMAL
................................................................
TEMPERATURE (F)
RECORD
HIGH 69 01/05/1994
01/31/1971
LOW -17 01/07/1971
HIGHEST 61 01/30 61 0 58 01/10
LOWEST 14 01/12 10 4 17 01/27
AVG. MAXIMUM 48.5 48.4 0.1 47.3
AVG. MINIMUM 28.0 26.4 1.6 27.5
MEAN 38.3 37.4 0.9 37.4
DAYS MAX >= 90 0 0.0 0.0 0
DAYS MAX <= 32 0 0.8 -0.8 0
DAYS MIN <= 32 24 26.1 -2.1 25
DAYS MIN <= 0 0 0.0 0.0 0
PRECIPITATION (INCHES)
RECORD
MAXIMUM 1.38 2005
MINIMUM 0.00 2014
TOTALS 0.33 0.36 -0.03 0.31
DAILY AVG. 0.01 0.01 -0.00 0.01
DAYS >= .01 5 3.6 1.4 3
DAYS >= .10 1 1.4 -0.4 2
DAYS >= .50 0 0.1 -0.1 0
DAYS >= 1.00 0 0.0 0.0 0
GREATEST
24 HR. TOTAL 0.23 01/04 TO 01/04 0.18
SNOWFALL (INCHES)
RECORDS
TOTAL 9.5 1973
TOTALS 2.4 1.4 1.0 0.1
SINCE 7/1 3.4 5.4 -2.0 MM
SNOWDEPTH AVG. 0 0
DAYS >= 1.0 1 0.4 0.6 0
GREATEST
SNOW DEPTH 2 01/05 0 MM
24 HR TOTAL MM MM
DEGREE DAYS
HEATING TOTAL 822 856 -34 851
SINCE 7/1 2270 2545 -275 MM
COOLING TOTAL 0 0 0 0
SINCE 1/1 0 0 0 MM
................................................................
WIND (MPH)
AVERAGE WIND SPEED 6.1
HIGHEST WIND SPEED/DIRECTION 38/230 DATE 01/11
HIGHEST GUST SPEED/DIRECTION 51/240 DATE 01/11
SKY COVER
POSSIBLE SUNSHINE (PERCENT) MM
AVERAGE SKY COVER 0.55
NUMBER OF DAYS FAIR 9
NUMBER OF DAYS PC 15
NUMBER OF DAYS CLOUDY 7
AVERAGE RH (PERCENT) 58
WEATHER CONDITIONS. NUMBER OF DAYS WITH
THUNDERSTORM 0 MIXED PRECIP 0
HEAVY RAIN 0 RAIN 0
LIGHT RAIN 6 FREEZING RAIN 0
LT FREEZING RAIN 0 HAIL 0
HEAVY SNOW 0 SNOW 1
LIGHT SNOW 4 SLEET 0
FOG 6 FOG W/VIS <= 1/4 MILE 0
HAZE 1
- INDICATES NEGATIVE NUMBERS.
R INDICATES RECORD WAS SET OR TIED.
MM INDICATES DATA IS MISSING.
T INDICATES TRACE AMOUNT.
$$