000
CXUS53 KABR 011100
CF6ABR
PRELIMINARY LOCAL CLIMATOLOGICAL DATA (WS FORM: F-6)
STATION: ABERDEEN SD
MONTH: AUGUST
YEAR: 2022
LATITUDE: 45 27 N
LONGITUDE: 98 26 W
TEMPERATURE IN F: :PCPN: SNOW: WIND :SUNSHINE: SKY :PK WND
================================================================================
1 2 3 4 5 6A 6B 7 8 9 10 11 12 13 14 15 16 17 18
12Z AVG MX 2MIN
DY MAX MIN AVG DEP HDD CDD WTR SNW DPTH SPD SPD DIR MIN PSBL S-S WX SPD DR
================================================================================
1 85 54 70 -2 0 5 T 0.0 0 6.7 18 110 M M 1 123 26 140
2 94 68 81 9 0 16 T 0.0 0 6.5 17 150 M M 1 24 150
3 82 59 71 -1 0 6 0.00 0.0 0 9.3 22 340 M M 0 29 340
4 88 57 73 1 0 8 0.00 0.0 0 13.1 24 170 M M 0 32 170
5 98 71 85 13 0 20 0.37 0.0 0 16.1 33 270 M M 2 13 58 280
6 77 61 69 -3 0 4 0.13 0.0 0 12.0 35 320 M M 2 3 50 300
7 72 53 63 -8 2 0 0.02 0.0 0 8.7 21 50 M M 4 26 50
8 81 48 65 -6 0 0 0.00 0.0 0 5.6 15 170 M M 0 1 20 200
9 89 57 73 2 0 8 0.00 0.0 0 7.2 16 180 M M 0 8 22 180
10 85 64 75 4 0 10 0.00 0.0 0 10.1 17 60 M M 0 25 50
11 79 66 73 2 0 8 0.00 0.0 0 10.6 22 100 M M 3 28 110
12 85 65 75 4 0 10 0.00 0.0 0 10.3 18 350 M M 2 26 350
13 77 63 70 0 0 5 0.00 0.0 0 5.7 13 40 M M 6 1 17 20
14 82 59 71 1 0 6 0.00 0.0 0 9.1 20 180 M M 2 1 26 190
15 82 63 73 3 0 8 0.00 0.0 0 9.4 16 170 M M 0 22 190
16 84 57 71 1 0 6 0.00 0.0 0 9.2 15 220 M M 2 1 20 190
17 89 57 73 3 0 8 0.00 0.0 0 8.7 17 340 M M 0 24 200
18 86 62 74 4 0 9 0.03 0.0 0 7.9 25 30 M M 2 13 37 30
19 79 61 70 1 0 5 0.28 0.0 0 13.6 30 360 M M 5 13 41 360
20 82 62 72 3 0 7 0.00 0.0 0 7.0 12 80 M M 4 12 17 50
21 84 55 70 1 0 5 0.00 0.0 0 4.5 10 180 M M 2 12 15 140
22 87 59 73 4 0 8 0.00 0.0 0 7.4 16 90 M M 1 20 110
23 88 68 78 10 0 13 0.00 0.0 0 7.6 14 70 M M 0 8 20 70
24 83 64 74 6 0 9 T 0.0 0 9.7 17 10 M M 3 24 30
25 79 51 65 -3 0 0 0.00 0.0 0 6.0 13 40 M M 0 1 19 50
26 66 49 58 -10 7 0 0.64 0.0 0 6.0 17 350 M M 7 12 23 340
27 90 59 75 7 0 10 0.12 0.0 0 10.0 20 180 M M 3 123 29 170
28 86 59 73 6 0 8 0.00 0.0 0 7.8 20 320 M M 4 1 25 310
29 83 57 70 3 0 5 0.00 0.0 0 12.7 32 300 M M 0 42 300
30 89 48 69 2 0 4 0.00 0.0 0 6.2 13 250 M M 0 18 18 240
31 88 54 71 5 0 6 0.00 0.0 0 4.7 13 50 M M 0 19 20
================================================================================
SM 2599 1830 9 217 1.59 0.0 269.4 M 56
================================================================================
AV 83.8 59.0 8.7 FASTST M M 2 MAX(MPH)
MISC ----> 35 320 58 280
================================================================================
NOTES:
# LAST OF SEVERAL OCCURRENCES
COLUMN 17 PEAK WIND IN M.P.H.
PRELIMINARY LOCAL CLIMATOLOGICAL DATA (WS FORM: F-6) , PAGE 2
STATION: ABERDEEN SD
MONTH: AUGUST
YEAR: 2022
LATITUDE: 45 27 N
LONGITUDE: 98 26 W
[TEMPERATURE DATA] [PRECIPITATION DATA] SYMBOLS USED IN COLUMN 16
AVERAGE MONTHLY: 71.4 TOTAL FOR MONTH: 1.59 1 = FOG OR MIST
DPTR FM NORMAL: 1.7 DPTR FM NORMAL: -0.65 2 = FOG REDUCING VISIBILITY
HIGHEST: 98 ON 5 GRTST 24HR 0.76 ON 26-27 TO 1/4 MILE OR LESS
LOWEST: 48 ON 30, 8 3 = THUNDER
SNOW, ICE PELLETS, HAIL 4 = ICE PELLETS
TOTAL MONTH: 0.0 INCH 5 = HAIL
GRTST 24HR 0.0 6 = FREEZING RAIN OR DRIZZLE
GRTST DEPTH: 0 7 = DUSTSTORM OR SANDSTORM:
VSBY 1/2 MILE OR LESS
8 = SMOKE OR HAZE
[NO. OF DAYS WITH] [WEATHER - DAYS WITH] 9 = BLOWING SNOW
X = TORNADO
MAX 32 OR BELOW: 0 0.01 INCH OR MORE: 7
MAX 90 OR ABOVE: 3 0.10 INCH OR MORE: 5
MIN 32 OR BELOW: 0 0.50 INCH OR MORE: 1
MIN 0 OR BELOW: 0 1.00 INCH OR MORE: 0
[HDD (BASE 65) ]
TOTAL THIS MO. 9 CLEAR (SCALE 0-3) 24
DPTR FM NORMAL -17 PTCLDY (SCALE 4-7) 7
TOTAL FM JUL 1 9 CLOUDY (SCALE 8-10) 0
DPTR FM NORMAL -25
[CDD (BASE 65) ]
TOTAL THIS MO. 217
DPTR FM NORMAL 45 [PRESSURE DATA]
TOTAL FM JAN 1 740 HIGHEST SLP 30.21 ON 10
DPTR FM NORMAL 170 LOWEST SLP 29.50 ON 28
[REMARKS]
#FINAL-08-22#