000
CXUS53 KABR 011200
CF6ABR
PRELIMINARY LOCAL CLIMATOLOGICAL DATA (WS FORM: F-6)
STATION: ABERDEEN SD
MONTH: JANUARY
YEAR: 2024
LATITUDE: 45 27 N
LONGITUDE: 98 26 W
TEMPERATURE IN F: :PCPN: SNOW: WIND :SUNSHINE: SKY :PK WND
================================================================================
1 2 3 4 5 6A 6B 7 8 9 10 11 12 13 14 15 16 17 18
12Z AVG MX 2MIN
DY MAX MIN AVG DEP HDD CDD WTR SNW DPTH SPD SPD DIR MIN PSBL S-S WX SPD DR
================================================================================
1 27 9 18 4 47 0 0.00 0.0 1 9.2 16 190 M M 0 22 190
2 36 14 25 11 40 0 0.00 0.0 1 8.0 14 270 M M 2 1 19 300
3 30 22 26 12 39 0 T T 1 8.1 20 20 M M 10 1 26 20
4 30 20 25 12 40 0 T 0.0 1 11.8 18 170 M M 10 1 24 180
5 35 29 32 19 33 0 T 0.0 1 10.1 18 180 M M 10 1 25 170
6 29 9 19 6 46 0 0.03 0.4 1 11.6 23 350 M M 7 1 29 340
7 15 8 12 -1 53 0 T T 1 8.1 15 50 M M 6 1 19 50
8 16 9 13 0 52 0 0.03 0.4 1 12.7 18 360 M M 10 18 23 40
9 23 7 15 2 50 0 T T 2 6.1 16 190 M M 4 18 22 170
10 25 6 16 3 49 0 0.01 T 2 10.9 23 320 M M 7 1 30 320
11 6 -1 3 -10 62 0 0.00 0.0 2 12.9 22 320 M M 0 28 320
12 1 -5 -2 -14 67 0 T T 2 19.0 28 330 M M 6 8 35 330
13 -5 -18 -11 -23 76 0 T T 2 25.3 28 330 M M 3 8 35 330
14 -4 -16 -10 -22 75 0 T T 2 11.5 14 290 M M 1 18 270
15 -1 -12 -6 -18 71 0 T T 2 20.7 29 300 M M 2 8 37 300
16 10 -5 3 -9 62 0 0.00 0.0 2 13.0 24 300 M M 1 31 290
17 17 2 10 -2 55 0 0.00 0.0 2 7.8 17 300 M M 1 23 300
18 5 -1 2 -10 63 0 0.06 0.7 2 12.9 24 320 M M 6 8 31 320
19 6 -13 -3 -15 68 0 T 0.1 3 12.4 21 330 M M 7 8 26 330
20 5 -16 -5 -17 70 0 0.00 0.0 3 15.0 31 180 M M 0 18 42 180
21 24 5 15 3 50 0 0.00 0.0 3 17.6 32 180 M M 1 8 43 170
22 26 10 18 6 47 0 0.00 0.0 3 7.9 15 40 M M 7 1 19 40
23 30 20 25 13 40 0 T 0.0 3 11.5 24 180 M M 10 1 30 180
24 32 29 31 18 34 0 T 0.0 3 9.7 21 190 M M 10 12 27 180
25 31 29 30 17 35 0 0.00 0.0 2 1.4 7 110 M M 10 12 8 160
26 31 17 24 11 41 0 0.00 0.0 2 7.1 15 210 M M 6 12 20 220
27 40 11 26 13 39 0 0.00 0.0 2 5.2 8 210 M M 0 9 230
28 37 16 27 14 38 0 0.00 0.0 2 7.6 14 210 M M 0 16 200
29 46 21 34 21 31 0 0.00 0.0 2 9.8 18 300 M M 0 26 310
30 43 22 33 20 32 0 0.00 0.0 T 7.0 14 340 M M 0 18 190
31 48 27 38 25 27 0 0.00 0.0 T 4.3 13 180 M M 1 12 16 180
================================================================================
SM 694 255 1532 0 0.13 1.6 336.2 M 138
================================================================================
AV 22.4 8.2 10.8 FASTST M M 4 MAX(MPH)
MISC ----> 32 180 43 170
================================================================================
NOTES:
# LAST OF SEVERAL OCCURRENCES
COLUMN 17 PEAK WIND IN M.P.H.
PRELIMINARY LOCAL CLIMATOLOGICAL DATA (WS FORM: F-6) , PAGE 2
STATION: ABERDEEN SD
MONTH: JANUARY
YEAR: 2024
LATITUDE: 45 27 N
LONGITUDE: 98 26 W
[TEMPERATURE DATA] [PRECIPITATION DATA] SYMBOLS USED IN COLUMN 16
AVERAGE MONTHLY: 15.3 TOTAL FOR MONTH: 0.13 1 = FOG OR MIST
DPTR FM NORMAL: 2.5 DPTR FM NORMAL: -0.42 2 = FOG REDUCING VISIBILITY
HIGHEST: 48 ON 31 GRTST 24HR 0.06 ON 18-18 TO 1/4 MILE OR LESS
LOWEST: -18 ON 13 3 = THUNDER
SNOW, ICE PELLETS, HAIL 4 = ICE PELLETS
TOTAL MONTH: 1.6 INCHES 5 = HAIL
GRTST 24HR 0.7 ON 18-18 6 = FREEZING RAIN OR DRIZZLE
GRTST DEPTH: 3 ON 24,23 7 = DUSTSTORM OR SANDSTORM:
VSBY 1/2 MILE OR LESS
8 = SMOKE OR HAZE
[NO. OF DAYS WITH] [WEATHER - DAYS WITH] 9 = BLOWING SNOW
X = TORNADO
MAX 32 OR BELOW: 24 0.01 INCH OR MORE: 4
MAX 90 OR ABOVE: 0 0.10 INCH OR MORE: 0
MIN 32 OR BELOW: 31 0.50 INCH OR MORE: 0
MIN 0 OR BELOW: 9 1.00 INCH OR MORE: 0
[HDD (BASE 65) ]
TOTAL THIS MO. 1532 CLEAR (SCALE 0-3) 15
DPTR FM NORMAL -86 PTCLDY (SCALE 4-7) 9
TOTAL FM JUL 1 4146 CLOUDY (SCALE 8-10) 7
DPTR FM NORMAL -741
[CDD (BASE 65) ]
TOTAL THIS MO. 0
DPTR FM NORMAL 0 [PRESSURE DATA]
TOTAL FM JAN 1 0 HIGHEST SLP 30.71 ON 20
DPTR FM NORMAL 0 LOWEST SLP 29.38 ON 10
[REMARKS]
#FINAL-01-24#