000
CXUS55 KABR 011100
CF6ABR
PRELIMINARY LOCAL CLIMATOLOGICAL DATA (WS FORM: F-6)
STATION: ABERDEEN SD
MONTH: AUGUST
YEAR: 2021
LATITUDE: 45 27 N
LONGITUDE: 98 26 W
TEMPERATURE IN F: :PCPN: SNOW: WIND :SUNSHINE: SKY :PK WND
================================================================================
1 2 3 4 5 6A 6B 7 8 9 10 11 12 13 14 15 16 17 18
12Z AVG MX 2MIN
DY MAX MIN AVG DEP HDD CDD WTR SNW DPTH SPD SPD DIR MIN PSBL S-S WX SPD DR
================================================================================
1 83 54 69 -3 0 4 0.00 0.0 0 5.3 13 50 M M 0 8 18 30
2 86 50 68 -4 0 3 0.00 0.0 0 5.2 13 110 M M 0 18 18 100
3 86 54 70 -2 0 5 0.00 0.0 0 6.2 12 180 M M 0 18 17 180
4 81 60 71 -1 0 6 0.01 0.0 0 8.7 15 180 M M 2 18 20 170
5 88 56 72 0 0 7 0.00 0.0 0 6.1 14 30 M M 1 128 18 60
6 85 58 72 0 0 7 0.00 0.0 0 7.6 15 90 M M 0 18 21 60
7 89 64 77 6 0 12 0.30 0.0 0 9.1 30 330 M M 2 13 61 340
8 85 64 75 4 0 10 T 0.0 0 5.1 20 340 M M 2 13 26 350
9 93 61 77 6 0 12 0.00 0.0 0 10.2 21 310 M M 0 29 320
10 94 56 75 4 0 10 0.00 0.0 0 10.4 21 260 M M 0 13 29 230
11 93 62 78 7 0 13 0.00 0.0 0 10.0 23 290 M M 1 31 270
12 86 52 69 -2 0 4 T 0.0 0 8.1 23 330 M M 1 8 31 320
13 86 44 65 -5 0 0 0.00 0.0 0 7.1 18 360 M M 0 8 26 350
14 95 49 72 2 0 7 T 0.0 0 12.6 22 150 M M 0 3 31 170
15 93 65 79 9 0 14 0.05 0.0 0 14.6 22 170 M M 1 3 30 160
16 92 69 81 11 0 16 0.00 0.0 0 15.0 22 160 M M 0 31 170
17 97 71 84 14 0 19 0.00 0.0 0 14.4 22 170 M M 0 29 170
18 97 73 85 15 0 20 0.00 0.0 0 16.9 28 170 M M 0 42 160
19 94 71 83 14 0 18 0.00 0.0 0 12.7 22 160 M M 0 32 160
20 86 63 75 6 0 10 0.17 0.0 0 11.8 22 270 M M 5 18 33 270
21 81 55 68 -1 0 3 0.00 0.0 0 12.1 23 290 M M 2 31 290
22 82 55 69 0 0 4 0.67 0.0 0 13.7 31 160 M M 2 13 45 300
23 90 53 72 4 0 7 0.00 0.0 0 7.8 32 360 M M 3 123 48 10
24 90 64 77 9 0 12 0.71 0.0 0 11.5 32 350 M M 3 13 38 350
25 76 53 65 -3 0 0 0.00 0.0 0 5.7 12 10 M M 1 17 30
26 69 59 64 -4 1 0 0.74 0.0 0 14.0 43 70 M M 8 13 59 90
27 85 61 73 5 0 8 0.41 0.0 0 7.1 22 80 M M 4 13 29 80
28 83 63 73 6 0 8 1.04 0.0 0 9.5 35 360 M M 5 13 49 10
29 83 56 70 3 0 5 0.00 0.0 0 7.3 15 280 M M 1 27 250
30 86 54 70 3 0 5 0.00 0.0 0 5.7 15 100 M M 1 21 100
31 83 57 70 4 0 5 0.00 0.0 0 8.5 17 110 M M 0 27 140
================================================================================
SM 2697 1826 1 254 4.10 0.0 300.0 M 45
================================================================================
AV 87.0 58.9 9.7 FASTST M M 1 MAX(MPH)
MISC ----> 43 70 61 340
================================================================================
NOTES:
# LAST OF SEVERAL OCCURRENCES
COLUMN 17 PEAK WIND IN M.P.H.
PRELIMINARY LOCAL CLIMATOLOGICAL DATA (WS FORM: F-6) , PAGE 2
STATION: ABERDEEN SD
MONTH: AUGUST
YEAR: 2021
LATITUDE: 45 27 N
LONGITUDE: 98 26 W
[TEMPERATURE DATA] [PRECIPITATION DATA] SYMBOLS USED IN COLUMN 16
AVERAGE MONTHLY: 73.0 TOTAL FOR MONTH: 4.10 1 = FOG OR MIST
DPTR FM NORMAL: 3.3 DPTR FM NORMAL: 1.86 2 = FOG REDUCING VISIBILITY
HIGHEST: 97 ON 18,17 GRTST 24HR 1.15 ON 26-27 TO 1/4 MILE OR LESS
LOWEST: 44 ON 13 3 = THUNDER
SNOW, ICE PELLETS, HAIL 4 = ICE PELLETS
TOTAL MONTH: 0.0 INCH 5 = HAIL
GRTST 24HR 0.0 6 = FREEZING RAIN OR DRIZZLE
GRTST DEPTH: 0 7 = DUSTSTORM OR SANDSTORM:
VSBY 1/2 MILE OR LESS
8 = SMOKE OR HAZE
[NO. OF DAYS WITH] [WEATHER - DAYS WITH] 9 = BLOWING SNOW
X = TORNADO
MAX 32 OR BELOW: 0 0.01 INCH OR MORE: 9
MAX 90 OR ABOVE: 11 0.10 INCH OR MORE: 7
MIN 32 OR BELOW: 0 0.50 INCH OR MORE: 4
MIN 0 OR BELOW: 0 1.00 INCH OR MORE: 1
[HDD (BASE 65) ]
TOTAL THIS MO. 1 CLEAR (SCALE 0-3) 26
DPTR FM NORMAL -25 PTCLDY (SCALE 4-7) 4
TOTAL FM JUL 1 1 CLOUDY (SCALE 8-10) 1
DPTR FM NORMAL -33
[CDD (BASE 65) ]
TOTAL THIS MO. 254
DPTR FM NORMAL 82 [PRESSURE DATA]
TOTAL FM JAN 1 904 HIGHEST SLP 30.28 ON 1
DPTR FM NORMAL 334 LOWEST SLP 29.57 ON 20
[REMARKS]
#FINAL-08-21#