000
CXUS55 KABR 011100
CF6ABR
PRELIMINARY LOCAL CLIMATOLOGICAL DATA (WS FORM: F-6)
STATION: ABERDEEN SD
MONTH: JULY
YEAR: 2021
LATITUDE: 45 27 N
LONGITUDE: 98 26 W
TEMPERATURE IN F: :PCPN: SNOW: WIND :SUNSHINE: SKY :PK WND
================================================================================
1 2 3 4 5 6A 6B 7 8 9 10 11 12 13 14 15 16 17 18
12Z AVG MX 2MIN
DY MAX MIN AVG DEP HDD CDD WTR SNW DPTH SPD SPD DIR MIN PSBL S-S WX SPD DR
================================================================================
1 93 59 76 5 0 11 0.00 0.0 0 4.6 13 150 M M 0 19 170
2 95 58 77 6 0 12 0.00 0.0 0 8.1 18 170 M M 1 27 160
3 97 62 80 9 0 15 0.00 0.0 0 15.4 28 180 M M 0 37 160
4 100 70 85 13 0 20 0.00 0.0 0 9.8 18 340 M M 0 31 330
5 87 62 75 3 0 10 0.04 0.0 0 4.2 13 270 M M 2 18 270
6 75 63 69 -3 0 4 0.51 0.0 0 11.0 18 10 M M 10 18 25 10
7 74 58 66 -6 0 1 0.00 0.0 0 5.6 13 20 M M 8 8 17 20
8 77 57 67 -5 0 2 0.02 0.0 0 9.9 18 100 M M 7 1 26 110
9 77 63 70 -2 0 5 0.01 0.0 0 7.1 13 50 M M 8 1 19 80
10 84 61 73 1 0 8 0.30 0.0 0 8.2 18 20 M M 5 1 25 20
11 84 55 70 -2 0 5 0.00 0.0 0 4.7 12 160 M M 1 12 15 160
12 90 59 75 3 0 10 0.00 0.0 0 9.9 23 160 M M 0 18 30 160
13 86 58 72 0 0 7 0.00 0.0 0 6.2 15 10 M M 0 1 21 30
14 85 62 74 2 0 9 0.00 0.0 0 4.3 14 110 M M 1 18 21 60
15 86 54 70 -3 0 5 0.00 0.0 0 6.5 15 160 M M 2 128 22 160
16 86 59 73 0 0 8 0.00 0.0 0 11.1 22 160 M M 1 18 31 150
17 88 63 76 3 0 11 0.00 0.0 0 10.1 17 160 M M 1 25 140
18 90 67 79 6 0 14 0.00 0.0 0 10.1 17 160 M M 1 24 160
19 90 65 78 5 0 13 0.00 0.0 0 6.7 25 70 M M 0 18 34 70
20 90 62 76 3 0 11 0.00 0.0 0 8.5 18 160 M M 0 1 25 160
21 91 68 80 7 0 15 T 0.0 0 14.8 23 160 M M 0 32 160
22 97 69 83 10 0 18 0.00 0.0 0 10.1 18 160 M M 0 25 170
23 98 71 85 12 0 20 0.37 0.0 M 7.4 28 320 M M 1 13 39 320
24 90 62 76 3 0 11 0.04 0.0 0 5.1 15 20 M M 0 138 19 30
25 94 56 75 2 0 10 0.00 0.0 0 7.7 17 180 M M 2 128 27 180
26 94 67 81 8 0 16 0.06 0.0 0 10.5 21 150 M M 1 13 29 170
27 92 65 79 7 0 14 0.00 0.0 0 7.2 14 110 M M 3 128 18 20
28 101 74 88 16 0 23 0.02 0.0 0 11.2 24 360 M M 0 32 350
29 82 63 73 1 0 8 0.02 0.0 0 9.4 17 30 M M 2 8 22 20
30 77 62 70 -2 0 5 0.04 0.0 0 5.9 13 190 M M 6 18 17 180
31 88 59 74 2 0 9 0.00 0.0 0 9.2 20 20 M M 1 18 26 10
================================================================================
SM 2738 1933 0 330 1.43 0.0 260.5 M 64
================================================================================
AV 88.3 62.4 8.4 FASTST M M 2 MAX(MPH)
MISC ----> # 28 180 39 320
================================================================================
NOTES:
# LAST OF SEVERAL OCCURRENCES
COLUMN 17 PEAK WIND IN M.P.H.
PRELIMINARY LOCAL CLIMATOLOGICAL DATA (WS FORM: F-6) , PAGE 2
STATION: ABERDEEN SD
MONTH: JULY
YEAR: 2021
LATITUDE: 45 27 N
LONGITUDE: 98 26 W
[TEMPERATURE DATA] [PRECIPITATION DATA] SYMBOLS USED IN COLUMN 16
AVERAGE MONTHLY: 75.3 TOTAL FOR MONTH: 1.43 1 = FOG OR MIST
DPTR FM NORMAL: 3.0 DPTR FM NORMAL: -1.66 2 = FOG REDUCING VISIBILITY
HIGHEST: 101 ON 28 GRTST 24HR 0.55 ON 5- 6 TO 1/4 MILE OR LESS
LOWEST: 54 ON 15 3 = THUNDER
SNOW, ICE PELLETS, HAIL 4 = ICE PELLETS
TOTAL MONTH: 0.0 INCH 5 = HAIL
GRTST 24HR 0.0 6 = FREEZING RAIN OR DRIZZLE
GRTST DEPTH: 0 7 = DUSTSTORM OR SANDSTORM:
VSBY 1/2 MILE OR LESS
8 = SMOKE OR HAZE
[NO. OF DAYS WITH] [WEATHER - DAYS WITH] 9 = BLOWING SNOW
X = TORNADO
MAX 32 OR BELOW: 0 0.01 INCH OR MORE: 11
MAX 90 OR ABOVE: 16 0.10 INCH OR MORE: 3
MIN 32 OR BELOW: 0 0.50 INCH OR MORE: 1
MIN 0 OR BELOW: 0 1.00 INCH OR MORE: 0
[HDD (BASE 65) ]
TOTAL THIS MO. 0 CLEAR (SCALE 0-3) 25
DPTR FM NORMAL -10 PTCLDY (SCALE 4-7) 5
TOTAL FM JUL 1 0 CLOUDY (SCALE 8-10) 1
DPTR FM NORMAL -2
[CDD (BASE 65) ]
TOTAL THIS MO. 330
DPTR FM NORMAL 94 [PRESSURE DATA]
TOTAL FM JAN 1 650 HIGHEST SLP 30.22 ON 30
DPTR FM NORMAL 252 LOWEST SLP 29.68 ON 4
[REMARKS]
#FINAL-07-21#