000
CXUS54 KFWD 072153
CF6ACT
PRELIMINARY LOCAL CLIMATOLOGICAL DATA (WS FORM: F-6)
STATION: WACO
MONTH: AUGUST
YEAR: 2022
LATITUDE: 31 37 N
LONGITUDE: 97 13 W
TEMPERATURE IN F: :PCPN: SNOW: WIND :SUNSHINE: SKY :PK WND
================================================================================
1 2 3 4 5 6A 6B 7 8 9 10 11 12 13 14 15 16 17 18
12Z AVG MX 2MIN
DY MAX MIN AVG DEP HDD CDD WTR SNW DPTH SPD SPD DIR MIN PSBL S-S WX SPD DR
================================================================================
1 101 79 90 3 0 25 0.00 0.0 0 11.2 24 170 M M 0 30 170
2 104 80 92 5 0 27 0.00 0.0 0 15.3 23 180 M M 0 33 170
3 105 79 92 5 0 27 0.00 0.0 0 15.9 23 170 M M 0 31 190
4 103 79 91 4 0 26 0.00 0.0 0 12.6 21 180 M M 0 25 170
5 105 81 93 6 0 28 0.00 0.0 0 12.5 28 150 M M 0 37 150
6 99 77 88 1 0 23 0.00 0.0 0 11.4 22 170 M M 2 30 170
7 101 78 90 3 0 25 0.00 0.0 0 12.5 21 160 M M 1 26 170
8 102 78 90 3 0 25 0.00 0.0 0 10.0 22 180 M M 1 30 150
9 102 79 91 5 0 26 0.00 0.0 0 9.3 16 120 M M 0 22 190
10 103 75 89 3 0 24 T 0.0 0 8.3 31 320 M M 1 3 43 310
11 102 73 88 2 0 23 0.00 0.0 0 4.9 18 120 M M 2 25 130
12 101 76 89 3 0 24 0.00 0.0 0 6.8 16 70 M M 2 25 30
13 103 76 90 4 0 25 0.00 0.0 0 6.7 16 80 M M 2 25 60
14 100 77 89 3 0 24 0.00 0.0 0 9.3 18 140 M M 2 23 160
15 101 75 88 2 0 23 0.00 0.0 0 8.8 17 180 M M 0 25 170
16 101 79 90 4 0 25 0.00 0.0 0 6.7 15 190 M M 0 22 180
17 104 74 89 3 0 24 0.64 0.0 0 7.9 26 30 M M 2 13 35 30
18 97 73 85 -1 0 20 0.07 0.0 0 6.3 15 10 M M 3 13 21 20
19 95 73 84 -1 0 19 0.74 0.0 0 8.1 22 160 M M 5 13 27 160
20 99 77 88 3 0 23 0.00 0.0 0 9.8 26 110 M M 4 34 110
21 96 78 87 2 0 22 0.21 0.0 0 11.6 21 180 M M 4 1 28 160
22 84 74 79 -6 0 14 0.81 0.0 0 7.8 18 200 M M 6 123 25 200
23 91 73 82 -3 0 17 0.01 0.0 0 6.3 15 340 M M 8 1 20 360
24 92 75 84 0 0 19 0.00 0.0 0 7.6 16 40 M M 6 24 50
25 95 72 84 0 0 19 0.00 0.0 0 6.9 16 40 M M 2 22 40
26 95 72 84 0 0 19 0.00 0.0 0 4.0 12 50 M M 3 20 10
27 98 75 87 3 0 22 0.00 0.0 0 8.0 18 160 M M 1 26 150
28 99 80 90 6 0 25 0.00 0.0 0 13.4 23 160 M M 1 31 160
29 97 78 88 4 0 23 0.00 0.0 0 11.1 22 140 M M 4 28 130
30 84 76 80 -3 0 15 0.06 0.0 0 6.5 21 150 M M 8 13 27 150
31 88 74 81 -2 0 16 T 0.0 0 4.3 10 350 M M 5 13 350
================================================================================
SM 3047 2365 0 697 2.54 0.0 281.8 M 75
================================================================================
AV 98.3 76.3 9.1 FASTST M M 2 MAX(MPH)
MISC ----> 31 320 43 310
================================================================================
NOTES:
# LAST OF SEVERAL OCCURRENCES
COLUMN 17 PEAK WIND IN M.P.H.
PRELIMINARY LOCAL CLIMATOLOGICAL DATA (WS FORM: F-6) , PAGE 2
STATION: WACO
MONTH: AUGUST
YEAR: 2022
LATITUDE: 31 37 N
LONGITUDE: 97 13 W
[TEMPERATURE DATA] [PRECIPITATION DATA] SYMBOLS USED IN COLUMN 16
AVERAGE MONTHLY: 87.3 TOTAL FOR MONTH: 2.54 1 = FOG OR MIST
DPTR FM NORMAL: 1.8 DPTR FM NORMAL: 0.49 2 = FOG REDUCING VISIBILITY
HIGHEST: 105 ON 5, 3 GRTST 24HR 0.82 ON 22-23 TO 1/4 MILE OR LESS
LOWEST: 72 ON 26,25 3 = THUNDER
SNOW, ICE PELLETS, HAIL 4 = ICE PELLETS
TOTAL MONTH: 0.0 INCH 5 = HAIL
GRTST 24HR 0.0 6 = FREEZING RAIN OR DRIZZLE
GRTST DEPTH: 0 7 = DUSTSTORM OR SANDSTORM:
VSBY 1/2 MILE OR LESS
8 = SMOKE OR HAZE
[NO. OF DAYS WITH] [WEATHER - DAYS WITH] 9 = BLOWING SNOW
X = TORNADO
MAX 32 OR BELOW: 0 0.01 INCH OR MORE: 7
MAX 90 OR ABOVE: 28 0.10 INCH OR MORE: 4
MIN 32 OR BELOW: 0 0.50 INCH OR MORE: 3
MIN 0 OR BELOW: 0 1.00 INCH OR MORE: 0
[HDD (BASE 65) ]
TOTAL THIS MO. 0 CLEAR (SCALE 0-3) 22
DPTR FM NORMAL 0 PTCLDY (SCALE 4-7) 8
TOTAL FM JUL 1 0 CLOUDY (SCALE 8-10) 1
DPTR FM NORMAL 0
[CDD (BASE 65) ]
TOTAL THIS MO. 697
DPTR FM NORMAL 62 [PRESSURE DATA]
TOTAL FM JAN 1 2877 HIGHEST SLP 30.10 ON 7
DPTR FM NORMAL 636 LOWEST SLP 29.73 ON 28
[REMARKS]
#FINAL-08-22#