000
CXUS56 KEKA 011329
CF6ACV
PRELIMINARY LOCAL CLIMATOLOGICAL DATA (WS FORM: F-6)
STATION: ARCATA CA
MONTH: MARCH
YEAR: 2022
LATITUDE: 40 58 N
LONGITUDE: 124 6 W
TEMPERATURE IN F: :PCPN: SNOW: WIND :SUNSHINE: SKY :PK WND
================================================================================
1 2 3 4 5 6A 6B 7 8 9 10 11 12 13 14 15 16 17 18
12Z AVG MX 2MIN
DY MAX MIN AVG DEP HDD CDD WTR SNW DPTH SPD SPD DIR MIN PSBL S-S WX SPD DR
================================================================================
1 64 47 56 7 9 0 0.00 M M 3.3 15 280 M M 7 18 20 300
2 60 49 55 6 10 0 0.06 M M 2.7 12 330 M M 10 28 15 250
3 53 45 49 0 16 0 T M M 8.6 20 360 M M 8 1 29 310
4 49 37 43 -6 22 0 0.10 M M 7.7 20 340 M M 7 1 30 340
5 53 34 44 -5 21 0 0.00 M M 8.6 22 330 M M 1 32 340
6 53 32 43 -6 22 0 0.00 M M 6.5 20 310 M M 0 18 26 310
7 63 33 48 -1 17 0 0.00 M M 7.2 18 330 M M 0 1 26 340
8 61 33 47 -2 18 0 0.00 M M 5.9 20 340 M M 0 18 30 10
9 53 35 44 -5 21 0 T M M 6.9 20 320 M M 8 1 28 310
10 57 32 45 -4 20 0 0.00 M M 4.6 15 330 M M 1 18 20 330
11 54 33 44 -5 21 0 0.00 M M 2.8 8 250 M M 2 2 10 250
12 57 39 48 -1 17 0 0.26 M M 8.5 24 180 M M 9 12 37 170
13 55 42 49 0 16 0 0.01 M M 5.3 12 230 M M 8 18 16 190
14 65 39 52 3 13 0 0.79 M M 4.8 18 240 M M 6 18 28 240
15 54 39 47 -2 18 0 0.31 M M 5.8 13 320 M M 8 28 18 290
16 53 35 44 -5 21 0 0.00 M M 6.4 21 320 M M 1 18 27 310
17 54 39 47 -2 18 0 0.00 M M 6.2 18 310 M M 3 18 24 310
18 55 35 45 -4 20 0 0.00 M M 3.0 9 290 M M 1 18 13 260
19 54 41 48 -1 17 0 0.58 M M 9.8 23 330 M M 8 1 35 350
20 52 31 42 -7 23 0 0.00 M M 7.8 21 320 M M 2 8 29 310
21 57 36 47 -2 18 0 0.00 M M 4.4 16 320 M M 5 28 21 320
22 57 44 51 2 14 0 0.00 M M 2.8 12 190 M M 10 2 17 180
23 59 42 51 2 14 0 0.00 M M 6.1 17 320 M M 6 18 24 330
24 53 41 47 -2 18 0 0.00 M M 2.6 10 260 M M 9 2 13 250
25 56 43 50 1 15 0 T M M 4.0 12 300 M M 5 1 24 330
26 57 41 49 0 16 0 0.00 M M 3.5 8 200 M M 2 18 15 310
27 60 43 52 3 13 0 0.00 M M 4.0 16 320 M M 3 1 20 310
28 59 50 55 5 10 0 0.06 M M 7.4 18 320 M M 7 18 25 330
29 54 46 50 0 15 0 0.01 M M 7.8 17 320 M M 10 1 23 320
30 55 45 50 0 15 0 0.00 M M 9.9 23 330 M M 7 36 350
31 56 35 46 -4 19 0 0.00 M M 7.9 24 340 M M 2 18 35 330
================================================================================
SM 1742 1216 527 0 2.18 M 182.8 M 156
================================================================================
AV 56.2 39.2 5.9 FASTST M M 5 MAX(MPH)
MISC ----> # 24 340 37 170
================================================================================
NOTES:
# LAST OF SEVERAL OCCURRENCES
COLUMN 17 PEAK WIND IN M.P.H.
PRELIMINARY LOCAL CLIMATOLOGICAL DATA (WS FORM: F-6) , PAGE 2
STATION: ARCATA CA
MONTH: MARCH
YEAR: 2022
LATITUDE: 40 58 N
LONGITUDE: 124 6 W
[TEMPERATURE DATA] [PRECIPITATION DATA] SYMBOLS USED IN COLUMN 16
AVERAGE MONTHLY: 47.7 TOTAL FOR MONTH: 2.18 1 = FOG OR MIST
DPTR FM NORMAL: -1.3 DPTR FM NORMAL: -4.10 2 = FOG REDUCING VISIBILITY
HIGHEST: 65 ON 14 GRTST 24HR 1.10 ON 14-15 TO 1/4 MILE OR LESS
LOWEST: 31 ON 20 3 = THUNDER
SNOW, ICE PELLETS, HAIL 4 = ICE PELLETS
TOTAL MONTH: 0.0 INCH 5 = HAIL
GRTST 24HR M ON M 6 = FREEZING RAIN OR DRIZZLE
GRTST DEPTH: M ON M 7 = DUSTSTORM OR SANDSTORM:
VSBY 1/2 MILE OR LESS
8 = SMOKE OR HAZE
[NO. OF DAYS WITH] [WEATHER - DAYS WITH] 9 = BLOWING SNOW
X = TORNADO
MAX 32 OR BELOW: 0 0.01 INCH OR MORE: 9
MAX 90 OR ABOVE: 0 0.10 INCH OR MORE: 5
MIN 32 OR BELOW: 3 0.50 INCH OR MORE: 2
MIN 0 OR BELOW: 0 1.00 INCH OR MORE: 0
[HDD (BASE 65) ]
TOTAL THIS MO. 527 CLEAR (SCALE 0-3) 13
DPTR FM NORMAL 33 PTCLDY (SCALE 4-7) 11
TOTAL FM JUL 1 3642 CLOUDY (SCALE 8-10) 7
DPTR FM NORMAL 172
[CDD (BASE 65) ]
TOTAL THIS MO. 0
DPTR FM NORMAL 0 [PRESSURE DATA]
TOTAL FM JAN 1 0 HIGHEST SLP 30.47 ON 7
DPTR FM NORMAL 0 LOWEST SLP 29.63 ON 27
[REMARKS]
#FINAL-03-22#