000
CXUS56 KEKA 091318
CF6ACV
PRELIMINARY LOCAL CLIMATOLOGICAL DATA (WS FORM: F-6)
STATION: ARCATA CA
MONTH: MARCH
YEAR: 2021
LATITUDE: 40 58 N
LONGITUDE: 124 6 W
TEMPERATURE IN F: :PCPN: SNOW: WIND :SUNSHINE: SKY :PK WND
================================================================================
1 2 3 4 5 6A 6B 7 8 9 10 11 12 13 14 15 16 17 18
12Z AVG MX 2MIN
DY MAX MIN AVG DEP HDD CDD WTR SNW DPTH SPD SPD DIR MIN PSBL S-S WX SPD DR
================================================================================
1 52 31 42 -6 23 0 0.00 M M 3.7 13 310 M M 1 18 16 300
2 58 32 45 -3 20 0 0.00 M M 3.1 12 310 M M 0 18 14 310
3 49 33 41 -7 24 0 0.00 M M 5.0 17 330 M M 7 2 21 330
4 62 39 51 3 14 0 0.00 0.0 0 15.0 29 180 M M 1 39 160
5 57 39 48 0 17 0 1.96 0.0 0 8.1 28 170 M M 9 1 41 170
6 50 38 44 -4 21 0 0.02 0.0 0 5.2 12 130 M M 6 15 130
7 52 35 44 -4 21 0 0.12 0.0 0 7.8 18 330 M M 4 18 23 260
8 48 34 41 -7 24 0 0.20 0.0 0 9.1 23 240 M M 6 1 32 230
9 46 38 42 -6 23 0 0.58 M M 10.8 24 200 M M 8 1 32 190
10 53 35 44 -4 21 0 0.03 M M 6.4 18 340 M M 6 1 22 340
11 52 30 41 -7 24 0 0.00 M M 6.0 22 330 M M 0 8 26 330
12 50 33 42 -6 23 0 0.00 M M 5.0 12 320 M M 5 1 14 320
13 51 43 47 -1 18 0 0.00 M M 6.2 14 210 M M 9 17 220
14 52 36 44 -4 21 0 0.67 M M 10.2 24 340 M M 8 1 34 160
15 49 31 40 -8 25 0 0.01 M M 14.9 30 340 M M 3 1 41 340
16 47 27 37 -11 28 0 0.00 M M 6.0 18 330 M M 0 23 320
17 51 32 42 -6 23 0 0.00 M M 4.5 9 20 M M 0 13 230
18 59 44 52 4 13 0 0.12 M M 12.1 26 180 M M 9 1 37 150
19 53 41 47 -1 18 0 0.32 M M 7.3 25 230 M M 5 1 31 240
20 52 36 44 -4 21 0 0.11 M M 6.9 17 330 M M 5 1 21 330
21 51 32 42 -6 23 0 0.00 M M 8.4 20 330 M M 1 27 330
22 50 39 45 -3 20 0 0.03 M M 6.3 17 330 M M 9 1 24 350
23 57 32 45 -3 20 0 0.00 M M 8.0 23 360 M M 0 1 32 10
24 53 33 43 -5 22 0 0.12 M M 6.2 23 330 M M 5 18 29 330
25 52 38 45 -3 20 0 T M M 11.1 24 350 M M 7 1 M M
26 55 32 44 -4 21 0 0.00 M M 6.4 20 330 M M 0 18 25 320
27 57 35 46 -2 19 0 0.00 M M 3.3 9 320 M M 0 28 13 310
28 50 36 43 -5 22 0 T M M 4.2 20 330 M M 7 12 24 330
29 54 37 46 -2 19 0 0.00 0.0 M 11.0 30 350 M M 2 18 43 330
30 64 31 48 0 17 0 0.00 0.0 M 6.5 23 330 M M 0 18 29 330
31 70 37 54 6 11 0 0.00 0.0 M 3.5 8 310 M M 0 18 10 240
================================================================================
SM 1656 1089 636 0 4.29 0.0 228.2 M 123
================================================================================
AV 53.4 35.1 7.4 FASTST M M 4 MAX(MPH)
MISC ----> # 30 340 43 330
================================================================================
NOTES:
# LAST OF SEVERAL OCCURRENCES
COLUMN 17 PEAK WIND IN M.P.H.
PRELIMINARY LOCAL CLIMATOLOGICAL DATA (WS FORM: F-6) , PAGE 2
STATION: ARCATA CA
MONTH: MARCH
YEAR: 2021
LATITUDE: 40 58 N
LONGITUDE: 124 6 W
[TEMPERATURE DATA] [PRECIPITATION DATA] SYMBOLS USED IN COLUMN 16
AVERAGE MONTHLY: 44.3 TOTAL FOR MONTH: 4.29 1 = FOG OR MIST
DPTR FM NORMAL: -3.5 DPTR FM NORMAL: -1.99 2 = FOG REDUCING VISIBILITY
HIGHEST: 70 ON 31 GRTST 24HR 1.98 ON 5- 6 TO 1/4 MILE OR LESS
LOWEST: 27 ON 16 3 = THUNDER
SNOW, ICE PELLETS, HAIL 4 = ICE PELLETS
TOTAL MONTH: 0.0 INCH 5 = HAIL
GRTST 24HR 0.0 6 = FREEZING RAIN OR DRIZZLE
GRTST DEPTH: 0 7 = DUSTSTORM OR SANDSTORM:
VSBY 1/2 MILE OR LESS
8 = SMOKE OR HAZE
[NO. OF DAYS WITH] [WEATHER - DAYS WITH] 9 = BLOWING SNOW
X = TORNADO
MAX 32 OR BELOW: 0 0.01 INCH OR MORE: 13
MAX 90 OR ABOVE: 0 0.10 INCH OR MORE: 9
MIN 32 OR BELOW: 10 0.50 INCH OR MORE: 3
MIN 0 OR BELOW: 0 1.00 INCH OR MORE: 1
[HDD (BASE 65) ]
TOTAL THIS MO. 636 CLEAR (SCALE 0-3) 13
DPTR FM NORMAL 103 PTCLDY (SCALE 4-7) 13
TOTAL FM JUL 1 3622 CLOUDY (SCALE 8-10) 5
DPTR FM NORMAL -210
[CDD (BASE 65) ]
TOTAL THIS MO. 0
DPTR FM NORMAL 0 [PRESSURE DATA]
TOTAL FM JAN 1 0 HIGHEST SLP 30.46 ON 21
DPTR FM NORMAL 0 LOWEST SLP 29.83 ON 10
[REMARKS]
#FINAL-03-21#