000
CXUS54 KFWD 010730
CF6AFW
PRELIMINARY LOCAL CLIMATOLOGICAL DATA (WS FORM: F-6)
STATION: FORT WORTH ALLIANCE
MONTH: JUNE
YEAR: 2021
LATITUDE: 32 58 N
LONGITUDE: 97 19 W
TEMPERATURE IN F: :PCPN: SNOW: WIND :SUNSHINE: SKY :PK WND
================================================================================
1 2 3 4 5 6A 6B 7 8 9 10 11 12 13 14 15 16 17 18
12Z AVG MX 2MIN
DY MAX MIN AVG DEP HDD CDD WTR SNW DPTH SPD SPD DIR MIN PSBL S-S WX SPD DR
================================================================================
1 72 62 67 -13 0 2 0.00 M M 7.7 16 320 M M 9 1 21 330
2 79 60 70 -10 0 5 T M M 4.7 15 250 M M 6 22 240
3 82 63 73 -7 0 8 0.00 M M 4.4 12 150 M M 7 15 130
4 80 64 72 -9 0 7 0.00 M M 5.8 16 130 M M 8 23 120
5 85 68 77 -4 0 12 0.20 M M 5.9 14 180 M M 9 13 18 130
6 87 68 78 -3 0 13 0.00 M M 10.3 18 160 M M 7 23 180
7 81 67 74 -7 0 9 0.98 M M 8.1 22 320 M M 8 13 31 320
8 88 72 80 -2 0 15 0.06 M M 11.3 18 140 M M 8 138 24 150
9 90 76 83 1 0 18 0.00 M M 11.6 20 160 M M 6 25 190
10 91 77 84 2 0 19 0.00 M M 12.3 17 160 M M 5 24 210
11 92 77 85 3 0 20 0.00 M M 14.4 25 180 M M 3 32 170
12 92 72 82 0 0 17 0.00 M M 7.2 25 100 M M 5 3 33 100
13 97 75 86 3 0 21 0.00 M M 3.9 12 60 M M 6 15 60
14 97 78 88 5 0 23 0.00 M M 7.9 16 40 M M 7 3 23 20
15 95 74 85 2 0 20 0.00 M M 4.8 12 30 M M 1 18 20
16 98 71 85 2 0 20 0.00 M M 4.3 12 170 M M 1 8 18 120
17 98 76 87 4 0 22 0.00 M M 5.7 14 160 M M 3 23 170
18 95 77 86 3 0 21 0.00 M M 8.8 15 100 M M 3 26 140
19 95 71 83 -1 0 18 0.00 M M 8.3 16 170 M M 1 29 120
20 96 77 87 3 0 22 0.00 M M 15.1 24 170 M M 1 30 180
21 90 69 80 -4 0 15 0.77 M M 14.0 32 350 M M 7 123 42 10
22 85 64 75 -9 0 10 0.00 M M 8.9 16 160 M M 4 23 120
23 95 75 85 1 0 20 0.00 M M 14.2 22 190 M M 5 33 210
24 95 79 87 3 0 22 0.00 M M 16.7 24 170 M M 2 35 150
25 95 78 87 3 0 22 0.00 M M 17.8 26 170 M M 3 35 160
26 94 78 86 2 0 21 0.00 M M 17.1 29 170 M M 5 39 190
27 94 78 86 2 0 21 0.00 M M 11.1 24 150 M M 7 3 31 140
28 89 74 82 -3 0 17 0.23 M M 6.5 24 110 M M 8 13 36 80
29 89 74 82 -3 0 17 T M M 11.2 22 140 M M 8 26 160
30 91 73 82 -3 0 17 0.00 M M 5.8 12 250 M M 5 17 110
================================================================================
SM 2707 2167 0 494 2.24 M 285.8 M 158
================================================================================
AV 90.2 72.2 9.5 FASTST M M 5 MAX(MPH)
MISC ----> 32 350 42 10
================================================================================
NOTES:
# LAST OF SEVERAL OCCURRENCES
COLUMN 17 PEAK WIND IN M.P.H.
PRELIMINARY LOCAL CLIMATOLOGICAL DATA (WS FORM: F-6) , PAGE 2
STATION: FORT WORTH ALLIANCE
MONTH: JUNE
YEAR: 2021
LATITUDE: 32 58 N
LONGITUDE: 97 19 W
[TEMPERATURE DATA] [PRECIPITATION DATA] SYMBOLS USED IN COLUMN 16
AVERAGE MONTHLY: 81.2 TOTAL FOR MONTH: 2.24 1 = FOG OR MIST
DPTR FM NORMAL: -1.5 DPTR FM NORMAL: -1.81 2 = FOG REDUCING VISIBILITY
HIGHEST: 98 ON 17,16 GRTST 24HR 1.03 ON 7- 8 TO 1/4 MILE OR LESS
LOWEST: 60 ON 2 3 = THUNDER
SNOW, ICE PELLETS, HAIL 4 = ICE PELLETS
TOTAL MONTH: M 5 = HAIL
GRTST 24HR M ON M 6 = FREEZING RAIN OR DRIZZLE
GRTST DEPTH: M ON M 7 = DUSTSTORM OR SANDSTORM:
VSBY 1/2 MILE OR LESS
8 = SMOKE OR HAZE
[NO. OF DAYS WITH] [WEATHER - DAYS WITH] 9 = BLOWING SNOW
X = TORNADO
MAX 32 OR BELOW: 0 0.01 INCH OR MORE: 5
MAX 90 OR ABOVE: 19 0.10 INCH OR MORE: 4
MIN 32 OR BELOW: 0 0.50 INCH OR MORE: 2
MIN 0 OR BELOW: 0 1.00 INCH OR MORE: 0
[HDD (BASE 65) ]
TOTAL THIS MO. 0 CLEAR (SCALE 0-3) 9
DPTR FM NORMAL 0 PTCLDY (SCALE 4-7) 19
TOTAL FM JUL 1 2249 CLOUDY (SCALE 8-10) 2
DPTR FM NORMAL 35
[CDD (BASE 65) ]
TOTAL THIS MO. 494
DPTR FM NORMAL -38 [PRESSURE DATA]
TOTAL FM JAN 1 792 HIGHEST SLP M ON M
DPTR FM NORMAL -202 LOWEST SLP 29.65 ON 20
[REMARKS]
#FINAL-06-21#