000
CXUS55 KCYS 021204
CF6AIA
PRELIMINARY LOCAL CLIMATOLOGICAL DATA (WS FORM: F-6)
STATION: ALLIANCE NEBRASKA AIRPORT
MONTH: NOVEMBER
YEAR: 2023
LATITUDE: 42 2 N
LONGITUDE: 102 48 W
TEMPERATURE IN F: :PCPN: SNOW: WIND :SUNSHINE: SKY :PK WND
================================================================================
1 2 3 4 5 6A 6B 7 8 9 10 11 12 13 14 15 16 17 18
12Z AVG MX 2MIN
DY MAX MIN AVG DEP HDD CDD WTR SNW DPTH SPD SPD DIR MIN PSBL S-S WX SPD DR
================================================================================
1 60 15 38 -1 27 0 0.00 M M 4.3 10 360 M M 0 8 15 300
2 67 15 41 2 24 0 0.00 M M 8.4 17 250 M M 0 18 23 250
3 62 34 48 10 17 0 0.01 M M 6.9 20 350 M M 6 3 36 340
4 62 26 44 6 21 0 0.00 M M 5.7 14 170 M M 3 12 17 160
5 76 32 54 16 11 0 0.00 M M 12.8 38 270 M M 0 8 49 270
6 67 29 48 11 17 0 0.00 M M 6.8 21 230 M M 1 26 240
7 65 24 45 8 20 0 0.00 M M 5.9 20 340 M M 0 26 350
8 52 17 35 -1 30 0 0.00 M M 10.8 26 320 M M 4 36 320
9 48 14 31 -5 34 0 0.00 M M 9.7 25 300 M M 0 35 310
10 54 12 33 -3 32 0 0.00 M M 3.6 14 270 M M 0 22 300
11 60 13 37 2 28 0 0.00 M M 10.1 24 270 M M 0 31 270
12 64 24 44 9 21 0 0.00 M M 7.7 15 300 M M 0 19 210
13 68 27 48 14 17 0 0.00 M M 13.9 31 180 M M 0 43 190
14 69 28 49 15 16 0 0.00 M M 8.4 22 290 M M 0 28 300
15 69 23 46 12 19 0 0.00 M M 8.7 21 220 M M 0 28 220
16 60 23 42 9 23 0 0.11 M M 8.2 26 360 M M 4 1 36 360
17 58 20 39 6 26 0 0.00 M M 5.6 15 290 M M 0 21 290
18 64 20 42 10 23 0 0.00 M M 4.1 15 220 M M 0 19 230
19 62 26 44 12 21 0 0.00 M M 5.7 14 350 M M 3 1 19 340
20 48 33 41 9 24 0 0.00 M M 17.3 31 350 M M 8 1 42 340
21 54 22 38 7 27 0 0.00 M M 9.1 17 330 M M 0 23 320
22 69 21 45 14 20 0 0.00 M M 9.5 22 310 M M 0 27 300
23 33 19 26 -4 39 0 0.09 M M 10.6 21 30 M M 6 1 27 30
24 20 12 16 -14 49 0 0.23 M M 9.8 17 110 M M 10 1 24 70
25 24 3 14 -16 51 0 T M M 7.8 22 290 M M 7 1 27 300
26 34 14 24 -5 41 0 0.00 M M 13.8 29 310 M M 2 39 300
27 37 10 24 -5 41 0 0.00 M M 10.0 20 290 M M 0 25 290
28 45 9 27 -1 38 0 0.00 M M 10.8 22 280 M M 0 29 300
29 53 11 32 4 33 0 0.00 M M 7.0 17 290 M M 0 22 290
30 35 16 26 -1 39 0 0.00 M M 6.2 14 20 M M 0 17 20
================================================================================
SM 1639 592 829 0 0.44 M 259.2 M 54
================================================================================
AV 54.6 19.7 8.6 FASTST M M 2 MAX(MPH)
MISC ----> 38 270 49 270
================================================================================
NOTES:
# LAST OF SEVERAL OCCURRENCES
COLUMN 17 PEAK WIND IN M.P.H.
PRELIMINARY LOCAL CLIMATOLOGICAL DATA (WS FORM: F-6) , PAGE 2
STATION: ALLIANCE NEBRASKA AIRPORT
MONTH: NOVEMBER
YEAR: 2023
LATITUDE: 42 2 N
LONGITUDE: 102 48 W
[TEMPERATURE DATA] [PRECIPITATION DATA] SYMBOLS USED IN COLUMN 16
AVERAGE MONTHLY: 37.2 TOTAL FOR MONTH: 0.44 1 = FOG OR MIST
DPTR FM NORMAL: 3.8 DPTR FM NORMAL: 0.20 2 = FOG REDUCING VISIBILITY
HIGHEST: 76 ON 5 GRTST 24HR 0.23 ON 24-24 TO 1/4 MILE OR LESS
LOWEST: 3 ON 25 3 = THUNDER
SNOW, ICE PELLETS, HAIL 4 = ICE PELLETS
TOTAL MONTH: M 5 = HAIL
GRTST 24HR M ON M 6 = FREEZING RAIN OR DRIZZLE
GRTST DEPTH: M ON M 7 = DUSTSTORM OR SANDSTORM:
VSBY 1/2 MILE OR LESS
8 = SMOKE OR HAZE
[NO. OF DAYS WITH] [WEATHER - DAYS WITH] 9 = BLOWING SNOW
X = TORNADO
MAX 32 OR BELOW: 2 0.01 INCH OR MORE: 4
MAX 90 OR ABOVE: 0 0.10 INCH OR MORE: 2
MIN 32 OR BELOW: 28 0.50 INCH OR MORE: 0
MIN 0 OR BELOW: 0 1.00 INCH OR MORE: 0
[HDD (BASE 65) ]
TOTAL THIS MO. 829 CLEAR (SCALE 0-3) 22
DPTR FM NORMAL -119 PTCLDY (SCALE 4-7) 6
TOTAL FM JUL 1 1540 CLOUDY (SCALE 8-10) 2
DPTR FM NORMAL -240
[CDD (BASE 65) ]
TOTAL THIS MO. 0
DPTR FM NORMAL 0 [PRESSURE DATA]
TOTAL FM JAN 1 543 HIGHEST SLP 30.56 ON 24
DPTR FM NORMAL -18 LOWEST SLP 29.63 ON 19
[REMARKS]
#FINAL-11-23#
NOVEMBER 23 AND 24... USED COCORAHS STATION NE-BX-5 FOR PRECIPITATION DUE TO ASOS ERRORS
REPORT CORRECTED ON 1/2/2024