000
CXUS53 KGRB 012139
CF6AIG
PRELIMINARY LOCAL CLIMATOLOGICAL DATA (WS FORM: F-6)
STATION: ANTIGO AWOS
MONTH: DECEMBER
YEAR: 2023
LATITUDE: 45 9 N
LONGITUDE: 89 8 W
TEMPERATURE IN F: :PCPN: SNOW: WIND :SUNSHINE: SKY :PK WND
================================================================================
1 2 3 4 5 6A 6B 7 8 9 10 11 12 13 14 15 16 17 18
12Z AVG MX 2MIN
DY MAX MIN AVG DEP HDD CDD WTR SNW DPTH SPD SPD DIR MIN PSBL S-S WX SPD DR
================================================================================
1 30 14 22 0 43 0 M M M 4.7 10 350 M M 1 M M
2 33 16 25 3 40 0 M M M 5.2 9 90 M M 7 M M
3 32 24 28 7 37 0 0.01 M M 5.9 10 90 M M 10 M M
4 31 14 23 2 42 0 M M M 1.7 6 160 M M 10 1 M M
5 33 28 31 11 34 0 M M M 3.5 8 310 M M 10 M M
6 34 22 28 8 37 0 M M M 7.9 13 160 M M 5 18 160
7 45 22 34 15 31 0 M M M 5.3 12 120 M M 2 1 M M
8 49 31 40 21 25 0 M M M 8.5 15 230 M M 9 1 18 180
9 39 31 35 17 30 0 0.03 M M 6.7 14 240 M M 9 1 20 240
10 32 22 27 9 38 0 M M M 9.0 15 330 M M 10 21 320
11 22 17 20 2 45 0 M M M 8.4 17 230 M M 9 21 230
12 26 17 22 5 43 0 M M M 14.5 21 280 M M 4 29 290
13 30 16 23 6 42 0 M M M 5.6 9 270 M M 5 M M
14 44 15 30 14 35 0 M M M 8.4 16 260 M M 0 22 260
15 40 30 35 19 30 0 M M M 4.6 17 110 M M 5 20 110
16 40 35 38 22 27 0 M M M 9.9 16 100 M M 10 12 20 100
17 36 30 33 18 32 0 M M M 9.1 16 290 M M 10 12 26 290
18 30 17 24 9 41 0 M M M 16.7 25 350 M M 10 36 340
19 32 10 21 6 44 0 M M M 7.6 14 200 M M 1 16 210
20 36 24 30 16 35 0 M M M 6.0 13 90 M M 2 M M
21 35 28 32 18 33 0 M M M 8.5 12 100 M M 10 16 80
22 36 31 34 20 31 0 M M M 3.5 7 120 M M 10 12 M M
23 38 33 36 22 29 0 M M M 3.3 7 150 M M 10 12 M M
24 43 37 40 26 25 0 M M M 9.6 17 130 M M 10 12 24 130
25 47 43 45 32 20 0 0.03 M M 11.6 16 80 M M 10 1 29 80
26 45 31 38 25 27 0 0.10 M M 10.4 18 90 M M 10 1 24 70
27 37 25 31 18 34 0 M M M 3.4 8 350 M M 2 M M
28 37 28 33 20 32 0 M M M 10.5 14 350 M M 6 20 350
29 42 25 34 22 31 0 M M M 6.8 13 350 M M 0 17 360
30 33 22 28 16 37 0 M M M 3.9 8 250 M M 5 1 M M
31 29 22 26 14 39 0 M M M 12.8 16 10 M M 10 23 10
================================================================================
SM 1116 760 1069 0 0.17 M 233.2 M 212
================================================================================
AV 36.0 24.5 7.5 FASTST M M 7 MAX(MPH)
MISC ----> 25 350 36 340
================================================================================
NOTES:
# LAST OF SEVERAL OCCURRENCES
COLUMN 17 PEAK WIND IN M.P.H.
PRELIMINARY LOCAL CLIMATOLOGICAL DATA (WS FORM: F-6) , PAGE 2
STATION: ANTIGO AWOS
MONTH: DECEMBER
YEAR: 2023
LATITUDE: 45 9 N
LONGITUDE: 89 8 W
[TEMPERATURE DATA] [PRECIPITATION DATA] SYMBOLS USED IN COLUMN 16
AVERAGE MONTHLY: 30.3 TOTAL FOR MONTH: 0.17 1 = FOG OR MIST
DPTR FM NORMAL: 14.1 DPTR FM NORMAL: -0.89 2 = FOG REDUCING VISIBILITY
HIGHEST: 49 ON 8 GRTST 24HR 0.10 ON 26-26 TO 1/4 MILE OR LESS
LOWEST: 10 ON 19 3 = THUNDER
SNOW, ICE PELLETS, HAIL 4 = ICE PELLETS
TOTAL MONTH: M 5 = HAIL
GRTST 24HR M ON M 6 = FREEZING RAIN OR DRIZZLE
GRTST DEPTH: M ON M 7 = DUSTSTORM OR SANDSTORM:
VSBY 1/2 MILE OR LESS
8 = SMOKE OR HAZE
[NO. OF DAYS WITH] [WEATHER - DAYS WITH] 9 = BLOWING SNOW
X = TORNADO
MAX 32 OR BELOW: 10 0.01 INCH OR MORE: 4
MAX 90 OR ABOVE: 0 0.10 INCH OR MORE: 1
MIN 32 OR BELOW: 27 0.50 INCH OR MORE: 0
MIN 0 OR BELOW: 0 1.00 INCH OR MORE: 0
[HDD (BASE 65) ]
TOTAL THIS MO. 1069 CLEAR (SCALE 0-3) 7
DPTR FM NORMAL -444 PTCLDY (SCALE 4-7) 7
TOTAL FM JUL 1 2947 CLOUDY (SCALE 8-10) 17
DPTR FM NORMAL -666
[CDD (BASE 65) ]
TOTAL THIS MO. 0
DPTR FM NORMAL 0 [PRESSURE DATA]
TOTAL FM JAN 1 275 HIGHEST SLP M ON M
DPTR FM NORMAL 15 LOWEST SLP M ON M
[REMARKS]
#FINAL-12-23#