000
CXAK56 PAJK 011410
CF6AJN
PRELIMINARY LOCAL CLIMATOLOGICAL DATA (WS FORM: F-6)
STATION: JUNEAU
MONTH: DECEMBER
YEAR: 2021
LATITUDE: 58 22 N
LONGITUDE: 134 35 W
TEMPERATURE IN F: :PCPN: SNOW: WIND :SUNSHINE: SKY :PK WND
================================================================================
1 2 3 4 5 6A 6B 7 8 9 10 11 12 13 14 15 16 17 18
12Z AVG MX 2MIN
DY MAX MIN AVG DEP HDD CDD WTR SNW DPTH SPD SPD DIR MIN PSBL S-S WX SPD DR
================================================================================
1 39 31 35 3 30 0 0.13 0.5 6 10.0 28 120 M M 9 1 33 120
2 35 30 33 1 32 0 0.06 1.3 5 8.0 17 120 M M 9 1 22 120
3 32 20 26 -6 39 0 0.12 2.3 6 4.2 15 110 M M 8 18 17 110
4 26 16 21 -11 44 0 0.00 0.0 5 3.9 13 130 M M 7 1 15 130
5 28 18 23 -8 42 0 0.10 4.4 5 5.9 16 90 M M 10 1 18 110
6 31 28 30 -1 35 0 0.06 1.2 9 11.4 20 80 M M 10 1 22 80
7 36 31 34 3 31 0 0.25 3.3 11 16.1 31 110 M M 10 12 40 100
8 36 34 35 4 30 0 0.27 0.5 7 11.9 24 110 M M 10 1 30 110
9 36 34 35 4 30 0 0.24 1.0 7 11.0 39 120 M M 10 1 48 120
10 37 29 33 2 32 0 0.34 1.4 7 13.9 45 110 M M 9 18 55 110
11 33 22 28 -3 37 0 0.00 0.0 8 2.2 10 80 M M 7 1 11 90
12 30 17 24 -7 41 0 T T 7 2.2 17 140 M M 9 1 24 110
13 18 8 13 -18 52 0 0.00 0.0 7 0.1 6 270 M M 2 1 7 240
14 17 6 12 -19 53 0 0.00 0.0 7 0.3 8 280 M M 7 8 9 280
15 21 6 14 -16 51 0 T T 7 2.1 8 60 M M 5 1 9 60
16 23 9 16 -14 49 0 T T 7 3.4 10 80 M M 7 13 90
17 26 12 19 -11 46 0 0.10 2.1 7 1.1 20 100 M M 9 1 22 100
18 20 8 14 -16 51 0 0.00 0.0 9 0.8 7 270 M M 5 12 7 100
19 22 9 16 -14 49 0 0.00 0.0 8 0.4 7 100 M M 4 1 7 100
20 29 8 19 -11 46 0 0.03 0.3 8 6.5 22 80 M M 7 25 90
21 33 18 26 -4 39 0 0.36 7.1 9 7.7 22 110 M M 9 1 27 110
22 29 5 17 -13 48 0 0.00 0.0 12 1.9 13 60 M M 2 18 18 60
23 25 10 18 -12 47 0 0.01 T 12 2.6 29 100 M M 7 1 37 110
24 24 7 16 -13 49 0 0.00 0.0 12 8.5 24 60 M M 3 32 60
25 20 1 11 -18 54 0 0.00 0.0 11 6.0 20 120 M M 2 25 120
26 20 0 10 -19 55 0 0.13 1.0 11 5.1 22 100 M M 8 25 90
27 23 10 17 -12 48 0 0.18 2.2 13 4.5 20 110 M M 6 1 23 90
28 23 9 16 -13 49 0 0.00 0.0 14 1.3 9 90 M M 4 12 10 100
29 31 11 21 -8 44 0 0.16 1.3 14 8.0 24 110 M M 8 128 31 110
30 20 6 13 -16 52 0 0.00 0.0 14 1.2 7 120 M M 3 12 9 90
31 34 10 22 -7 43 0 0.33 2.1 14 17.5 37 110 M M 9 16 43 110
================================================================================
SM 857 463 1348 0 2.87 32.0 179.7 M 215
================================================================================
AV 27.6 14.9 5.8 FASTST M M 7 MAX(MPH)
MISC ----> 45 110 55 110
================================================================================
NOTES:
# LAST OF SEVERAL OCCURRENCES
COLUMN 17 PEAK WIND IN M.P.H.
PRELIMINARY LOCAL CLIMATOLOGICAL DATA (WS FORM: F-6) , PAGE 2
STATION: JUNEAU
MONTH: DECEMBER
YEAR: 2021
LATITUDE: 58 22 N
LONGITUDE: 134 35 W
[TEMPERATURE DATA] [PRECIPITATION DATA] SYMBOLS USED IN COLUMN 16
AVERAGE MONTHLY: 21.3 TOTAL FOR MONTH: 2.87 1 = FOG OR MIST
DPTR FM NORMAL: -9.0 DPTR FM NORMAL: -3.66 2 = FOG REDUCING VISIBILITY
HIGHEST: 39 ON 1 GRTST 24HR 0.49 ON 9-10 TO 1/4 MILE OR LESS
LOWEST: 0 ON 26 3 = THUNDER
SNOW, ICE PELLETS, HAIL 4 = ICE PELLETS
TOTAL MONTH: 33.9 INCHES 5 = HAIL
GRTST 24HR 7.1 ON 21-21 6 = FREEZING RAIN OR DRIZZLE
GRTST DEPTH: 14 ON 31,30 7 = DUSTSTORM OR SANDSTORM:
VSBY 1/2 MILE OR LESS
8 = SMOKE OR HAZE
[NO. OF DAYS WITH] [WEATHER - DAYS WITH] 9 = BLOWING SNOW
X = TORNADO
MAX 32 OR BELOW: 22 0.01 INCH OR MORE: 17
MAX 90 OR ABOVE: 0 0.10 INCH OR MORE: 13
MIN 32 OR BELOW: 29 0.50 INCH OR MORE: 0
MIN 0 OR BELOW: 1 1.00 INCH OR MORE: 0
[HDD (BASE 65) ]
TOTAL THIS MO. 1348 CLEAR (SCALE 0-3) 4
DPTR FM NORMAL 272 PTCLDY (SCALE 4-7) 13
TOTAL FM JUL 1 3824 CLOUDY (SCALE 8-10) 14
DPTR FM NORMAL 128
[CDD (BASE 65) ]
TOTAL THIS MO. 0
DPTR FM NORMAL 0 [PRESSURE DATA]
TOTAL FM JAN 1 6 HIGHEST SLP 30.62 ON 5
DPTR FM NORMAL 4 LOWEST SLP 28.89 ON 10
[REMARKS]
#FINAL-12-21#