000
CDAK48 PAKN 161214
CLIAKN

CLIMATE REPORT
NATIONAL WEATHER SERVICE KING SALMON, AK
314 AM AKST TUE DEC 16 2014

...................................
...THE KING SALMON AP CLIMATE SUMMARY FOR DECEMBER 15 2014...

CLIMATE NORMAL PERIOD  1981 TO  2010
CLIMATE RECORD PERIOD  1917 TO  2014

WEATHER ITEM   OBSERVED TIME    RECORD YEAR NORMAL DEPARTURE LAST
               VALUE    (LST)   VALUE       VALUE  FROM      YEAR
                                                   NORMAL
...................................................................
TEMPERATURE
YESTERDAY
 MAXIMUM            42  0326 PM    46  1989     27      15      8
 MINIMUM            29  0631 PM   -35  2001     11      18     -9
 AVERAGE            36                          19      17     -1

PRECIPITATION
(INCHES)
 YESTERDAY           T           0.56  1938   0.05   -0.05   0.00
 MONTH TO DATE    0.50                        0.67   -0.17   0.20
 SINCE DEC 1      0.50                        0.67   -0.17   0.20
 SINCE JAN 1     20.95                       18.93    2.02  23.61

SNOWFALL
(INCHES)
 YESTERDAY         0.0            5.1  1964    0.3    -0.3    0.0
 MONTH TO DATE     1.0                         5.2    -4.2    0.4
 SINCE DEC 1       1.0                         5.2    -4.2    0.4
 SINCE JUL 1       4.5                        15.0   -10.5   12.0
 SNOW DEPTH (IN)     T                                          T

DEGREE DAYS
 HEATING
  YESTERDAY         29                          46     -17     66
  MONTH TO DATE    479                         683    -204    651
  SINCE DEC 1      479                         683    -204    650
  SINCE JUL 1     3230                        4058    -828   3552

 COOLING
  YESTERDAY          0                           0       0      0
  MONTH TO DATE      0                           0       0      0
  SINCE DEC 1        0                           0       0      0
  SINCE JAN 1        0                           0       0      4
...................................................................

WIND (MPH)
 HIGHEST WIND SPEED    16     HIGHEST WIND DIRECTION     90
 HIGHEST GUST SPEED    24     HIGHEST GUST DIRECTION    110
 AVERAGE WIND SPEED   4.9

SKY COVER
  POSSIBLE SUNSHINE    MM          AVERAGE SKY COVER     MM

WEATHER CONDITIONS
 THE FOLLOWING WEATHER WAS RECORDED YESTERDAY.
  RAIN


RELATIVE HUMIDITY
 HIGHEST RH     MM PERCENT       MM
 LOWEST  RH     MM PERCENT       MM
 AVERAGE RH     MM PERCENT       MM
...................................................................

THE KING SALMON CLIMATE NORMALS FOR TODAY
                           NORMAL    RECORD   YEAR
 MAXIMUM TEMPERATURE (F)     27        42     1960
 MINIMUM TEMPERATURE (F)     11       -34     1952

SUNRISE AND SUNSET
 DEC 16 2014..........SUNRISE 10:14 AM      SUNSET  4:32 PM
 DEC 17 2014..........SUNRISE 10:15 AM      SUNSET  4:32 PM

-  INDICATES NEGATIVE NUMBERS.
R  INDICATES RECORD HAS BEEN SET OR TIED.
MM INDICATES DATA IS MISSING.
T  INDICATES TRACE OF PRECIPITATION.

&&
-------------------------------------------------------------------

AMOUNT OF DAYLIGHT TODAY  (HOUR:MIN)........6 HOURS 18 MINUTES
LOSS SINCE YESTERDAY (HOUR:MIN:SEC).........-0:00:54

$$
AM DEC 14
