000
CDAK48 PAKN 230914
CLIAKN

CLIMATE REPORT
NATIONAL WEATHER SERVICE KING SALMON, AK
114 AM AKDT MON MAR 23 2015

...................................
...THE KING SALMON AP CLIMATE SUMMARY FOR MARCH 22 2015...

CLIMATE NORMAL PERIOD  1981 TO  2010
CLIMATE RECORD PERIOD  1917 TO  2015

WEATHER ITEM   OBSERVED TIME    RECORD YEAR NORMAL DEPARTURE LAST
               VALUE    (LST)   VALUE       VALUE  FROM      YEAR
                                                   NORMAL
...................................................................
TEMPERATURE
YESTERDAY
 MAXIMUM            47  0526 PM    54  1965     34      13     43
 MINIMUM            26  0541 AM   -25  1975     17       9     12
 AVERAGE            37                          25      12     28

PRECIPITATION
(INCHES)
 YESTERDAY        0.00           0.47  1933   0.02   -0.02   0.00
 MONTH TO DATE    0.89                        0.50    0.39   0.76
 SINCE MAR 1      0.89                        0.50    0.39   0.76
 SINCE JAN 1      1.68                        2.28   -0.60   2.57

SNOWFALL
(INCHES)
 YESTERDAY         0.0            1.8  2013    0.2    -0.2    0.0
 MONTH TO DATE     0.3                         4.7    -4.4    8.8
 SINCE MAR 1       0.3                         4.7    -4.4    8.8
 SINCE JUL 1      14.0                        40.2   -26.2   35.5
 SNOW DEPTH (IN)     0                                          T

DEGREE DAYS
 HEATING
  YESTERDAY         28                          40     -12     37
  MONTH TO DATE    828                         921     -93    925
  SINCE MAR 1      828                         921     -93    925
  SINCE JUL 1     7025                        8539   -1514   7285

 COOLING
  YESTERDAY          0                           0       0      0
  MONTH TO DATE      0                           0       0      0
  SINCE MAR 1        0                           0       0      0
  SINCE JAN 1        0                           0       0      0
...................................................................

WIND (MPH)
 HIGHEST WIND SPEED    13     HIGHEST WIND DIRECTION     80
 HIGHEST GUST SPEED    17     HIGHEST GUST DIRECTION     80
 AVERAGE WIND SPEED   5.0

SKY COVER
  POSSIBLE SUNSHINE    MM          AVERAGE SKY COVER     MM

WEATHER CONDITIONS
 THE FOLLOWING WEATHER WAS RECORDED YESTERDAY.
  NO SIGNIFICANT WEATHER WAS OBSERVED.

RELATIVE HUMIDITY
 HIGHEST RH     MM PERCENT       MM
 LOWEST  RH     MM PERCENT       MM
 AVERAGE RH     MM PERCENT       MM
...................................................................

THE KING SALMON CLIMATE NORMALS FOR TODAY
                           NORMAL    RECORD   YEAR
 MAXIMUM TEMPERATURE (F)     34        48     1965
 MINIMUM TEMPERATURE (F)     17       -30     1975

SUNRISE AND SUNSET
 MAR 23 2015..........SUNRISE  8:20 AM      SUNSET  8:48 PM
 MAR 24 2015..........SUNRISE  8:17 AM      SUNSET  8:51 PM

-  INDICATES NEGATIVE NUMBERS.
R  INDICATES RECORD HAS BEEN SET OR TIED.
MM INDICATES DATA IS MISSING.
T  INDICATES TRACE OF PRECIPITATION.

&&
-------------------------------------------------------------------

AMOUNT OF DAYLIGHT TODAY  (HOUR:MIN)........12 HOURS 28 MINUTES
GAIN/LOSS SINCE YESTERDAY (HOUR:MIN:SEC)....+0:05:11

$$
DJH MAR 15
