000
CDAK48 PAKN 170000
CLIAKN

CLIMATE REPORT
NATIONAL WEATHER SERVICE KING SALMON, AK
400 PM AKDT SAT AUG 16 2014

...................................
...THE KING SALMON AP CLIMATE SUMMARY FOR AUGUST 16 2014...
VALID TODAY AS OF 2:00 PM LOCAL TIME

CLIMATE NORMAL PERIOD  1981 TO  2010
CLIMATE RECORD PERIOD  1917 TO  2013

WEATHER ITEM   OBSERVED TIME    RECORD YEAR NORMAL DEPARTURE LAST
               VALUE    (LST)   VALUE       VALUE  FROM      YEAR
                                                   NORMAL
...................................................................
TEMPERATURE
TODAY
 MAXIMUM            65  0255 PM    81  2004     63       2     61
 MINIMUM            54  0216 AM    28  1981     47       7     48
 AVERAGE            60                          55       5     55

PRECIPITATION
(INCHES)
 TODAY            0.14           0.80  1992   0.10    0.04   0.05
 MONTH TO DATE    1.76                        1.47    0.29   3.45
 SINCE JUN 1      7.39                        5.42    1.97   5.80
 SINCE JAN 1     12.52                       10.12    2.40  12.16

SNOWFALL
(INCHES)
 TODAY             0.0            0.0  2014    0.0     0.0    0.0
 MONTH TO DATE     0.0                         0.0     0.0    0.0
 SINCE JUN 1       0.0                         0.0     0.0    0.0
 SINCE JUL 1       0.0                         0.0     0.0    0.0
 SNOW DEPTH (IN)     0                                          0

DEGREE DAYS
 HEATING
  TODAY              5                          10      -5     10
  MONTH TO DATE     80                         155     -75    131
  SINCE JUN 1      749                         852    -103    635
  SINCE JUL 1      318                         445    -127    353

 COOLING
  TODAY              0                           0       0      0
  MONTH TO DATE      0                           0       0      0
  SINCE JUN 1        0                           0       0      4
  SINCE JAN 1        0                           0       0      4
...................................................................

WIND (MPH)
 HIGHEST WIND SPEED    22     HIGHEST WIND DIRECTION     80
 HIGHEST GUST SPEED    32     HIGHEST GUST DIRECTION     80
 AVERAGE WIND SPEED    MM

SKY COVER
  POSSIBLE SUNSHINE  MM            AVERAGE SKY COVER MM

WEATHER CONDITIONS
 THE FOLLOWING WEATHER WAS RECORDED TODAY.
 FOG
 RAIN


RELATIVE HUMIDITY
 HIGHEST RH     MM PERCENT       MM
 LOWEST  RH     MM PERCENT       MM
 AVERAGE RH     MM PERCENT       MM
...................................................................

THE KING SALMON CLIMATE NORMALS FOR TOMORROW
                        NORMAL    RECORD   YEAR
 MAXIMUM TEMPERATURE      63        79     2004
 MINIMUM TEMPERATURE      47        35     1999

SUNRISE AND SUNSET
 AUG 16 2014..........SUNRISE  6:50 AM      SUNSET 10:11 PM
 AUG 17 2014..........SUNRISE  6:52 AM      SUNSET 10:08 PM

-  INDICATES NEGATIVE NUMBERS.
R  INDICATES RECORD HAS BEEN SET OR TIED.
MM INDICATES DATA IS MISSING.
T  INDICATES TRACE OF PRECIPITATION.

&&
-------------------------------------------------------------------

AMOUNT OF DAYLIGHT TODAY  (HOUR:MIN)........15 HOURS 21 MINUTES
LOSS SINCE YESTERDAY (HOUR:MIN:SEC).........-0:04:54

$$

DT AUG 14
