323
CDAK48 PAFC 161235
CLIAKN


CLIMATE REPORT
NATIONAL WEATHER SERVICE ANCHORAGE, AK
335 AM AKST THU FEB 16 2017


...................................

...THE KING SALMON CLIMATE SUMMARY FOR FEBRUARY 15 2017...

CLIMATE NORMAL PERIOD 1981 TO 2010
CLIMATE RECORD PERIOD 1917 TO 2017


WEATHER ITEM   OBSERVED TIME   RECORD YEAR NORMAL DEPARTURE LAST
                VALUE   (LST)  VALUE       VALUE  FROM      YEAR
                                                  NORMAL
..................................................................
TEMPERATURE (F)
 YESTERDAY
  MAXIMUM         35   1159 PM  46    2006  27      8       43
  MINIMUM          1    117 AM -41    1974  11    -10       30
  AVERAGE         18                        19     -1       37

PRECIPITATION (IN)
  YESTERDAY        0.00          0.48 1941   0.03  -0.03     0.02
  MONTH TO DATE    0.37                      0.42  -0.05     0.39
  SINCE DEC 1      1.61                      2.67  -1.06     2.37
  SINCE JAN 1      0.52                      1.44  -0.92     0.87

SNOWFALL (IN)
  YESTERDAY        0.0          MM      MM   0.2   -0.2     MM
  MONTH TO DATE    3.8                       3.3    0.5      0.0
  SINCE DEC 1     12.3                      23.0  -10.7      0.0
  SINCE JUL 1     16.9                      32.8  -15.9     13.1
  SNOW DEPTH       0

DEGREE DAYS
 HEATING
  YESTERDAY       47                        46      1       28
  MONTH TO DATE  805                       708     97      447
  SINCE DEC 1   3843                      3659    184     2675
  SINCE JUL 1   6569                      7036   -467     5272

 COOLING
  YESTERDAY        0                         0      0        0
  MONTH TO DATE    0                         0      0        0
  SINCE DEC 1      0                         0      0        0
  SINCE JAN 1      0                         0      0        0
..................................................................


WIND (MPH)
  RESULTANT WIND SPEED   8   RESULTANT WIND DIRECTION  NE (50)
  HIGHEST WIND SPEED    20   HIGHEST WIND DIRECTION     E (80)
  HIGHEST GUST SPEED    28   HIGHEST GUST DIRECTION     E (80)
  AVERAGE WIND SPEED     8.6



WEATHER CONDITIONS
 THE FOLLOWING WEATHER WAS RECORDED YESTERDAY.
  NO SIGNIFICANT WEATHER WAS OBSERVED.


RELATIVE HUMIDITY (PERCENT)
 HIGHEST   100
 LOWEST     68
 AVERAGE    84

..........................................................


THE KING SALMON CLIMATE NORMALS FOR TODAY
                         NORMAL    RECORD    YEAR
 MAXIMUM TEMPERATURE (F)   27        48      1993
 MINIMUM TEMPERATURE (F)   11       -35      1954


SUNRISE AND SUNSET
FEBRUARY 16 2017......SUNRISE   856 AM AKST  SUNSET   626 PM AKST
FEBRUARY 17 2017......SUNRISE   853 AM AKST  SUNSET   629 PM AKST


-  INDICATES NEGATIVE NUMBERS.
R  INDICATES RECORD WAS SET OR TIED.
MM INDICATES DATA IS MISSING.
T  INDICATES TRACE AMOUNT.




$$
