444
CDAK48 PAFC 071240
CLIAKN


CLIMATE REPORT
NATIONAL WEATHER SERVICE ANCHORAGE, AK
440 AM AKDT THU SEP 7 2017


...................................

...THE KING SALMON CLIMATE SUMMARY FOR SEPTEMBER 6 2017...

CLIMATE NORMAL PERIOD 1981 TO 2010
CLIMATE RECORD PERIOD 1917 TO 2017


WEATHER ITEM   OBSERVED TIME   RECORD YEAR NORMAL DEPARTURE LAST
                VALUE   (LST)  VALUE       VALUE  FROM      YEAR
                                                  NORMAL
..................................................................
TEMPERATURE (F)
 YESTERDAY
  MAXIMUM         60        MM  71    1964  59      1       66
  MINIMUM         44        MM  28    1976  43      1       48
                                      1960
  AVERAGE         52                        51      1       57

PRECIPITATION (IN)
  YESTERDAY        0.04          1.09 1933   0.11  -0.07     0.16
  MONTH TO DATE    0.30                      0.66  -0.36     1.66
  SINCE SEP 1      0.30                      0.66  -0.36     1.66
  SINCE JAN 1     10.99                     12.26  -1.27    19.63

SNOWFALL (IN)
  YESTERDAY        0.0          MM      MM   0.0    0.0     MM
  MONTH TO DATE    0.0                       0.0    0.0      0.0
  SINCE SEP 1      0.0                       0.0    0.0      0.0
  SINCE JUL 1      0.0                       0.0    0.0      0.0
  SNOW DEPTH       0

DEGREE DAYS
 HEATING
  YESTERDAY       13                        14     -1        8
  MONTH TO DATE   76                        80     -4       39
  SINCE SEP 1     76                        80     -4       39
  SINCE JUL 1    573                       696   -123      356

 COOLING
  YESTERDAY        0                         0      0        0
  MONTH TO DATE    0                         0      0        0
  SINCE SEP 1      0                         0      0        0
  SINCE JAN 1      1                         1      0        0
..................................................................


WIND (MPH)
  RESULTANT WIND SPEED  11   RESULTANT WIND DIRECTION   S (180)
  HIGHEST WIND SPEED    20   HIGHEST WIND DIRECTION     S (170)
  HIGHEST GUST SPEED    28   HIGHEST GUST DIRECTION     S (170)
  AVERAGE WIND SPEED    12.4



WEATHER CONDITIONS
 THE FOLLOWING WEATHER WAS RECORDED YESTERDAY.
  LIGHT RAIN


RELATIVE HUMIDITY (PERCENT)
 HIGHEST   100
 LOWEST     67
 AVERAGE    84

..........................................................


THE KING SALMON CLIMATE NORMALS FOR TODAY
                         NORMAL    RECORD    YEAR
 MAXIMUM TEMPERATURE (F)   59        71      1935
 MINIMUM TEMPERATURE (F)   43        26      1952


SUNRISE AND SUNSET
SEPTEMBER  7 2017.....SUNRISE   739 AM AKDT  SUNSET   908 PM AKDT
SEPTEMBER  8 2017.....SUNRISE   741 AM AKDT  SUNSET   905 PM AKDT


-  INDICATES NEGATIVE NUMBERS.
R  INDICATES RECORD WAS SET OR TIED.
MM INDICATES DATA IS MISSING.
T  INDICATES TRACE AMOUNT.




$$
