743
CDAK48 PAFC 140130
CLIAKN


CLIMATE REPORT
NATIONAL WEATHER SERVICE ANCHORAGE, AK
429 PM AKST TUE FEB 13 2018


...................................

...THE KING SALMON CLIMATE SUMMARY FOR FEBRUARY 13 2018...
VALID TODAY AS OF 0400 PM LOCAL TIME.

CLIMATE NORMAL PERIOD 1981 TO 2010
CLIMATE RECORD PERIOD 1917 TO 2018


WEATHER ITEM   OBSERVED TIME   RECORD YEAR NORMAL DEPARTURE LAST
                VALUE   (LST)  VALUE       VALUE  FROM      YEAR
                                                  NORMAL
..................................................................
TEMPERATURE (F)
 TODAY
  MAXIMUM         35        MM  52    1986  27      8       21
  MINIMUM         25        MM -22    1956  11     14        5
                                      1955
  AVERAGE         30                        19     11       13

PRECIPITATION (IN)
  TODAY            0.00          0.56 1941   0.03  -0.03     0.03
  MONTH TO DATE    0.92                      0.37   0.55     0.11
  SINCE SEP 1     12.70                      9.28   3.42     8.24
  SINCE JAN 1      2.40                      1.39   1.01     0.26

SNOWFALL (IN)
  TODAY            0.0          MM      MM   0.2   -0.2      0.4
  MONTH TO DATE    0.7                       2.9   -2.2      1.4
  SINCE SEP 1     13.2                      32.4  -19.2     14.5
  SINCE JUL 1     13.2                      32.4  -19.2     14.5
  SNOW DEPTH       T

DEGREE DAYS
 HEATING
  TODAY           35                        46    -11       52
  MONTH TO DATE  497                       616   -119      710
  SINCE DEC 1   3001                      3567   -566     3748
  SINCE JUL 1   5937                      6944  -1007     6474

 COOLING
  TODAY            0                         0      0        0
  MONTH TO DATE    0                         0      0        0
  SINCE DEC 1      0                         0      0        0
  SINCE JAN 1      0                         0      0        0
..................................................................


WIND (MPH)
  RESULTANT WIND SPEED   4   RESULTANT WIND DIRECTION  SW (220)
  HIGHEST WIND SPEED    15   HIGHEST WIND DIRECTION     W (270)
  HIGHEST GUST SPEED    25   HIGHEST GUST DIRECTION     W (280)
  AVERAGE WIND SPEED     8.6



WEATHER CONDITIONS
 THE FOLLOWING WEATHER WAS RECORDED TODAY.
  NO SIGNIFICANT WEATHER WAS OBSERVED.


RELATIVE HUMIDITY (PERCENT)
 HIGHEST    92
 LOWEST     75
 AVERAGE    84

..........................................................


THE KING SALMON CLIMATE NORMALS FOR TOMORROW
                         NORMAL    RECORD    YEAR
 MAXIMUM TEMPERATURE (F)   27        45      1993
 MINIMUM TEMPERATURE (F)   11       -31      1974


SUNRISE AND SUNSET
FEBRUARY 13 2018......SUNRISE   904 AM AKST  SUNSET   618 PM AKST
FEBRUARY 14 2018......SUNRISE   902 AM AKST  SUNSET   621 PM AKST


-  INDICATES NEGATIVE NUMBERS.
R  INDICATES RECORD WAS SET OR TIED.
MM INDICATES DATA IS MISSING.
T  INDICATES TRACE AMOUNT.




$$
