830
CDAK48 PAKN 040010
CLIAKN

CLIMATE REPORT
NATIONAL WEATHER SERVICE KING SALMON, AK
310 PM AKST WED FEB 3 2016

...................................
...THE KING SALMON AP CLIMATE SUMMARY FOR FEBRUARY 3 2016...
VALID TODAY AS OF 2:00 PM LOCAL TIME

CLIMATE NORMAL PERIOD  1981 TO  2010
CLIMATE RECORD PERIOD  1917 TO  2016

WEATHER ITEM   OBSERVED TIME    RECORD YEAR NORMAL DEPARTURE LAST
               VALUE    (LST)   VALUE       VALUE  FROM      YEAR
                                                   NORMAL
...................................................................
TEMPERATURE
TODAY
 MAXIMUM            38  0741 AM    50  1982     25      13     20
 MINIMUM            35  1027 AM   -34  1999      9      26      6
 AVERAGE            37                          17      20     13

PRECIPITATION
(INCHES)
 TODAY               T           0.79  1955   0.03   -0.03   0.00
 MONTH TO DATE    0.08                        0.09   -0.01   0.00
 SINCE DEC 1      2.91                        2.34    0.57   2.48
 SINCE JAN 1      0.56                        1.11   -0.55   0.52

SNOWFALL
(INCHES)
 TODAY             0.0            4.1  1954    0.2    -0.2    0.0
 MONTH TO DATE     0.1                         0.7    -0.6    0.0
 SINCE DEC 1      16.9                        20.4    -3.5    8.2
 SINCE JUL 1      30.0                        30.2    -0.2   11.7
 SNOW DEPTH (IN)     0                                          T

DEGREE DAYS
 HEATING
  TODAY             28                          48     -20     52
  MONTH TO DATE     99                         144     -45    148
  SINCE DEC 1     2388                        3095    -707   2531
  SINCE JUL 1     5166                        6470   -1304   5283

 COOLING
  TODAY              0                           0       0      0
  MONTH TO DATE      0                           0       0      0
  SINCE DEC 1        0                           0       0      0
  SINCE JAN 1        0                           0       0      0
...................................................................

WIND (MPH)
 HIGHEST WIND SPEED    30     HIGHEST WIND DIRECTION     50
 HIGHEST GUST SPEED    40     HIGHEST GUST DIRECTION     50
 AVERAGE WIND SPEED    MM

SKY COVER
  POSSIBLE SUNSHINE  MM            AVERAGE SKY COVER MM

WEATHER CONDITIONS
 THE FOLLOWING WEATHER WAS RECORDED TODAY.
 RAIN


RELATIVE HUMIDITY
 HIGHEST RH     MM PERCENT       MM
 LOWEST  RH     MM PERCENT       MM
 AVERAGE RH     MM PERCENT       MM
...................................................................

THE KING SALMON CLIMATE NORMALS FOR TOMORROW
                        NORMAL    RECORD   YEAR
 MAXIMUM TEMPERATURE      25        48     2003
 MINIMUM TEMPERATURE      10       -28     1999

SUNRISE AND SUNSET
 FEB 3 2016..........SUNRISE  9:30 AM      SUNSET  5:53 PM
 FEB 4 2016..........SUNRISE  9:28 AM      SUNSET  5:55 PM

-  INDICATES NEGATIVE NUMBERS.
R  INDICATES RECORD HAS BEEN SET OR TIED.
MM INDICATES DATA IS MISSING.
T  INDICATES TRACE OF PRECIPITATION.

&&
-------------------------------------------------------------------

AMOUNT OF DAYLIGHT TODAY  (HOUR:MIN)........8 HOURS 23 MINUTES
GAIN/LOSS SINCE YESTERDAY (HOUR:MIN:SEC)....+0:04:41

$$
JML FEB 16
