000
CDAK48 PAKN 211313
CLIAKN


CLIMATE REPORT
NATIONAL WEATHER SERVICE ANCHORAGE, AK
513 AM AKDT FRI APR 21 2017


...................................

...THE KING SALMON CLIMATE SUMMARY FOR APRIL 20 2017...

CLIMATE NORMAL PERIOD 1981 TO 2010
CLIMATE RECORD PERIOD 1917 TO 2017


WEATHER ITEM   OBSERVED TIME   RECORD YEAR NORMAL DEPARTURE LAST
                VALUE   (LST)  VALUE       VALUE  FROM      YEAR
                                                  NORMAL
..................................................................
TEMPERATURE (F)
 YESTERDAY
  MAXIMUM         53    259 PM  59    2014  44      9       54
  MINIMUM         30    853 AM   3    1972  27      3       38
                                      1922
  AVERAGE         42                        36      6       46

PRECIPITATION (IN)
  YESTERDAY        0.00          1.21 1963   0.04  -0.04      T
  MONTH TO DATE    0.49                      0.62  -0.13     0.64
  SINCE MAR 1      0.54                      1.32  -0.78     2.59
  SINCE JAN 1      1.74                      3.10  -1.36     4.03

SNOWFALL (IN)
  YESTERDAY        0.0          MM      MM   0.1   -0.1     MM
  MONTH TO DATE    2.9                       3.1   -0.2      0.0
  SINCE MAR 1      3.3                       9.5   -6.2      0.0
  SINCE JUL 1     26.0                      45.0  -19.0     13.1
  SNOW DEPTH       0

DEGREE DAYS
 HEATING
  YESTERDAY       23                        30     -7       19
  MONTH TO DATE  547                       666   -119      455
  SINCE MAR 1   2171                      1932    239     1404
  SINCE JUL 1   9304                      9552   -248     7095

 COOLING
  YESTERDAY        0                         0      0        0
  MONTH TO DATE    0                         0      0        0
  SINCE MAR 1      0                         0      0        0
  SINCE JAN 1      0                         0      0        0
..................................................................


WIND (MPH)
  RESULTANT WIND SPEED   2   RESULTANT WIND DIRECTION   E (90)
  HIGHEST WIND SPEED    12   HIGHEST WIND DIRECTION     S (160)
  HIGHEST GUST SPEED    18   HIGHEST GUST DIRECTION     E (110)
  AVERAGE WIND SPEED     3.6



WEATHER CONDITIONS
 THE FOLLOWING WEATHER WAS RECORDED YESTERDAY.
  FOG


RELATIVE HUMIDITY (PERCENT)
 HIGHEST   100
 LOWEST     32
 AVERAGE    66

..........................................................


THE KING SALMON CLIMATE NORMALS FOR TODAY
                         NORMAL    RECORD    YEAR
 MAXIMUM TEMPERATURE (F)   45        57      2014
 MINIMUM TEMPERATURE (F)   27        -1      1972


SUNRISE AND SUNSET
APRIL 21 2017.........SUNRISE   656 AM AKDT  SUNSET   956 PM AKDT
APRIL 22 2017.........SUNRISE   653 AM AKDT  SUNSET   958 PM AKDT


-  INDICATES NEGATIVE NUMBERS.
R  INDICATES RECORD WAS SET OR TIED.
MM INDICATES DATA IS MISSING.
T  INDICATES TRACE AMOUNT.




$$
