000
CDAK48 PAKN 211112
CLIAKN

CLIMATE REPORT
NATIONAL WEATHER SERVICE KING SALMON, AK
312 AM AKDT THU MAY 21 2015

...................................
...THE KING SALMON AP CLIMATE SUMMARY FOR MAY 20 2015...

CLIMATE NORMAL PERIOD  1981 TO  2010
CLIMATE RECORD PERIOD  1917 TO  2015

WEATHER ITEM   OBSERVED TIME    RECORD YEAR NORMAL DEPARTURE LAST
               VALUE    (LST)   VALUE       VALUE  FROM      YEAR
                                                   NORMAL
...................................................................
TEMPERATURE
YESTERDAY
 MAXIMUM            53  1137 AM    74  2002     55      -2     64
 MINIMUM            45  1159 PM    26  2008     36       9     36
 AVERAGE            49                          45       4     50

PRECIPITATION
(INCHES)
 YESTERDAY        0.03           0.92  1933   0.04   -0.01   0.00
 MONTH TO DATE    2.66                        0.76    1.90   0.41
 SINCE MAR 1      5.79                        2.43    3.36   1.69
 SINCE JAN 1      6.58                        4.21    2.37   3.50

SNOWFALL
(INCHES)
 YESTERDAY         0.0              T  2009    0.1    -0.1    0.0
 MONTH TO DATE     0.0                         0.7    -0.7    0.0
 SINCE MAR 1      12.4                        11.0     1.4    9.3
 SINCE JUL 1      26.1                        46.5   -20.4   36.0
 SNOW DEPTH (IN)     0                                          0

DEGREE DAYS
 HEATING
  YESTERDAY         16                          20      -4     15
  MONTH TO DATE    372                         446     -74    303
  SINCE MAR 1     2297                        2651    -354   2350
  SINCE JUL 1     8494                       10269   -1775   8710

 COOLING
  YESTERDAY          0                           0       0      0
  MONTH TO DATE      0                           0       0      0
  SINCE MAR 1        0                           0       0      0
  SINCE JAN 1        0                           0       0      0
...................................................................

WIND (MPH)
 HIGHEST WIND SPEED    29     HIGHEST WIND DIRECTION    150
 HIGHEST GUST SPEED    38     HIGHEST GUST DIRECTION    140
 AVERAGE WIND SPEED  14.2

SKY COVER
  POSSIBLE SUNSHINE    MM          AVERAGE SKY COVER     MM

WEATHER CONDITIONS
 THE FOLLOWING WEATHER WAS RECORDED YESTERDAY.
  RAIN


RELATIVE HUMIDITY
 HIGHEST RH     MM PERCENT       MM
 LOWEST  RH     MM PERCENT       MM
 AVERAGE RH     MM PERCENT       MM
...................................................................

THE KING SALMON CLIMATE NORMALS FOR TODAY
                           NORMAL    RECORD   YEAR
 MAXIMUM TEMPERATURE (F)     56        71     2002
 MINIMUM TEMPERATURE (F)     36        24     1986

SUNRISE AND SUNSET
 MAY 21 2015..........SUNRISE  5:46 AM      SUNSET 11:03 PM
 MAY 22 2015..........SUNRISE  5:44 AM      SUNSET 11:05 PM

-  INDICATES NEGATIVE NUMBERS.
R  INDICATES RECORD HAS BEEN SET OR TIED.
MM INDICATES DATA IS MISSING.
T  INDICATES TRACE OF PRECIPITATION.

&&
-------------------------------------------------------------------

AMOUNT OF DAYLIGHT TODAY  (HOUR:MIN)........17 HOURS 17 MINUTES
GAIN SINCE YESTERDAY (HOUR:MIN:SEC).........+0:03:57

$$
AM MAY 15
