000
CDAK48 PAKN 290003
CLIAKN

CLIMATE REPORT
NATIONAL WEATHER SERVICE KING SALMON, AK
403 PM AKDT TUE JUL 28 2015

...................................
...THE KING SALMON AP CLIMATE SUMMARY FOR JULY 28 2015...
VALID TODAY AS OF 2:00 PM LOCAL TIME

CLIMATE NORMAL PERIOD  1981 TO  2010
CLIMATE RECORD PERIOD  1917 TO  2015

WEATHER ITEM   OBSERVED TIME    RECORD YEAR NORMAL DEPARTURE LAST
               VALUE    (LST)   VALUE       VALUE  FROM      YEAR
                                                   NORMAL
...................................................................
TEMPERATURE
TODAY
 MAXIMUM            64  0159 PM    78  1997     64       0     57
 MINIMUM            53  0754 AM    36  2008     48       5     52
 AVERAGE            59                          56       3     55

PRECIPITATION
(INCHES)
 TODAY               T           0.50  1989   0.09   -0.09   0.18
 MONTH TO DATE    2.84                        2.04    0.80   2.38
 SINCE JUN 1      3.68                        3.69   -0.01   5.63
 SINCE JAN 1     10.92                        8.39    2.53  10.76

SNOWFALL
(INCHES)
 TODAY             0.0            0.0  2015    0.0     0.0    0.0
 MONTH TO DATE     0.0                         0.0     0.0    0.0
 SINCE JUN 1       0.0                         0.0     0.0    0.0
 SINCE JUL 1       0.0                         0.0     0.0    0.0
 SNOW DEPTH (IN)    MM                                          0

DEGREE DAYS
 HEATING
  TODAY              6                           9      -3     10
  MONTH TO DATE    217                         263     -46    224
  SINCE JUN 1      466                         670    -204    655
  SINCE JUL 1      217                         263     -46    224

 COOLING
  TODAY              0                           0       0      0
  MONTH TO DATE      0                           0       0      0
  SINCE JUN 1        2                           0       2      0
  SINCE JAN 1        2                           0       2      0
...................................................................

WIND (MPH)
 HIGHEST WIND SPEED    12     HIGHEST WIND DIRECTION    190
 HIGHEST GUST SPEED    14     HIGHEST GUST DIRECTION    200
 AVERAGE WIND SPEED    MM

SKY COVER
  POSSIBLE SUNSHINE  MM            AVERAGE SKY COVER MM

WEATHER CONDITIONS
 THE FOLLOWING WEATHER WAS RECORDED TODAY.
 FOG
 DRIZZLE
 RAIN


RELATIVE HUMIDITY
 HIGHEST RH     MM PERCENT       MM
 LOWEST  RH     MM PERCENT       MM
 AVERAGE RH     MM PERCENT       MM
...................................................................

THE KING SALMON CLIMATE NORMALS FOR TOMORROW
                        NORMAL    RECORD   YEAR
 MAXIMUM TEMPERATURE      64        79     1963
 MINIMUM TEMPERATURE      48        38     2000

SUNRISE AND SUNSET
 JUL 28 2015..........SUNRISE  6:08 AM      SUNSET 10:58 PM
 JUL 29 2015..........SUNRISE  6:10 AM      SUNSET 10:56 PM

-  INDICATES NEGATIVE NUMBERS.
R  INDICATES RECORD HAS BEEN SET OR TIED.
MM INDICATES DATA IS MISSING.
T  INDICATES TRACE OF PRECIPITATION.

&&
-------------------------------------------------------------------

AMOUNT OF DAYLIGHT TODAY  (HOUR:MIN)........16 HOURS 50 MINUTES
LOSS SINCE YESTERDAY (HOUR:MIN:SEC)....-0:04:15

$$
JML JUL 15
