000
CDAK48 PAKN 151200
CLIAKN

CLIMATE REPORT
NATIONAL WEATHER SERVICE KING SALMON, AK
400 AM AKDT MON AUG 15 2016

...................................
...THE KING SALMON AP CLIMATE SUMMARY FOR AUGUST 14 2016...

CLIMATE NORMAL PERIOD  1981 TO  2010
CLIMATE RECORD PERIOD  1917 TO  2016

WEATHER ITEM   OBSERVED TIME    RECORD YEAR NORMAL DEPARTURE LAST
               VALUE    (LST)   VALUE       VALUE  FROM      YEAR
                                                   NORMAL
...................................................................
TEMPERATURE
YESTERDAY
 MAXIMUM            72  0333 PM    78  1950     63       9     60
 MINIMUM            53  1159 PM    36  1983     47       6     47
 AVERAGE            63                          55       8     54

PRECIPITATION
(INCHES)
 YESTERDAY        0.01           1.27  1953   0.09   -0.08   0.16
 MONTH TO DATE    2.78                        1.28    1.50   0.88
 SINCE JUN 1      8.58                        5.23    3.35   4.83
 SINCE JAN 1     15.99                        9.93    6.06  12.07

SNOWFALL
(INCHES)
 YESTERDAY         0.0            0.0  2016    0.0     0.0    0.0
 MONTH TO DATE     0.0                         0.0     0.0    0.0
 SINCE JUN 1       0.0                         0.0     0.0    0.0
 SINCE JUL 1       0.0                         0.0     0.0    0.0
 SNOW DEPTH (IN)     0                                          0

DEGREE DAYS
 HEATING
  YESTERDAY          2                          10      -8     11
  MONTH TO DATE     76                         135     -59    103
  SINCE JUN 1      523                         832    -309    582
  SINCE JUL 1      252                         425    -173    333

 COOLING
  YESTERDAY          0                           0       0      0
  MONTH TO DATE      0                           0       0      0
  SINCE JUN 1        0                           0       0      2
  SINCE JAN 1        0                           0       0      2
...................................................................

WIND (MPH)
 HIGHEST WIND SPEED    18     HIGHEST WIND DIRECTION     20
 HIGHEST GUST SPEED    23     HIGHEST GUST DIRECTION     20
 AVERAGE WIND SPEED   7.6

SKY COVER
  POSSIBLE SUNSHINE    MM          AVERAGE SKY COVER     MM

WEATHER CONDITIONS
 THE FOLLOWING WEATHER WAS RECORDED YESTERDAY.
  RAIN


RELATIVE HUMIDITY
 HIGHEST RH     MM PERCENT       MM
 LOWEST  RH     MM PERCENT       MM
 AVERAGE RH     MM PERCENT       MM
...................................................................

THE KING SALMON CLIMATE NORMALS FOR TODAY
                           NORMAL    RECORD   YEAR
 MAXIMUM TEMPERATURE (F)     63        82     1957
 MINIMUM TEMPERATURE (F)     47        36     1981

SUNRISE AND SUNSET
 AUG 15 2016..........SUNRISE  6:49 AM      SUNSET 10:12 PM
 AUG 16 2016..........SUNRISE  6:51 AM      SUNSET 10:09 PM

-  INDICATES NEGATIVE NUMBERS.
R  INDICATES RECORD HAS BEEN SET OR TIED.
MM INDICATES DATA IS MISSING.
T  INDICATES TRACE OF PRECIPITATION.

&&
-------------------------------------------------------------------

AMOUNT OF DAYLIGHT TODAY  (HOUR:MIN)........15 HOURS 23 MINUTES
LOSS SINCE YESTERDAY (HOUR:MIN:SEC).........-0:04:53

$$

DT AUG 16
