000
CDAK48 PAKN 120001
CLIAKN

CLIMATE REPORT
NATIONAL WEATHER SERVICE KING SALMON, AK
401 PM AKDT THU SEP 11 2014

...................................
...THE KING SALMON AP CLIMATE SUMMARY FOR SEPTEMBER 11 2014...
VALID TODAY AS OF 2:00 PM LOCAL TIME

CLIMATE NORMAL PERIOD  1981 TO  2010
CLIMATE RECORD PERIOD  1917 TO  2014

WEATHER ITEM   OBSERVED TIME    RECORD YEAR NORMAL DEPARTURE LAST
               VALUE    (LST)   VALUE       VALUE  FROM      YEAR
                                                   NORMAL
...................................................................
TEMPERATURE
TODAY
 MAXIMUM            67  1258 PM    69  1934     58       9     59
 MINIMUM            56  0834 AM    29  1959     42      14     42
 AVERAGE            62                          50      12     51

PRECIPITATION
(INCHES)
 TODAY            0.04           1.07  1921   0.11   -0.07   0.00
 MONTH TO DATE    1.57                        1.20    0.37   0.96
 SINCE SEP 1      1.57                        1.20    0.37   0.96
 SINCE JAN 1     15.84                       12.80    3.04  15.05

SNOWFALL
(INCHES)
 TODAY             0.0              T  1987    0.0     0.0    0.0
 MONTH TO DATE     0.0                         0.0     0.0    0.0
 SINCE SEP 1       0.0                         0.0     0.0    0.0
 SINCE JUL 1       0.0                         0.0     0.0    0.0
 SNOW DEPTH (IN)     0                                          0

DEGREE DAYS
 HEATING
  TODAY              3                          15     -12     14
  MONTH TO DATE     91                         153     -62    123
  SINCE SEP 1       91                         153     -62    123
  SINCE JUL 1      565                         765    -200    626

 COOLING
  TODAY              0                           0       0      0
  MONTH TO DATE      0                           0       0      0
  SINCE SEP 1        0                           0       0      0
  SINCE JAN 1        0                           0       0      4
...................................................................

WIND (MPH)
 HIGHEST WIND SPEED    28     HIGHEST WIND DIRECTION    100
 HIGHEST GUST SPEED    38     HIGHEST GUST DIRECTION     90
 AVERAGE WIND SPEED    MM

SKY COVER
  POSSIBLE SUNSHINE  MM            AVERAGE SKY COVER MM

WEATHER CONDITIONS
 THE FOLLOWING WEATHER WAS RECORDED TODAY.
RAIN


RELATIVE HUMIDITY
 HIGHEST RH     MM PERCENT       MM
 LOWEST  RH     MM PERCENT       MM
 AVERAGE RH     MM PERCENT       MM
...................................................................

THE KING SALMON CLIMATE NORMALS FOR TOMORROW
                        NORMAL    RECORD   YEAR
 MAXIMUM TEMPERATURE      57        72     1934
 MINIMUM TEMPERATURE      41        29     1959

SUNRISE AND SUNSET
 SEP 11 2014..........SUNRISE  7:48 AM      SUNSET  8:58 PM
 SEP 12 2014..........SUNRISE  7:50 AM      SUNSET  8:55 PM

-  INDICATES NEGATIVE NUMBERS.
R  INDICATES RECORD HAS BEEN SET OR TIED.
MM INDICATES DATA IS MISSING.
T  INDICATES TRACE OF PRECIPITATION.

&&
-------------------------------------------------------------------

AMOUNT OF DAYLIGHT TODAY  (HOUR:MIN)........13 HOURS 10 MINUTES
GAIN/LOSS SINCE YESTERDAY (HOUR:MIN:SEC)....-0:05:06

$$
FS SEP 14
