000
CDAK48 PAKN 301108
CLIAKN

CLIMATE REPORT
NATIONAL WEATHER SERVICE KING SALMON, AK
308 AM AKDT TUE JUN 30 2015

...................................
...THE KING SALMON AP CLIMATE SUMMARY FOR JUNE 29 2015...

CLIMATE NORMAL PERIOD  1981 TO  2010
CLIMATE RECORD PERIOD  1917 TO  2015

WEATHER ITEM   OBSERVED TIME    RECORD YEAR NORMAL DEPARTURE LAST
               VALUE    (LST)   VALUE       VALUE  FROM      YEAR
                                                   NORMAL
...................................................................
TEMPERATURE
YESTERDAY
 MAXIMUM            68  0223 PM    81  1997     63       5     51
 MINIMUM            47  0504 AM    34  1952     45       2     45
 AVERAGE            58                          54       4     48

PRECIPITATION
(INCHES)
 YESTERDAY           T           0.50  1919   0.06   -0.06   0.14
 MONTH TO DATE    0.84                        1.59   -0.75   3.25
 SINCE JUN 1      0.84                        1.59   -0.75   3.25
 SINCE JAN 1      8.08                        6.29    1.79   8.38

SNOWFALL
(INCHES)
 YESTERDAY         0.0            0.0  2015    0.0     0.0    0.0
 MONTH TO DATE     0.0                         0.0     0.0    0.0
 SINCE JUN 1       0.0                         0.0     0.0    0.0
 SINCE JUL 1      26.1                        46.6   -20.5   36.0
 SNOW DEPTH (IN)     0                                          0

DEGREE DAYS
 HEATING
  YESTERDAY          7                          11      -4     17
  MONTH TO DATE    241                         396    -155    419
  SINCE JUN 1      241                         396    -155    419
  SINCE JUL 1     8886                       10865   -1979   9317

 COOLING
  YESTERDAY          0                           0       0      0
  MONTH TO DATE      2                           0       2      0
  SINCE JUN 1        2                           0       2      0
  SINCE JAN 1        2                           0       2      0
...................................................................

WIND (MPH)
 HIGHEST WIND SPEED    23     HIGHEST WIND DIRECTION     50
 HIGHEST GUST SPEED    32     HIGHEST GUST DIRECTION     40
 AVERAGE WIND SPEED  10.9

SKY COVER
  POSSIBLE SUNSHINE    MM          AVERAGE SKY COVER     MM

WEATHER CONDITIONS
 THE FOLLOWING WEATHER WAS RECORDED YESTERDAY.
  RAIN


RELATIVE HUMIDITY
 HIGHEST RH     MM PERCENT       MM
 LOWEST  RH     MM PERCENT       MM
 AVERAGE RH     MM PERCENT       MM
...................................................................

THE KING SALMON CLIMATE NORMALS FOR TODAY
                           NORMAL    RECORD   YEAR
 MAXIMUM TEMPERATURE (F)     63        78     1962
 MINIMUM TEMPERATURE (F)     46        32     1964

SUNRISE AND SUNSET
 JUN 30 2015..........SUNRISE  5:22 AM      SUNSET 11:39 PM
 JUL 1 2015..........SUNRISE  5:23 AM      SUNSET 11:39 PM

-  INDICATES NEGATIVE NUMBERS.
R  INDICATES RECORD HAS BEEN SET OR TIED.
MM INDICATES DATA IS MISSING.
T  INDICATES TRACE OF PRECIPITATION.

&&
-------------------------------------------------------------------

AMOUNT OF DAYLIGHT TODAY  (HOUR:MIN)........18 HOURS 17 MINUTES
LOSS SINCE YESTERDAY (HOUR:MIN:SEC).........-0:01:23

$$
AM JUN 15
