236
CDAK48 PAFC 081258
CLIAKN


CLIMATE REPORT
NATIONAL WEATHER SERVICE ANCHORAGE, AK
358 AM AKST WED NOV 8 2017


...................................

...THE KING SALMON CLIMATE SUMMARY FOR NOVEMBER 7 2017...

CLIMATE NORMAL PERIOD 1981 TO 2010
CLIMATE RECORD PERIOD 1917 TO 2017


WEATHER ITEM   OBSERVED TIME   RECORD YEAR NORMAL DEPARTURE LAST
                VALUE   (LST)  VALUE       VALUE  FROM      YEAR
                                                  NORMAL
..................................................................
TEMPERATURE (F)
 YESTERDAY
  MAXIMUM         36        MM  49    1998  32      4       29
                                      1991
                                      1979
  MINIMUM         13        MM  -9    1918  17     -4       17
  AVERAGE         25                        25      0       23

PRECIPITATION (IN)
  YESTERDAY        T             0.32 1986   0.05  -0.05     0.00
  MONTH TO DATE    0.01                      0.35  -0.34     0.08
  SINCE SEP 1      7.32                      5.62   1.70     6.03
  SINCE JAN 1     18.01                     17.22   0.79    24.00

SNOWFALL (IN)
  YESTERDAY        0.0           2.4  1964   0.2   -0.2      0.0
  MONTH TO DATE    0.0                       1.3   -1.3       T
  SINCE SEP 1      2.6                       4.2   -1.6       T
  SINCE JUL 1      2.6                       4.2   -1.6       T
  SNOW DEPTH       0

DEGREE DAYS
 HEATING
  YESTERDAY       40                        40      0       42
  MONTH TO DATE  238                       275    -37      220
  SINCE SEP 1   1534                      1773   -239     1374
  SINCE JUL 1   2031                      2389   -358     1691

 COOLING
  YESTERDAY        0                         0      0        0
  MONTH TO DATE    0                         0      0        0
  SINCE SEP 1      0                         0      0        0
  SINCE JAN 1      1                         1      0        0
..................................................................


WIND (MPH)
  RESULTANT WIND SPEED   1   RESULTANT WIND DIRECTION  SE (120)
  HIGHEST WIND SPEED     9   HIGHEST WIND DIRECTION     E (70)
  HIGHEST GUST SPEED    MM   HIGHEST GUST DIRECTION    MM
  AVERAGE WIND SPEED     2.5



WEATHER CONDITIONS
 THE FOLLOWING WEATHER WAS RECORDED YESTERDAY.
  LIGHT RAIN


RELATIVE HUMIDITY (PERCENT)
 HIGHEST   100
 LOWEST     88
 AVERAGE    94

..........................................................


THE KING SALMON CLIMATE NORMALS FOR TODAY
                         NORMAL    RECORD    YEAR
 MAXIMUM TEMPERATURE (F)   32        50      1979
 MINIMUM TEMPERATURE (F)   17        -8      1977


SUNRISE AND SUNSET
NOVEMBER  8 2017......SUNRISE   901 AM AKST  SUNSET   518 PM AKST
NOVEMBER  9 2017......SUNRISE   904 AM AKST  SUNSET   516 PM AKST


-  INDICATES NEGATIVE NUMBERS.
R  INDICATES RECORD WAS SET OR TIED.
MM INDICATES DATA IS MISSING.
T  INDICATES TRACE AMOUNT.




$$
