152
CDAK48 PAKN 250044
CLIAKN

CLIMATE REPORT
NATIONAL WEATHER SERVICE KING SALMON, AK
444 PM AKDT SUN APR 24 2016

...................................
...THE KING SALMON AP CLIMATE SUMMARY FOR APRIL 24 2016...
VALID TODAY AS OF 2:00 PM LOCAL TIME

CLIMATE NORMAL PERIOD  1981 TO  2010
CLIMATE RECORD PERIOD  1917 TO  2016

WEATHER ITEM   OBSERVED TIME    RECORD YEAR NORMAL DEPARTURE LAST
               VALUE    (LST)   VALUE       VALUE  FROM      YEAR
                                                   NORMAL
...................................................................
TEMPERATURE
TODAY
 MAXIMUM            56  0343 PM    59  1936     46      10     50
 MINIMUM            32  0539 AM    10  1955     28       4     32
 AVERAGE            44                          37       7     41

PRECIPITATION
(INCHES)
 TODAY            0.00           1.30  1934   0.04   -0.04   0.02
 MONTH TO DATE    0.64                        0.76   -0.12   2.18
 SINCE MAR 1      2.59                        1.46    1.13   3.13
 SINCE JAN 1      4.03                        3.24    0.79   3.92

SNOWFALL
(INCHES)
 TODAY             0.0            2.1  1963    0.1    -0.1    0.0
 MONTH TO DATE     0.0                         3.5    -3.5   12.1
 SINCE MAR 1       4.2                         9.9    -5.7   12.4
 SINCE JUL 1      38.8                        45.4    -6.6   26.1
 SNOW DEPTH (IN)     0                                          0

DEGREE DAYS
 HEATING
  TODAY             21                          28      -7     24
  MONTH TO DATE    527                         780    -253    729
  SINCE MAR 1     1512                        2045    -533   1792
  SINCE JUL 1     7446                        9663   -2217   7990

 COOLING
  TODAY              0                           0       0      0
  MONTH TO DATE      0                           0       0      0
  SINCE MAR 1        0                           0       0      0
  SINCE JAN 1        0                           0       0      0
...................................................................

WIND (MPH)
 HIGHEST WIND SPEED    28     HIGHEST WIND DIRECTION    100
 HIGHEST GUST SPEED    36     HIGHEST GUST DIRECTION     80
 AVERAGE WIND SPEED   0.0

SKY COVER
  POSSIBLE SUNSHINE  MM            AVERAGE SKY COVER MM

WEATHER CONDITIONS
 THE FOLLOWING WEATHER WAS RECORDED TODAY.
GLAZE
THUNDER


RELATIVE HUMIDITY
 HIGHEST RH     MM PERCENT       MM
 LOWEST  RH     MM PERCENT       MM
 AVERAGE RH     MM PERCENT       MM
...................................................................

THE KING SALMON CLIMATE NORMALS FOR TOMORROW
                        NORMAL    RECORD   YEAR
 MAXIMUM TEMPERATURE      46        60     1998
 MINIMUM TEMPERATURE      29         8     1955

SUNRISE AND SUNSET
 APR 24 2016..........SUNRISE  6:48 AM      SUNSET 10:04 PM
 APR 25 2016..........SUNRISE  6:45 AM      SUNSET 10:06 PM

-  INDICATES NEGATIVE NUMBERS.
R  INDICATES RECORD HAS BEEN SET OR TIED.
MM INDICATES DATA IS MISSING.
T  INDICATES TRACE OF PRECIPITATION.

&&
-------------------------------------------------------------------

AMOUNT OF DAYLIGHT TODAY  (HOUR:MIN)........15 HOURS 16 MINUTES
GAIN/LOSS SINCE YESTERDAY (HOUR:MIN:SEC)....+0:04:59

$$
DJH APR 16
