000
CDAK48 PAKN 160050
CLIAKN

CLIMATE REPORT
NATIONAL WEATHER SERVICE KING SALMON, AK
450 PM AKDT TUE JUL 15 2014

...................................
...THE KING SALMON AP CLIMATE SUMMARY FOR JULY 15 2014...
VALID TODAY AS OF 2:00 PM LOCAL TIME

CLIMATE NORMAL PERIOD  1981 TO  2010
CLIMATE RECORD PERIOD  1949 TO  2014

WEATHER ITEM   OBSERVED TIME    RECORD YEAR NORMAL DEPARTURE LAST
               VALUE    (LST)   VALUE       VALUE  FROM      YEAR
                                                   NORMAL
...................................................................
TEMPERATURE
TODAY
 MAXIMUM            68  0208 PM    80  1956     64       4     65
 MINIMUM            50  0740 AM    38  1984     48       2     51
 AVERAGE            59                          56       3     58

PRECIPITATION
(INCHES)
 TODAY            0.00           0.97  1989   0.07   -0.07   0.03
 MONTH TO DATE    1.41                        0.99    0.42   0.82
 SINCE JUN 1      4.66                        2.64    2.02   1.87
 SINCE JAN 1      9.79                        7.34    2.45   8.23

SNOWFALL
(INCHES)
 TODAY             0.0            0.0  2014    0.0     0.0    0.0
 MONTH TO DATE     0.0                         0.0     0.0    0.0
 SINCE JUN 1       0.0                         0.0     0.0    0.0
 SINCE JUL 1       0.0                         0.0     0.0    0.0
 SNOW DEPTH (IN)     0                                          0

DEGREE DAYS
 HEATING
  TODAY              6                           9      -3      7
  MONTH TO DATE    115                         146     -31    172
  SINCE JUN 1      546                         553      -7    454
  SINCE JUL 1      115                         146     -31    172

 COOLING
  TODAY              0                           0       0      0
  MONTH TO DATE      0                           0       0      0
  SINCE JUN 1        0                           0       0      0
  SINCE JAN 1        0                           0       0      0
...................................................................

WIND (MPH)
 HIGHEST WIND SPEED     8     HIGHEST WIND DIRECTION    260
 HIGHEST GUST SPEED    10     HIGHEST GUST DIRECTION    290
 AVERAGE WIND SPEED    MM

SKY COVER
  POSSIBLE SUNSHINE  MM            AVERAGE SKY COVER MM

WEATHER CONDITIONS
 THE FOLLOWING WEATHER WAS RECORDED TODAY.
NO SIGNIFICANT WEATHER WAS OBSERVED.

RELATIVE HUMIDITY
 HIGHEST RH     MM PERCENT       MM
 LOWEST  RH     MM PERCENT       MM
 AVERAGE RH     MM PERCENT       MM
...................................................................

THE KING SALMON CLIMATE NORMALS FOR TOMORROW
                        NORMAL    RECORD   YEAR
 MAXIMUM TEMPERATURE      64        76     1962
 MINIMUM TEMPERATURE      48        35     1970

SUNRISE AND SUNSET
 JUL 15 2014..........SUNRISE  5:43 AM      SUNSET 11:22 PM
 JUL 16 2014..........SUNRISE  5:45 AM      SUNSET 11:21 PM

-  INDICATES NEGATIVE NUMBERS.
R  INDICATES RECORD HAS BEEN SET OR TIED.
MM INDICATES DATA IS MISSING.
T  INDICATES TRACE OF PRECIPITATION.

&&
-------------------------------------------------------------------

AMOUNT OF DAYLIGHT TODAY  (HOUR:MIN)........17 HOURS 39 MINUTES
GAIN/LOSS SINCE YESTERDAY (HOUR:MIN:SEC)....-0:03:18

$$
DJH JUL 14
