000
CDAK48 PAKN 241031
CLIAKN

CLIMATE REPORT
NATIONAL WEATHER SERVICE KING SALMON, AK
131 AM AKST SAT JAN 24 2015

...................................
...THE KING SALMON AP CLIMATE SUMMARY FOR JANUARY 23 2015...

CLIMATE NORMAL PERIOD  1981 TO  2010
CLIMATE RECORD PERIOD  1917 TO  2015

WEATHER ITEM   OBSERVED TIME    RECORD YEAR NORMAL DEPARTURE LAST
               VALUE    (LST)   VALUE       VALUE  FROM      YEAR
                                                   NORMAL
...................................................................
TEMPERATURE
YESTERDAY
 MAXIMUM             3  0102 AM    50  2014     23     -20     50
 MINIMUM            -5  1042 AM   -37  2006      9     -14     33
 AVERAGE            -1                          16     -17     42

PRECIPITATION
(INCHES)
 YESTERDAY           T           0.72  1975   0.04   -0.04      T
 MONTH TO DATE    0.52                        0.75   -0.23   1.70
 SINCE DEC 1      2.48                        1.98    0.50   2.83
 SINCE JAN 1      0.52                        0.75   -0.23   1.70

SNOWFALL
(INCHES)
 YESTERDAY           T            7.8  1975    0.3    -0.3    0.0
 MONTH TO DATE     0.7                         7.5    -6.8   10.6
 SINCE DEC 1       8.2                        17.0    -8.8   13.8
 SINCE JUL 1      11.7                        26.8   -15.1   25.4
 SNOW DEPTH (IN)     T                                          0

DEGREE DAYS
 HEATING
  YESTERDAY         66                          49      17     23
  MONTH TO DATE    911                        1123    -212    743
  SINCE DEC 1     1939                        2561    -622   2085
  SINCE JUL 1     4690                        5936   -1246   4989

 COOLING
  YESTERDAY          0                           0       0      0
  MONTH TO DATE      0                           0       0      0
  SINCE DEC 1        0                           0       0      0
  SINCE JAN 1        0                           0       0      0
...................................................................

WIND (MPH)
 HIGHEST WIND SPEED    33     HIGHEST WIND DIRECTION    350
 HIGHEST GUST SPEED    40     HIGHEST GUST DIRECTION    350
 AVERAGE WIND SPEED  17.3

SKY COVER
  POSSIBLE SUNSHINE    MM          AVERAGE SKY COVER     MM

WEATHER CONDITIONS
 THE FOLLOWING WEATHER WAS RECORDED YESTERDAY.
  SNOW


RELATIVE HUMIDITY
 HIGHEST RH     MM PERCENT       MM
 LOWEST  RH     MM PERCENT       MM
 AVERAGE RH     MM PERCENT       MM
...................................................................

THE KING SALMON CLIMATE NORMALS FOR TODAY
                           NORMAL    RECORD   YEAR
 MAXIMUM TEMPERATURE (F)     23        50     1963
 MINIMUM TEMPERATURE (F)      9       -36     2006

SUNRISE AND SUNSET
 JAN 24 2015..........SUNRISE  9:50 AM      SUNSET  5:29 PM
 JAN 25 2015..........SUNRISE  9:48 AM      SUNSET  5:31 PM

-  INDICATES NEGATIVE NUMBERS.
R  INDICATES RECORD HAS BEEN SET OR TIED.
MM INDICATES DATA IS MISSING.
T  INDICATES TRACE OF PRECIPITATION.

&&
-------------------------------------------------------------------

AMOUNT OF DAYLIGHT TODAY  (HOUR:MIN)........7 HOURS 39 MINUTES
GAIN/LOSS SINCE YESTERDAY (HOUR:MIN:SEC)....+0:04:11

$$
FS JAN 15
