000
CDAK48 PAKN 261156
CLIAKN

CLIMATE REPORT
NATIONAL WEATHER SERVICE KING SALMON, AK
356 AM AKDT TUE AUG 26 2014

...................................
...THE KING SALMON AP CLIMATE SUMMARY FOR AUGUST 25 2014...

CLIMATE NORMAL PERIOD  1981 TO  2010
CLIMATE RECORD PERIOD  1917 TO  2013

WEATHER ITEM   OBSERVED TIME    RECORD YEAR NORMAL DEPARTURE LAST
               VALUE    (LST)   VALUE       VALUE  FROM      YEAR
                                                   NORMAL
...................................................................
TEMPERATURE
YESTERDAY
 MAXIMUM            63  0408 PM    79  1987     62       1     55
 MINIMUM            45  0631 AM    32  1965     46      -1     43
 AVERAGE            54                          54       0     49

PRECIPITATION
(INCHES)
 YESTERDAY           T           0.81  1945   0.10   -0.10   0.15
 MONTH TO DATE    3.13                        2.34    0.79   5.18
 SINCE JUN 1      8.76                        6.29    2.47   7.53
 SINCE JAN 1     13.89                       10.99    2.90  13.89

SNOWFALL
(INCHES)
 YESTERDAY         0.0            0.0  2014    0.0     0.0    0.0
 MONTH TO DATE     0.0                         0.0     0.0    0.0
 SINCE JUN 1       0.0                         0.0     0.0    0.0
 SINCE JUL 1       0.0                         0.0     0.0    0.0
 SNOW DEPTH (IN)     0                                          0

DEGREE DAYS
 HEATING
  YESTERDAY         11                          11       0     16
  MONTH TO DATE    156                         251     -95    215
  SINCE JUN 1      825                         948    -123    719
  SINCE JUL 1      394                         541    -147    437

 COOLING
  YESTERDAY          0                           0       0      0
  MONTH TO DATE      0                           0       0      0
  SINCE JUN 1        0                           0       0      4
  SINCE JAN 1        0                           0       0      4
...................................................................

WIND (MPH)
 HIGHEST WIND SPEED    17     HIGHEST WIND DIRECTION    280
 HIGHEST GUST SPEED    23     HIGHEST GUST DIRECTION    260
 AVERAGE WIND SPEED   8.2

SKY COVER
  POSSIBLE SUNSHINE    MM          AVERAGE SKY COVER     MM

WEATHER CONDITIONS
 THE FOLLOWING WEATHER WAS RECORDED YESTERDAY.
  FOG
  RAIN


RELATIVE HUMIDITY
 HIGHEST RH     MM PERCENT       MM
 LOWEST  RH     MM PERCENT       MM
 AVERAGE RH     MM PERCENT       MM
...................................................................

THE KING SALMON CLIMATE NORMALS FOR TODAY
                           NORMAL    RECORD   YEAR
 MAXIMUM TEMPERATURE (F)     62        80     1981
 MINIMUM TEMPERATURE (F)     46        30     2009

SUNRISE AND SUNSET
 AUG 26 2014..........SUNRISE  7:13 AM      SUNSET  9:43 PM
 AUG 27 2014..........SUNRISE  7:15 AM      SUNSET  9:41 PM

-  INDICATES NEGATIVE NUMBERS.
R  INDICATES RECORD HAS BEEN SET OR TIED.
MM INDICATES DATA IS MISSING.
T  INDICATES TRACE OF PRECIPITATION.

&&
-------------------------------------------------------------------

AMOUNT OF DAYLIGHT TODAY  (HOUR:MIN)........14 HOURS 30 MINUTES
LOSS SINCE YESTERDAY (HOUR:MIN:SEC).........-0:05:01

$$

DT AUG 14
