000
CDAK48 PAKN 242312
CLIAKN

CLIMATE REPORT
NATIONAL WEATHER SERVICE KING SALMON, AK
312 PM AKDT MON AUG 24 2015

...................................
...THE KING SALMON AP CLIMATE SUMMARY FOR AUGUST 24 2015...
VALID TODAY AS OF 2:00 PM LOCAL TIME

CLIMATE NORMAL PERIOD  1981 TO  2010
CLIMATE RECORD PERIOD  1917 TO  2015

WEATHER ITEM   OBSERVED TIME    RECORD YEAR NORMAL DEPARTURE LAST
               VALUE    (LST)   VALUE       VALUE  FROM      YEAR
                                                   NORMAL
...................................................................
TEMPERATURE
TODAY
 MAXIMUM            66  1253 PM    78  1957     62       4     62
 MINIMUM            41  0618 AM    32  1961     46      -5     54
 AVERAGE            54                          54       0     58

PRECIPITATION
(INCHES)
 TODAY            0.00           0.94  1930   0.10   -0.10   0.69
 MONTH TO DATE    1.35                        2.24   -0.89   3.13
 SINCE JUN 1      5.30                        6.19   -0.89   8.76
 SINCE JAN 1     12.54                       10.89    1.65  13.89

SNOWFALL
(INCHES)
 TODAY             0.0            0.0  2015    0.0     0.0    0.0
 MONTH TO DATE     0.0                         0.0     0.0    0.0
 SINCE JUN 1       0.0                         0.0     0.0    0.0
 SINCE JUL 1       0.0                         0.0     0.0    0.0
 SNOW DEPTH (IN)     0                                          0

DEGREE DAYS
 HEATING
  TODAY             11                          11       0      7
  MONTH TO DATE    191                         240     -49    145
  SINCE JUN 1      670                         937    -267    814
  SINCE JUL 1      421                         530    -109    383

 COOLING
  TODAY              0                           0       0      0
  MONTH TO DATE      0                           0       0      0
  SINCE JUN 1        2                           0       2      0
  SINCE JAN 1        2                           0       2      0
...................................................................

WIND (MPH)
 HIGHEST WIND SPEED     7     HIGHEST WIND DIRECTION    270
 HIGHEST GUST SPEED    10     HIGHEST GUST DIRECTION    270
 AVERAGE WIND SPEED    MM

SKY COVER
  POSSIBLE SUNSHINE  MM            AVERAGE SKY COVER MM

WEATHER CONDITIONS
 THE FOLLOWING WEATHER WAS RECORDED TODAY.


RELATIVE HUMIDITY
 HIGHEST RH     MM PERCENT       MM
 LOWEST  RH     MM PERCENT       MM
 AVERAGE RH     MM PERCENT       MM
...................................................................

THE KING SALMON CLIMATE NORMALS FOR TOMORROW
                        NORMAL    RECORD   YEAR
 MAXIMUM TEMPERATURE      62        79     1987
 MINIMUM TEMPERATURE      46        32     1965

SUNRISE AND SUNSET
 AUG 24 2015..........SUNRISE  7:08 AM      SUNSET  9:50 PM
 AUG 25 2015..........SUNRISE  7:10 AM      SUNSET  9:47 PM

-  INDICATES NEGATIVE NUMBERS.
R  INDICATES RECORD HAS BEEN SET OR TIED.
MM INDICATES DATA IS MISSING.
T  INDICATES TRACE OF PRECIPITATION.

&&
-------------------------------------------------------------------

AMOUNT OF DAYLIGHT TODAY  (HOUR:MIN)........14 HOURS 42 MINUTES
LOSS SINCE YESTERDAY (HOUR:MIN:SEC).........-0:05:00

$$
AM AUG 15
