304
CDAK48 PAKN 221359
CLIAKN


CLIMATE REPORT
NATIONAL WEATHER SERVICE ANCHORAGE, AK
558 AM AKDT MON MAY 22 2017


...................................

...THE KING SALMON CLIMATE SUMMARY FOR MAY 21 2017...

CLIMATE NORMAL PERIOD 1981 TO 2010
CLIMATE RECORD PERIOD 1917 TO 2017


WEATHER ITEM   OBSERVED TIME   RECORD YEAR NORMAL DEPARTURE LAST
                VALUE   (LST)  VALUE       VALUE  FROM      YEAR
                                                  NORMAL
..................................................................
TEMPERATURE (F)
 YESTERDAY
  MAXIMUM         62        MM  71    2002  56      6       52
  MINIMUM         28        MM  24    1986  36     -8       39
  AVERAGE         45                        46     -1       46

PRECIPITATION (IN)
  YESTERDAY        T             0.47 1960   0.04  -0.04      T
  MONTH TO DATE    0.39                      0.80  -0.41     2.79
  SINCE MAR 1      1.19                      2.47  -1.28     5.59
  SINCE JAN 1      2.39                      4.25  -1.86     7.03

SNOWFALL (IN)
  YESTERDAY       MM            MM      MM   0.0   MM       MM
  MONTH TO DATE    0.0                       0.7   -0.7      0.0
  SINCE MAR 1      3.3                      11.0   -7.7      0.0
  SINCE JUL 1     26.0                      46.5  -20.5     13.1
  SNOW DEPTH       0

DEGREE DAYS
 HEATING
  YESTERDAY       20                        19      1       19
  MONTH TO DATE  412                       465    -53      311
  SINCE MAR 1   2811                      2670    141     1907
  SINCE JUL 1   9944                     10290   -346     7598

 COOLING
  YESTERDAY        0                         0      0        0
  MONTH TO DATE    0                         0      0        0
  SINCE MAR 1      0                         0      0        0
  SINCE JAN 1      0                         0      0        0
..................................................................


WIND (MPH)
  RESULTANT WIND SPEED   5   RESULTANT WIND DIRECTION   W (270)
  HIGHEST WIND SPEED    23   HIGHEST WIND DIRECTION     W (270)
  HIGHEST GUST SPEED    16   HIGHEST GUST DIRECTION     W (270)
  AVERAGE WIND SPEED     7.9



WEATHER CONDITIONS
 THE FOLLOWING WEATHER WAS RECORDED YESTERDAY.
  LIGHT RAIN
  LT FREEZING RAIN


RELATIVE HUMIDITY (PERCENT)
 HIGHEST   100
 LOWEST     39
 AVERAGE    70

..........................................................


THE KING SALMON CLIMATE NORMALS FOR TODAY
                         NORMAL    RECORD    YEAR
 MAXIMUM TEMPERATURE (F)   56        75      1934
 MINIMUM TEMPERATURE (F)   36        26      1975


SUNRISE AND SUNSET
MAY 22 2017...........SUNRISE   543 AM AKDT  SUNSET  1105 PM AKDT
MAY 23 2017...........SUNRISE   541 AM AKDT  SUNSET  1107 PM AKDT


-  INDICATES NEGATIVE NUMBERS.
R  INDICATES RECORD WAS SET OR TIED.
MM INDICATES DATA IS MISSING.
T  INDICATES TRACE AMOUNT.




$$
