000
CDAK48 PAKN 131137
CLIAKN

CLIMATE REPORT
NATIONAL WEATHER SERVICE KING SALMON, AK
337 AM AKDT MON OCT 13 2014

...................................
...THE KING SALMON AP CLIMATE SUMMARY FOR OCTOBER 12 2014...

CLIMATE NORMAL PERIOD  1981 TO  2010
CLIMATE RECORD PERIOD  1917 TO  2014

WEATHER ITEM   OBSERVED TIME    RECORD YEAR NORMAL DEPARTURE LAST
               VALUE    (LST)   VALUE       VALUE  FROM      YEAR
                                                   NORMAL
...................................................................
TEMPERATURE
YESTERDAY
 MAXIMUM            40  0428 PM    60  1932     43      -3     51
 MINIMUM            25  0834 AM     9  1982     27      -2     43
 AVERAGE            33                          35      -2     47

PRECIPITATION
(INCHES)
 YESTERDAY           T           0.72  1934   0.08   -0.08   0.51
 MONTH TO DATE    0.01                        0.97   -0.96   1.88
 SINCE SEP 1      3.38                        4.16   -0.78   3.96
 SINCE JAN 1     17.65                       15.76    1.89  18.05

SNOWFALL
(INCHES)
 YESTERDAY           T            4.8  1998    0.1    -0.1    0.0
 MONTH TO DATE       T                         0.5    -0.5    0.0
 SINCE SEP 1       0.0                         0.6    -0.6    0.0
 SINCE JUL 1         T                         0.6    -0.6    0.0
 SNOW DEPTH (IN)     0                                          0

DEGREE DAYS
 HEATING
  YESTERDAY         32                          30       2     18
  MONTH TO DATE    364                         324      40    261
  SINCE SEP 1      778                         847     -69    795
  SINCE JUL 1     1252                        1459    -207   1298

 COOLING
  YESTERDAY          0                           0       0      0
  MONTH TO DATE      0                           0       0      0
  SINCE SEP 1        0                           0       0      0
  SINCE JAN 1        0                           0       0      4
...................................................................

WIND (MPH)
 HIGHEST WIND SPEED    16     HIGHEST WIND DIRECTION    320
 HIGHEST GUST SPEED    22     HIGHEST GUST DIRECTION    320
 AVERAGE WIND SPEED   8.1

SKY COVER
  POSSIBLE SUNSHINE    MM          AVERAGE SKY COVER     MM

WEATHER CONDITIONS
 THE FOLLOWING WEATHER WAS RECORDED YESTERDAY.
  SNOW


RELATIVE HUMIDITY
 HIGHEST RH     MM PERCENT       MM
 LOWEST  RH     MM PERCENT       MM
 AVERAGE RH     MM PERCENT       MM
...................................................................

THE KING SALMON CLIMATE NORMALS FOR TODAY
                           NORMAL    RECORD   YEAR
 MAXIMUM TEMPERATURE (F)     43        58     1972
 MINIMUM TEMPERATURE (F)     27         4     1961

SUNRISE AND SUNSET
 OCT 13 2014..........SUNRISE  9:00 AM      SUNSET  7:26 PM
 OCT 14 2014..........SUNRISE  9:02 AM      SUNSET  7:23 PM

-  INDICATES NEGATIVE NUMBERS.
R  INDICATES RECORD HAS BEEN SET OR TIED.
MM INDICATES DATA IS MISSING.
T  INDICATES TRACE OF PRECIPITATION.

&&
-------------------------------------------------------------------

AMOUNT OF DAYLIGHT TODAY  (HOUR:MIN)........10 HOURS 26 MINUTES
LOSS SINCE YESTERDAY (HOUR:MIN:SEC).........-0:05:05

$$
AM OCT 14
