000
CDAK48 PAKN 190041
CLIAKN


CLIMATE REPORT
NATIONAL WEATHER SERVICE ANCHORAGE, AK
437 PM AKDT SAT MAR 18 2017


...................................

...THE KING SALMON CLIMATE SUMMARY FOR MARCH 18 2017...
VALID TODAY AS OF 0400 PM LOCAL TIME.

CLIMATE NORMAL PERIOD 1981 TO 2010
CLIMATE RECORD PERIOD 1917 TO 2017


WEATHER ITEM   OBSERVED TIME   RECORD YEAR NORMAL DEPARTURE LAST
                VALUE   (LST)  VALUE       VALUE  FROM      YEAR
                                                  NORMAL
..................................................................
TEMPERATURE (F)
 TODAY
  MAXIMUM         14    100 PM  52    2005  33    -19       38
  MINIMUM        -10        MM -21    2012  16    -26       16
  AVERAGE          2                        24    -22       27

PRECIPITATION (IN)
  TODAY            0.00          0.30 1932   0.02  -0.02     0.00
  MONTH TO DATE    0.00                      0.41  -0.41     0.17
  SINCE MAR 1      0.00                      0.41  -0.41     0.17
  SINCE JAN 1      1.20                      2.19  -0.99     1.61

SNOWFALL (IN)
  TODAY            0.0          MM      MM   0.2   -0.2      0.0
  MONTH TO DATE    0.0                       3.9   -3.9      0.0
  SINCE MAR 1      0.0                       3.9   -3.9      0.0
  SINCE JUL 1     22.7                      39.4  -16.7     13.1
  SNOW DEPTH       T

DEGREE DAYS
 HEATING
  TODAY           63                        41     22       38
  MONTH TO DATE  987                       761    226      552
  SINCE MAR 1    987                       761    226      552
  SINCE JUL 1   8120                      8381   -261     6243

 COOLING
  TODAY            0                         0      0        0
  MONTH TO DATE    0                         0      0        0
  SINCE MAR 1      0                         0      0        0
  SINCE JAN 1      0                         0      0        0
..................................................................


WIND (MPH)
  RESULTANT WIND SPEED   9   RESULTANT WIND DIRECTION   N (10)
  HIGHEST WIND SPEED    22   HIGHEST WIND DIRECTION     N (350)
  HIGHEST GUST SPEED    31   HIGHEST GUST DIRECTION     N (10)
  AVERAGE WIND SPEED     9.8



WEATHER CONDITIONS
 THE FOLLOWING WEATHER WAS RECORDED TODAY.
  NO SIGNIFICANT WEATHER WAS OBSERVED.


RELATIVE HUMIDITY (PERCENT)
 HIGHEST    83
 LOWEST     50
 AVERAGE    67

..........................................................


THE KING SALMON CLIMATE NORMALS FOR TOMORROW
                         NORMAL    RECORD    YEAR
 MAXIMUM TEMPERATURE (F)   33        51      2015
 MINIMUM TEMPERATURE (F)   16       -22      1936


SUNRISE AND SUNSET
MARCH 18 2017.........SUNRISE   833 AM AKDT  SUNSET   838 PM AKDT
MARCH 19 2017.........SUNRISE   830 AM AKDT  SUNSET   840 PM AKDT


-  INDICATES NEGATIVE NUMBERS.
R  INDICATES RECORD WAS SET OR TIED.
MM INDICATES DATA IS MISSING.
T  INDICATES TRACE AMOUNT.




$$
