134
CDAK48 PAFC 191330 RRA
CLIAKN

CLIMATE REPORT
NATIONAL WEATHER SERVICE ANCHORAGE, AK
429 AM AKST THU JAN 19 2017


...................................

...THE KING SALMON CLIMATE SUMMARY FOR JANUARY 18 2017...

CLIMATE NORMAL PERIOD 1981 TO 2010
CLIMATE RECORD PERIOD 1917 TO 2017


WEATHER ITEM   OBSERVED TIME   RECORD YEAR NORMAL DEPARTURE LAST
                VALUE   (LST)  VALUE       VALUE  FROM      YEAR
                                                  NORMAL
..................................................................
TEMPERATURE (F)
 YESTERDAY
  MAXIMUM         -6    424 PM  43    1963  23    -29       36
                                      1937
  MINIMUM        -20   1159 PM -31    1947   9    -29       19
  AVERAGE        -13                        16    -29       28

PRECIPITATION (IN)
  YESTERDAY        0.00          0.46 1960   0.03  -0.03     0.00
  MONTH TO DATE    0.01                      0.58  -0.57     0.18
  SINCE DEC 1      1.10                      1.81  -0.71     1.68
  SINCE JAN 1      0.01                      0.58  -0.57     0.18

SNOWFALL (IN)
  YESTERDAY        0.0          MM      MM   0.3   -0.3      0.0
  MONTH TO DATE    0.5                       5.7   -5.2      0.0
  SINCE DEC 1      6.0                      15.2   -9.2      0.0
  SINCE JUL 1     10.6                      25.0  -14.4     13.1
  SNOW DEPTH       T

DEGREE DAYS
 HEATING
  YESTERDAY       78                        49     29       37
  MONTH TO DATE 1004                       878    126      572
  SINCE DEC 1   2426                      2316    110     1822
  SINCE JUL 1   5152                      5693   -541     4419

 COOLING
  YESTERDAY        0                         0      0        0
  MONTH TO DATE    0                         0      0        0
  SINCE DEC 1      0                         0      0        0
  SINCE JAN 1      0                         0      0        0
..................................................................


WIND (MPH)
  RESULTANT WIND SPEED   6   RESULTANT WIND DIRECTION   N (0)
  HIGHEST WIND SPEED    16   HIGHEST WIND DIRECTION     N (350)
  HIGHEST GUST SPEED    20   HIGHEST GUST DIRECTION     N (350)
  AVERAGE WIND SPEED     6.2



WEATHER CONDITIONS
 THE FOLLOWING WEATHER WAS RECORDED YESTERDAY.
  NO SIGNIFICANT WEATHER WAS OBSERVED.


RELATIVE HUMIDITY (PERCENT)
 HIGHEST    78
 LOWEST     57
 AVERAGE    68

..........................................................


THE KING SALMON CLIMATE NORMALS FOR TODAY
                         NORMAL    RECORD    YEAR
 MAXIMUM TEMPERATURE (F)   23        48      2008
 MINIMUM TEMPERATURE (F)    9       -33      1947


SUNRISE AND SUNSET
JANUARY 19 2017.......SUNRISE   958 AM AKST  SUNSET   518 PM AKST
JANUARY 20 2017.......SUNRISE   956 AM AKST  SUNSET   520 PM AKST

CIVIL TWILIGHT
JANUARY 19 2017         START    910 AM GMT     END    607 PM GMT
JANUARY 20 2017         START    908 AM GMT     END    609 PM GMT



-  INDICATES NEGATIVE NUMBERS.
R  INDICATES RECORD WAS SET OR TIED.
MM INDICATES DATA IS MISSING.
T  INDICATES TRACE AMOUNT.




$$
&&
------------------------------------------------------
AMOUNT OF DAYLIGHT TODAY  (HOUR:MIN)........ 7:21
GAIN/LOSS SINCE YESTERDAY (HOUR:MIN:SEC)....+0:03:51
