000
CDAK48 PAKN 120000
CLIAKN

CLIMATE REPORT
NATIONAL WEATHER SERVICE KING SALMON, AK
400 PM AKDT SUN SEP 11 2016

...................................
...THE KING SALMON AP CLIMATE SUMMARY FOR SEPTEMBER 11 2016...
VALID TODAY AS OF 2:00 PM LOCAL TIME

CLIMATE NORMAL PERIOD  1981 TO  2010
CLIMATE RECORD PERIOD  1917 TO  2016

WEATHER ITEM   OBSERVED TIME    RECORD YEAR NORMAL DEPARTURE LAST
               VALUE    (LST)   VALUE       VALUE  FROM      YEAR
                                                   NORMAL
...................................................................
TEMPERATURE
TODAY
 MAXIMUM            66  0255 PM    69  1934     58       8     58
 MINIMUM            50  0146 AM    29  1959     42       8     42
 AVERAGE            58                          50       8     50

PRECIPITATION
(INCHES)
 TODAY            0.66           1.07  1921   0.11    0.55   0.29
 MONTH TO DATE    2.47                        1.20    1.27   1.57
 SINCE SEP 1      2.47                        1.20    1.27   1.57
 SINCE JAN 1     20.52                       12.80    7.72  14.52

SNOWFALL
(INCHES)
 TODAY             0.0              T  1987    0.0     0.0    0.0
 MONTH TO DATE     0.0                         0.0     0.0    0.0
 SINCE SEP 1       0.0                         0.0     0.0    0.0
 SINCE JUL 1       0.0                         0.0     0.0    0.0
 SNOW DEPTH (IN)     0                                          0

DEGREE DAYS
 HEATING
  TODAY              7                          15      -8     15
  MONTH TO DATE     99                         153     -54    141
  SINCE SEP 1       99                         153     -54    141
  SINCE JUL 1      437                         765    -328    665

 COOLING
  TODAY              0                           0       0      0
  MONTH TO DATE      0                           0       0      0
  SINCE SEP 1        0                           0       0      0
  SINCE JAN 1        0                           0       0      2
...................................................................

WIND (MPH)
 HIGHEST WIND SPEED    30     HIGHEST WIND DIRECTION    150
 HIGHEST GUST SPEED    39     HIGHEST GUST DIRECTION    150
 AVERAGE WIND SPEED    MM

SKY COVER
  POSSIBLE SUNSHINE  MM            AVERAGE SKY COVER MM

WEATHER CONDITIONS
 THE FOLLOWING WEATHER WAS RECORDED TODAY.
 FOG
 RAIN


RELATIVE HUMIDITY
 HIGHEST RH     MM PERCENT       MM
 LOWEST  RH     MM PERCENT       MM
 AVERAGE RH     MM PERCENT       MM
...................................................................

THE KING SALMON CLIMATE NORMALS FOR TOMORROW
                        NORMAL    RECORD   YEAR
 MAXIMUM TEMPERATURE      57        72     1934
 MINIMUM TEMPERATURE      41        29     1959

SUNRISE AND SUNSET
 SEP 11 2016..........SUNRISE  7:49 AM      SUNSET  8:56 PM
 SEP 12 2016..........SUNRISE  7:51 AM      SUNSET  8:53 PM

-  INDICATES NEGATIVE NUMBERS.
R  INDICATES RECORD HAS BEEN SET OR TIED.
MM INDICATES DATA IS MISSING.
T  INDICATES TRACE OF PRECIPITATION.

&&
-------------------------------------------------------------------

AMOUNT OF DAYLIGHT TODAY  (HOUR:MIN)........13 HOURS 7 MINUTES
LOSS SINCE YESTERDAY (HOUR:MIN:SEC).........-0:05:06

$$

DT SEP 16
