000
CDAK48 PAKN 070042
CLIAKN

CLIMATE REPORT
NATIONAL WEATHER SERVICE KING SALMON, AK
442 PM AKDT SUN JUL 6 2014

...................................
...THE KING SALMON AP CLIMATE SUMMARY FOR JULY 6 2014...
VALID TODAY AS OF 2:00 PM LOCAL TIME

CLIMATE NORMAL PERIOD  1981 TO  2010
CLIMATE RECORD PERIOD  1949 TO  2014

WEATHER ITEM   OBSERVED TIME    RECORD YEAR NORMAL DEPARTURE LAST
               VALUE    (LST)   VALUE       VALUE  FROM      YEAR
                                                   NORMAL
...................................................................
TEMPERATURE
TODAY
 MAXIMUM            66  0236 PM    81  1972     64       2     57
 MINIMUM            47  0336 AM    38  1975     47       0     48
 AVERAGE            57                          55       2     53

PRECIPITATION
(INCHES)
 TODAY               T           0.78  1988   0.07   -0.07   0.18
 MONTH TO DATE       T                        0.38   -0.38   0.70
 SINCE JUN 1      3.25                        2.03    1.22   1.75
 SINCE JAN 1      8.38                        6.73    1.65   8.11

SNOWFALL
(INCHES)
 TODAY             0.0            0.0  2014    0.0     0.0    0.0
 MONTH TO DATE     0.0                         0.0     0.0    0.0
 SINCE JUN 1       0.0                         0.0     0.0    0.0
 SINCE JUL 1       0.0                         0.0     0.0    0.0
 SNOW DEPTH (IN)     0                                          0

DEGREE DAYS
 HEATING
  TODAY              8                          10      -2     12
  MONTH TO DATE     42                          61     -19     99
  SINCE JUN 1      473                         468       5    381
  SINCE JUL 1       42                          61     -19     99

 COOLING
  TODAY              0                           0       0      0
  MONTH TO DATE      0                           0       0      0
  SINCE JUN 1        0                           0       0      0
  SINCE JAN 1        0                           0       0      0
...................................................................

WIND (MPH)
 HIGHEST WIND SPEED     9     HIGHEST WIND DIRECTION    150
 HIGHEST GUST SPEED    12     HIGHEST GUST DIRECTION    240
 AVERAGE WIND SPEED    MM

SKY COVER
  POSSIBLE SUNSHINE  MM            AVERAGE SKY COVER MM

WEATHER CONDITIONS
 THE FOLLOWING WEATHER WAS RECORDED TODAY.
RAIN


RELATIVE HUMIDITY
 HIGHEST RH     MM PERCENT       MM
 LOWEST  RH     MM PERCENT       MM
 AVERAGE RH     MM PERCENT       MM
...................................................................

THE KING SALMON CLIMATE NORMALS FOR TOMORROW
                        NORMAL    RECORD   YEAR
 MAXIMUM TEMPERATURE      64        81     1972
 MINIMUM TEMPERATURE      47        39     1976

SUNRISE AND SUNSET
 JUL 6 2014..........SUNRISE  5:29 AM      SUNSET 11:34 PM
 JUL 7 2014..........SUNRISE  5:30 AM      SUNSET 11:33 PM

-  INDICATES NEGATIVE NUMBERS.
R  INDICATES RECORD HAS BEEN SET OR TIED.
MM INDICATES DATA IS MISSING.
T  INDICATES TRACE OF PRECIPITATION.

&&
-------------------------------------------------------------------

AMOUNT OF DAYLIGHT TODAY  (HOUR:MIN)........18 HOURS 5 MINUTES
GAIN/LOSS SINCE YESTERDAY (HOUR:MIN:SEC)....-0:02:16

$$
DJH JUL 14
