000
CXUS54 KEPZ 011030
CF6ALM
PRELIMINARY LOCAL CLIMATOLOGICAL DATA (WS FORM: F-6)
STATION: ALAMOGORDO
MONTH: SEPTEMBER
YEAR: 2020
LATITUDE: 32 49 N
LONGITUDE: 106 0 W
TEMPERATURE IN F: :PCPN: SNOW: WIND :SUNSHINE: SKY :PK WND
================================================================================
1 2 3 4 5 6A 6B 7 8 9 10 11 12 13 14 15 16 17 18
12Z AVG MX 2MIN
DY MAX MIN AVG DEP HDD CDD WTR SNW DPTH SPD SPD DIR MIN PSBL S-S WX SPD DR
================================================================================
1 91 66 79 M 0 14 0.00 M M 10.3 22 360 M M 1 36 340
2 93 55 74 M 0 9 0.00 M M 4.1 12 260 M M 0 20 260
3 99 59 79 M 0 14 0.00 M M 6.1 15 210 M M 0 22 80
4 95 68 82 M 0 17 0.00 M M 5.8 15 80 M M 0 25 80
5 97 68 83 M 0 18 0.00 M M 7.1 13 110 M M 0 21 240
6 91 61 76 M 0 11 0.00 M M 4.9 9 160 M M 0 16 200
7 97 64 81 M 0 16 0.00 M M 7.5 12 160 M M 0 18 180
8 93 57 75 M 0 10 0.70 M M 13.9 21 170 M M 2 3 31 290
9 57 48 53 M 12 0 0.48 M M 6.9 14 30 M M 10 13 23 0
10 57 48 53 M 12 0 0.00 M M 4.4 7 350 M M 9 1 M M
11 70 50 60 M 5 0 0.00 M M 4.2 8 350 M M 6 M M
12 79 52 66 M 0 1 0.00 M M 2.9 10 360 M M 0 12 M M
13 82 50 66 M 0 1 0.00 M M 5.1 16 70 M M 0 22 70
14 77 59 68 M 0 3 0.00 M M 5.4 10 10 M M 2 M M
15 81 55 68 M 0 3 0.00 M M 3.9 8 360 M M 0 M M
16 88 57 73 M 0 8 0.00 M M 5.6 16 80 M M 0 29 70
17 84 55 70 M 0 5 0.00 M M 5.1 10 40 M M 0 16 260
18 82 54 68 M 0 3 0.00 M M 5.6 10 60 M M 1 17 60
19 82 54 68 M 0 3 0.00 M M 5.0 13 160 M M 0 M M
20 84 52 68 M 0 3 0.00 M M 3.9 9 210 M M 0 M M
21 86 54 70 M 0 5 0.00 M M 3.9 9 150 M M 0 M M
22 90 54 72 M 0 7 0.00 M M 4.2 9 70 M M 0 M M
23 91 61 76 M 0 11 0.00 M M 7.0 18 320 M M 0 23 320
24 91 55 73 M 0 8 0.00 M M 3.5 7 110 M M 0 M M
25 93 59 76 M 0 11 0.00 M M 4.9 10 70 M M 0 M M
26 93 63 78 M 0 13 0.00 M M 7.1 16 10 M M 0 23 10
27 91 63 77 M 0 12 0.00 M M 6.4 12 60 M M 0 20 280
28 73 54 64 M 1 0 0.00 M M 10.0 17 140 M M 0 28 160
29 77 39 58 M 7 0 0.00 M M 4.2 10 10 M M 0 M M
30 86 46 66 M 0 1 0.00 M M 4.4 8 130 M M 0 M M
================================================================================
SM 2550 1680 37 207 1.18 M 173.3 M 31
================================================================================
AV 85.0 56.0 5.8 FASTST M M 1 MAX(MPH)
MISC ----> 22 360 36 340
================================================================================
NOTES:
# LAST OF SEVERAL OCCURRENCES
COLUMN 17 PEAK WIND IN M.P.H.
PRELIMINARY LOCAL CLIMATOLOGICAL DATA (WS FORM: F-6) , PAGE 2
STATION: ALAMOGORDO
MONTH: SEPTEMBER
YEAR: 2020
LATITUDE: 32 49 N
LONGITUDE: 106 0 W
[TEMPERATURE DATA] [PRECIPITATION DATA] SYMBOLS USED IN COLUMN 16
AVERAGE MONTHLY: 70.5 TOTAL FOR MONTH: 1.18 1 = FOG OR MIST
DPTR FM NORMAL: 0.0 DPTR FM NORMAL: M 2 = FOG REDUCING VISIBILITY
HIGHEST: 99 ON 3 GRTST 24HR 0.70 ON 8- 8 TO 1/4 MILE OR LESS
LOWEST: 39 ON 29 3 = THUNDER
SNOW, ICE PELLETS, HAIL 4 = ICE PELLETS
TOTAL MONTH: M 5 = HAIL
GRTST 24HR M ON M 6 = FREEZING RAIN OR DRIZZLE
GRTST DEPTH: M ON M 7 = DUSTSTORM OR SANDSTORM:
VSBY 1/2 MILE OR LESS
8 = SMOKE OR HAZE
[NO. OF DAYS WITH] [WEATHER - DAYS WITH] 9 = BLOWING SNOW
X = TORNADO
MAX 32 OR BELOW: 0 0.01 INCH OR MORE: 2
MAX 90 OR ABOVE: 14 0.10 INCH OR MORE: 2
MIN 32 OR BELOW: 0 0.50 INCH OR MORE: 1
MIN 0 OR BELOW: 0 1.00 INCH OR MORE: 0
[HDD (BASE 65) ]
TOTAL THIS MO. 37 CLEAR (SCALE 0-3) 27
DPTR FM NORMAL M PTCLDY (SCALE 4-7) 1
TOTAL FM JUL 1 37 CLOUDY (SCALE 8-10) 2
DPTR FM NORMAL M
[CDD (BASE 65) ]
TOTAL THIS MO. 207
DPTR FM NORMAL M [PRESSURE DATA]
TOTAL FM JAN 1 1839 HIGHEST SLP M ON M
DPTR FM NORMAL M LOWEST SLP M ON M
[REMARKS]
#FINAL-09-20#