917
CXUS53 KDMX 051654
CF6ALO
PRELIMINARY LOCAL CLIMATOLOGICAL DATA (WS FORM: F-6)
STATION: WATERLOO IA
MONTH: FEBRUARY
YEAR: 2021
LATITUDE: 42 32 N
LONGITUDE: 92 24 W
TEMPERATURE IN F: :PCPN: SNOW: WIND :SUNSHINE: SKY :PK WND
================================================================================
1 2 3 4 5 6A 6B 7 8 9 10 11 12 13 14 15 16 17 18
12Z AVG MX 2MIN
DY MAX MIN AVG DEP HDD CDD WTR SNW DPTH SPD SPD DIR MIN PSBL S-S WX SPD DR
================================================================================
1 30 22 26 6 39 0 0.00 0.0 11 11.7 18 330 M M 9 18 22 320
2 23 20 22 2 43 0 0.00 0.0 10 5.6 12 120 M M 10 12 16 110
3 32 19 26 6 39 0 0.00 0.0 10 13.8 24 160 M M 7 18 34 160
4 35 12 24 4 41 0 0.37 4.8 10 17.4 31 310 M M 7 128 47 310
5 13 4 9 -11 56 0 T T 14 13.7 25 270 M M 2 8 32 270
6 7 -10 -1 -21 66 0 T 0.1 13 11.2 21 310 M M 4 8 26 320
7 0 -18 -9 -30 74 0 0.02 0.4 13 4.3 13 350 M M 4 8 14 360
8 4 -14 -5 -26 70 0 0.02 0.3 12 3.2 10 360 M M 7 8 12 350
9 9 -21 -6 -27 71 0 0.00 0.0 12 3.2 10 240 M M 1 18 12 240
10 11 -8 2 -20 63 0 0.00 0.0 12 4.1 15 330 M M 3 16 330
11 1 -7 -3 -25 68 0 0.17 2.2 12 10.3 18 350 M M 8 8 22 350
12 -3 -11 -7 -29 72 0 0.00 0.0 14 12.9 18 340 M M 3 8 23 330
13 0 -10 -5 -27 70 0 0.08 2.5 16 12.9 22 320 M M 5 8 27 320
14 -6 -11 -8 -31 73 0 0.00 0.0 16 13.9 18 340 M M 6 22 340
15 -2 -18 -10 -33 75 0 0.00 0.0 15 10.3 17 360 M M 0 20 360
16 10 -19 -4 -28 69 0 T T 15 3.1 10 340 M M 4 12 300
17 12 -18 -3 -27 68 0 0.01 0.1 15 4.1 13 180 M M 7 18 15 180
18 18 -11 4 -20 61 0 0.01 0.2 15 3.3 14 250 M M 5 18 16 250
19 20 -9 6 -19 59 0 T T 13 3.2 10 320 M M 5 18 12 320
20 25 -14 6 -19 59 0 0.00 0.0 13 6.1 14 150 M M 6 18 17 130
21 26 19 23 -3 42 0 0.33 3.5 13 10.0 17 100 M M 7 128 23 110
22 41 23 32 6 33 0 0.00 0.0 16 14.2 23 230 M M 5 18 30 250
23 44 27 36 10 29 0 0.00 0.0 14 10.7 20 280 M M 1 29 290
24 39 23 31 4 34 0 0.00 0.0 12 12.8 28 330 M M 2 36 330
25 40 15 28 1 37 0 0.01 T 11 3.4 12 230 M M 2 128 13 240
26 37 14 26 -2 39 0 0.00 0.0 10 10.5 23 150 M M 4 128 32 140
27 44 22 33 5 32 0 0.00 0.0 10 6.9 17 120 M M 1 18 21 110
28 39 22 31 2 34 0 0.00 0.0 9 13.2 25 270 M M 6 12 37 280
================================================================================
SM 549 43 1516 0 1.02 14.1 250.0 M 131
================================================================================
AV 19.6 1.5 8.9 FASTST M M 5 MAX(MPH)
MISC ----> 31 310 47 310
================================================================================
NOTES:
# LAST OF SEVERAL OCCURRENCES
COLUMN 17 PEAK WIND IN M.P.H.
PRELIMINARY LOCAL CLIMATOLOGICAL DATA (WS FORM: F-6) , PAGE 2
STATION: WATERLOO IA
MONTH: FEBRUARY
YEAR: 2021
LATITUDE: 42 32 N
LONGITUDE: 92 24 W
[TEMPERATURE DATA] [PRECIPITATION DATA] SYMBOLS USED IN COLUMN 16
AVERAGE MONTHLY: 10.6 TOTAL FOR MONTH: 1.02 1 = FOG OR MIST
DPTR FM NORMAL: -12.8 DPTR FM NORMAL: 0.03 2 = FOG REDUCING VISIBILITY
HIGHEST: 44 ON 27,23 GRTST 24HR 0.37 ON 4- 4 TO 1/4 MILE OR LESS
LOWEST: -21 ON 9 3 = THUNDER
SNOW, ICE PELLETS, HAIL 4 = ICE PELLETS
TOTAL MONTH: 17.4 INCHES 5 = HAIL
GRTST 24HR 4.8 ON 4- 4 6 = FREEZING RAIN OR DRIZZLE
GRTST DEPTH: 16 ON 22,14 7 = DUSTSTORM OR SANDSTORM:
VSBY 1/2 MILE OR LESS
8 = SMOKE OR HAZE
[NO. OF DAYS WITH] [WEATHER - DAYS WITH] 9 = BLOWING SNOW
X = TORNADO
MAX 32 OR BELOW: 20 0.01 INCH OR MORE: 9
MAX 90 OR ABOVE: 0 0.10 INCH OR MORE: 3
MIN 32 OR BELOW: 28 0.50 INCH OR MORE: 0
MIN 0 OR BELOW: 15 1.00 INCH OR MORE: 0
[HDD (BASE 65) ]
TOTAL THIS MO. 1516 CLEAR (SCALE 0-3) 8
DPTR FM NORMAL 351 PTCLDY (SCALE 4-7) 18
TOTAL FM JUL 1 5431 CLOUDY (SCALE 8-10) 2
DPTR FM NORMAL 14
[CDD (BASE 65) ]
TOTAL THIS MO. 0
DPTR FM NORMAL 0 [PRESSURE DATA]
TOTAL FM JAN 1 0 HIGHEST SLP 30.75 ON 14
DPTR FM NORMAL 0 LOWEST SLP 29.50 ON 4
[REMARKS]
#FINAL-02-21#