000
CXUS52 KJAX 030134
CF6AMG
PRELIMINARY LOCAL CLIMATOLOGICAL DATA (WS FORM: F-6)
STATION: ALMA
MONTH: MAY
YEAR: 2021
LATITUDE: 31 32 N
LONGITUDE: 82 30 W
TEMPERATURE IN F: :PCPN: SNOW: WIND :SUNSHINE: SKY :PK WND
================================================================================
1 2 3 4 5 6A 6B 7 8 9 10 11 12 13 14 15 16 17 18
12Z AVG MX 2MIN
DY MAX MIN AVG DEP HDD CDD WTR SNW DPTH SPD SPD DIR MIN PSBL S-S WX SPD DR
================================================================================
1 82 58 70 0 0 5 0.00 0.0 0 6.3 14 140 M M 0 21 150
2 84 59 72 1 0 7 0.13 0.0 0 6.0 26 140 M M 4 1 38 160
3 89 66 78 7 0 13 0.00 0.0 0 6.7 22 200 M M 3 1 34 210
4 91 69 80 9 0 15 T 0.0 0 8.7 31 270 M M 4 13 53 270
5 81 65 73 2 0 8 0.00 0.0 0 6.0 17 270 M M 1 27 260
6 82 57 70 -2 0 5 0.00 0.0 0 6.2 16 310 M M 1 1 22 320
7 77 49 63 -9 2 0 0.00 0.0 0 9.7 21 290 M M 0 38 270
8 79 43 61 -11 4 0 0.00 0.0 0 1.6 9 310 M M 0 14 310
9 88 55 72 0 0 7 0.00 0.0 0 7.0 17 180 M M 1 25 170
10 79 62 71 -2 0 6 0.00 0.0 0 4.8 14 260 M M 4 22 260
11 87 64 76 3 0 11 0.55 0.0 0 4.1 15 190 M M 4 13 23 290
12 78 51 65 -8 0 0 0.24 0.0 0 3.2 12 10 M M 8 13 22 30
13 71 50 61 -13 4 0 0.00 0.0 0 3.7 12 360 M M 5 1 18 350
14 77 48 63 -11 2 0 0.00 0.0 0 3.5 12 50 M M 1 23 60
15 80 47 64 -10 1 0 0.00 0.0 0 2.4 10 140 M M 0 1 19 100
16 81 48 65 -9 0 0 0.00 0.0 0 3.4 12 150 M M 0 1 17 130
17 82 51 67 -8 0 2 0.00 0.0 0 5.0 15 120 M M 2 1 25 110
18 83 60 72 -3 0 7 0.00 0.0 0 6.4 16 140 M M 3 1 28 100
19 81 61 71 -4 0 6 T 0.0 0 5.7 18 120 M M 4 33 140
20 82 62 72 -3 0 7 0.00 0.0 0 6.2 17 130 M M 2 30 130
21 85 61 73 -3 0 8 0.00 0.0 0 5.6 15 110 M M 1 1 25 50
22 85 60 73 -3 0 8 0.00 0.0 0 2.8 9 130 M M 3 1 16 110
23 89 58 74 -2 0 9 0.00 0.0 0 1.2 8 200 M M 0 1 12 170
24 93 60 77 1 0 12 0.00 0.0 0 2.5 8 150 M M 0 14 230
25 93 62 78 2 0 13 0.00 0.0 0 4.0 9 170 M M 0 17 130
26 92 66 79 2 0 14 0.00 0.0 0 3.3 8 210 M M 1 13 290
27 92 66 79 2 0 14 0.00 0.0 0 3.3 12 250 M M 3 17 270
28 91 66 79 2 0 14 0.00 0.0 0 6.0 17 240 M M 2 28 210
29 89 63 76 -1 0 11 T 0.0 0 7.2 16 280 M M 2 23 300
30 84 59 72 -5 0 7 0.00 0.0 0 5.3 13 290 M M 0 19 290
31 85 57 71 -7 0 6 0.00 0.0 0 4.2 14 110 M M 2 21 100
================================================================================
SM 2612 1803 13 215 0.92 0.0 152.0 M 61
================================================================================
AV 84.3 58.2 4.9 FASTST M M 2 MAX(MPH)
MISC ----> 31 270 53 270
================================================================================
NOTES:
# LAST OF SEVERAL OCCURRENCES
COLUMN 17 PEAK WIND IN M.P.H.
PRELIMINARY LOCAL CLIMATOLOGICAL DATA (WS FORM: F-6) , PAGE 2
STATION: ALMA
MONTH: MAY
YEAR: 2021
LATITUDE: 31 32 N
LONGITUDE: 82 30 W
[TEMPERATURE DATA] [PRECIPITATION DATA] SYMBOLS USED IN COLUMN 16
AVERAGE MONTHLY: 71.2 TOTAL FOR MONTH: 0.92 1 = FOG OR MIST
DPTR FM NORMAL: -3.0 DPTR FM NORMAL: -1.86 2 = FOG REDUCING VISIBILITY
HIGHEST: 93 ON 25,24 GRTST 24HR 0.57 ON 11-12 TO 1/4 MILE OR LESS
LOWEST: 43 ON 8 3 = THUNDER
SNOW, ICE PELLETS, HAIL 4 = ICE PELLETS
TOTAL MONTH: 0.0 INCH 5 = HAIL
GRTST 24HR 0.0 6 = FREEZING RAIN OR DRIZZLE
GRTST DEPTH: 0 7 = DUSTSTORM OR SANDSTORM:
VSBY 1/2 MILE OR LESS
8 = SMOKE OR HAZE
[NO. OF DAYS WITH] [WEATHER - DAYS WITH] 9 = BLOWING SNOW
X = TORNADO
MAX 32 OR BELOW: 0 0.01 INCH OR MORE: 3
MAX 90 OR ABOVE: 6 0.10 INCH OR MORE: 3
MIN 32 OR BELOW: 0 0.50 INCH OR MORE: 1
MIN 0 OR BELOW: 0 1.00 INCH OR MORE: 0
[HDD (BASE 65) ]
TOTAL THIS MO. 13 CLEAR (SCALE 0-3) 23
DPTR FM NORMAL 7 PTCLDY (SCALE 4-7) 8
TOTAL FM JUL 1 1599 CLOUDY (SCALE 8-10) 0
DPTR FM NORMAL -41
[CDD (BASE 65) ]
TOTAL THIS MO. 215
DPTR FM NORMAL -75 [PRESSURE DATA]
TOTAL FM JAN 1 388 HIGHEST SLP 30.39 ON 21
DPTR FM NORMAL -66 LOWEST SLP 29.80 ON 29
[REMARKS]
#FINAL-05-21#