000
CXUS52 KJAX 031954
CF6AMG
PRELIMINARY LOCAL CLIMATOLOGICAL DATA (WS FORM: F-6)
STATION: ALMA
MONTH: AUGUST
YEAR: 2020
LATITUDE: 31 32 N
LONGITUDE: 82 30 W
TEMPERATURE IN F: :PCPN: SNOW: WIND :SUNSHINE: SKY :PK WND
================================================================================
1 2 3 4 5 6A 6B 7 8 9 10 11 12 13 14 15 16 17 18
12Z AVG MX 2MIN
DY MAX MIN AVG DEP HDD CDD WTR SNW DPTH SPD SPD DIR MIN PSBL S-S WX SPD DR
================================================================================
1 94 74 84 2 0 19 0.00 0.0 0 3.6 13 200 M M 1 1 16 210
2 96 71 84 2 0 19 0.00 0.0 0 2.1 13 110 M M 1 1 18 120
3 96 74 85 3 0 20 0.00 0.0 0 4.2 21 340 M M 2 3 28 360
4 94 71 83 1 0 18 0.37 0.0 0 2.2 23 310 M M 2 13 31 310
5 95 72 84 2 0 19 0.00 0.0 0 3.3 12 160 M M 2 1 14 170
6 94 73 84 2 0 19 1.21 0.0 0 5.2 26 160 M M 2 13 37 160
7 93 72 83 1 0 18 0.88 0.0 0 4.6 28 280 M M 2 13 37 280
8 93 74 84 2 0 19 0.00 0.0 0 4.2 12 350 M M 5 13 18 10
9 94 71 83 1 0 18 T 0.0 0 3.1 14 160 M M 1 13 20 260
10 93 72 83 1 0 18 0.69 0.0 0 2.7 15 350 M M 1 13 19 210
11 93 72 83 1 0 18 0.01 0.0 0 3.8 16 180 M M 3 3 22 180
12 93 73 83 1 0 18 0.21 0.0 0 2.9 15 290 M M 3 13 21 190
13 91 73 82 0 0 17 0.50 0.0 0 3.1 17 140 M M 3 13 21 140
14 91 74 83 1 0 18 T 0.0 0 5.9 16 290 M M 2 3 22 250
15 92 75 84 2 0 19 0.00 0.0 0 5.7 15 210 M M 4 3 20 200
16 94 73 84 3 0 19 0.00 0.0 0 2.7 12 330 M M 1 16 320
17 94 74 84 3 0 19 0.00 0.0 0 3.2 14 120 M M 1 1 22 120
18 95 69 82 1 0 17 2.38 0.0 0 4.2 30 360 M M 2 13 40 350
19 90 70 80 -1 0 15 0.00 0.0 0 2.1 9 150 M M 2 11 260
20 90 71 81 0 0 16 0.00 0.0 0 3.2 12 110 M M 2 1 17 90
21 84 71 78 -3 0 13 0.00 0.0 0 4.1 10 190 M M 3 1 14 190
22 80 72 76 -5 0 11 0.03 0.0 0 1.7 7 170 M M 2 1 9 160
23 84 73 79 -2 0 14 0.04 0.0 0 2.0 9 90 M M 4 1 14 60
24 85 74 80 -1 0 15 2.49 0.0 0 3.2 15 290 M M 6 13 22 110
25 95 75 85 4 0 20 0.00 0.0 0 3.5 10 130 M M 5 13 14 160
26 94 75 85 4 0 20 0.00 0.0 0 1.3 8 140 M M 4 12 11 100
27 94 73 84 4 0 19 T 0.0 0 3.2 17 160 M M 4 12 24 190
28 93 75 84 4 0 19 0.00 0.0 0 4.1 14 210 M M 2 17 200
29 87 75 81 1 0 16 0.51 0.0 0 7.5 18 240 M M 5 13 23 240
30 92 76 84 4 0 19 0.00 0.0 0 4.5 12 300 M M 6 3 15 300
31 89 72 81 1 0 16 0.11 0.0 0 2.5 18 180 M M 3 1 24 190
================================================================================
SM 2842 2259 0 545 9.43 0.0 109.6 M 86
================================================================================
AV 91.7 72.9 3.5 FASTST M M 3 MAX(MPH)
MISC ----> 30 360 40 350
================================================================================
NOTES:
# LAST OF SEVERAL OCCURRENCES
COLUMN 17 PEAK WIND IN M.P.H.
PRELIMINARY LOCAL CLIMATOLOGICAL DATA (WS FORM: F-6) , PAGE 2
STATION: ALMA
MONTH: AUGUST
YEAR: 2020
LATITUDE: 31 32 N
LONGITUDE: 82 30 W
[TEMPERATURE DATA] [PRECIPITATION DATA] SYMBOLS USED IN COLUMN 16
AVERAGE MONTHLY: 82.3 TOTAL FOR MONTH: 9.43 1 = FOG OR MIST
DPTR FM NORMAL: 1.0 DPTR FM NORMAL: 4.02 2 = FOG REDUCING VISIBILITY
HIGHEST: 96 ON 3, 2 GRTST 24HR 2.49 ON 24-24 TO 1/4 MILE OR LESS
LOWEST: 69 ON 18 3 = THUNDER
SNOW, ICE PELLETS, HAIL 4 = ICE PELLETS
TOTAL MONTH: 0.0 INCH 5 = HAIL
GRTST 24HR 0.0 6 = FREEZING RAIN OR DRIZZLE
GRTST DEPTH: 0 7 = DUSTSTORM OR SANDSTORM:
VSBY 1/2 MILE OR LESS
8 = SMOKE OR HAZE
[NO. OF DAYS WITH] [WEATHER - DAYS WITH] 9 = BLOWING SNOW
X = TORNADO
MAX 32 OR BELOW: 0 0.01 INCH OR MORE: 13
MAX 90 OR ABOVE: 25 0.10 INCH OR MORE: 10
MIN 32 OR BELOW: 0 0.50 INCH OR MORE: 7
MIN 0 OR BELOW: 0 1.00 INCH OR MORE: 3
[HDD (BASE 65) ]
TOTAL THIS MO. 0 CLEAR (SCALE 0-3) 21
DPTR FM NORMAL 0 PTCLDY (SCALE 4-7) 10
TOTAL FM JUL 1 0 CLOUDY (SCALE 8-10) 0
DPTR FM NORMAL 0
[CDD (BASE 65) ]
TOTAL THIS MO. 545
DPTR FM NORMAL 40 [PRESSURE DATA]
TOTAL FM JAN 1 2037 HIGHEST SLP 30.18 ON 9
DPTR FM NORMAL 130 LOWEST SLP 29.80 ON 30
[REMARKS]
#FINAL-08-20#