000
CXAK56 PAFC 011021
CF6ANC
PRELIMINARY LOCAL CLIMATOLOGICAL DATA (WS FORM: F-6)
STATION: ANCHORAGE AK
MONTH: JUNE
YEAR: 2021
LATITUDE: 61 10 N
LONGITUDE: 150 2 W
TEMPERATURE IN F: :PCPN: SNOW: WIND :SUNSHINE: SKY :PK WND
================================================================================
1 2 3 4 5 6A 6B 7 8 9 10 11 12 13 14 15 16 17 18
12Z AVG MX 2MIN
DY MAX MIN AVG DEP HDD CDD WTR SNW DPTH SPD SPD DIR MIN PSBL S-S WX SPD DR
================================================================================
1 61 48 55 3 10 0 0.02 0.0 0 17.6 29 130 M M 8 39 140
2 59 41 50 -3 15 0 T 0.0 0 10.2 22 160 M M 6 32 150
3 61 48 55 2 10 0 T 0.0 0 9.9 21 140 M M 8 29 150
4 63 43 53 0 12 0 0.00 0.0 0 5.5 14 260 M M 5 19 200
5 69 42 56 2 9 0 0.00 0.0 0 4.8 12 340 M M 5 17 200
6 69 47 58 4 7 0 0.00 0.0 0 6.6 20 20 M M 5 25 20
7 62 50 56 2 9 0 0.00 0.0 0 9.5 20 250 M M 6 28 170
8 58 52 55 1 10 0 T 0.0 0 14.9 23 140 M M 9 34 160
9 56 47 52 -3 13 0 T 0.0 0 7.7 18 150 M M 9 30 160
10 62 46 54 -1 11 0 T 0.0 0 5.1 13 10 M M 9 17 180
11 63 47 55 0 10 0 0.00 0.0 0 6.9 15 250 M M 8 19 180
12 70 47 59 4 6 0 0.00 0.0 0 6.5 17 150 M M 7 31 190
13 65 48 57 1 8 0 0.00 0.0 0 7.4 22 170 M M 3 33 180
14 68 45 57 1 8 0 0.00 0.0 0 5.2 12 250 M M 3 14 240
15 69 47 58 2 7 0 0.00 0.0 0 6.4 22 140 M M 3 33 150
16 60 51 56 0 9 0 0.03 0.0 0 12.1 25 140 M M 9 40 160
17 65 53 59 3 6 0 0.00 0.0 0 7.9 20 150 M M 7 34 160
18 64 54 59 2 6 0 T 0.0 0 5.1 14 150 M M 9 23 150
19 65 54 60 3 5 0 0.05 0.0 0 8.1 21 150 M M 9 1 35 170
20 59 52 56 -1 9 0 0.08 0.0 0 2.3 14 150 M M 9 23 160
21 64 52 58 1 7 0 0.06 0.0 0 6.9 14 210 M M 8 27 170
22 67 51 59 2 6 0 0.00 0.0 0 11.8 22 140 M M 7 38 150
23 61 53 57 -1 8 0 0.07 0.0 0 7.4 22 150 M M 8 33 130
24 65 53 59 1 6 0 T 0.0 0 12.6 26 140 M M 9 41 160
25 67 52 60 2 5 0 0.00 0.0 0 15.2 25 150 M M 7 36 160
26 60 51 56 -2 9 0 T 0.0 0 4.6 17 220 M M 8 28 210
27 64 51 58 0 7 0 0.00 0.0 0 5.1 10 280 M M 9 16 330
28 59 52 56 -2 9 0 T 0.0 0 4.5 12 240 M M 9 16 220
29 70 51 61 3 4 0 T 0.0 0 3.7 12 250 M M 6 17 280
30 67 48 58 -1 7 0 0.00 0.0 0 5.1 12 250 M M 4 14 290
================================================================================
SM 1912 1476 248 0 0.31 0.0 236.6 M 212
================================================================================
AV 63.7 49.2 7.9 FASTST M M 7 MAX(MPH)
MISC ----> 29 130 41 160
================================================================================
NOTES:
# LAST OF SEVERAL OCCURRENCES
COLUMN 17 PEAK WIND IN M.P.H.
PRELIMINARY LOCAL CLIMATOLOGICAL DATA (WS FORM: F-6) , PAGE 2
STATION: ANCHORAGE AK
MONTH: JUNE
YEAR: 2021
LATITUDE: 61 10 N
LONGITUDE: 150 2 W
[TEMPERATURE DATA] [PRECIPITATION DATA] SYMBOLS USED IN COLUMN 16
AVERAGE MONTHLY: 56.5 TOTAL FOR MONTH: 0.31 1 = FOG OR MIST
DPTR FM NORMAL: 0.6 DPTR FM NORMAL: -0.71 2 = FOG REDUCING VISIBILITY
HIGHEST: 70 ON 29,12 GRTST 24HR 0.14 ON 20-21 TO 1/4 MILE OR LESS
LOWEST: 41 ON 2 3 = THUNDER
SNOW, ICE PELLETS, HAIL 4 = ICE PELLETS
TOTAL MONTH: 0.0 INCH 5 = HAIL
GRTST 24HR 0.0 6 = FREEZING RAIN OR DRIZZLE
GRTST DEPTH: 0 7 = DUSTSTORM OR SANDSTORM:
VSBY 1/2 MILE OR LESS
8 = SMOKE OR HAZE
[NO. OF DAYS WITH] [WEATHER - DAYS WITH] 9 = BLOWING SNOW
X = TORNADO
MAX 32 OR BELOW: 0 0.01 INCH OR MORE: 6
MAX 90 OR ABOVE: 0 0.10 INCH OR MORE: 0
MIN 32 OR BELOW: 0 0.50 INCH OR MORE: 0
MIN 0 OR BELOW: 0 1.00 INCH OR MORE: 0
[HDD (BASE 65) ]
TOTAL THIS MO. 248 CLEAR (SCALE 0-3) 2
DPTR FM NORMAL -27 PTCLDY (SCALE 4-7) 16
TOTAL FM JUL 1 9994 CLOUDY (SCALE 8-10) 12
DPTR FM NORMAL 13
[CDD (BASE 65) ]
TOTAL THIS MO. 0
DPTR FM NORMAL -2 [PRESSURE DATA]
TOTAL FM JAN 1 0 HIGHEST SLP M ON M
DPTR FM NORMAL -2 LOWEST SLP 29.42 ON 23
[REMARKS]
#FINAL-06-21#