000
CXAK56 PAFC 260036 COR
CF6ANC
PRELIMINARY LOCAL CLIMATOLOGICAL DATA (WS FORM: F-6)
STATION: ANCHORAGE AK
MONTH: MAY
YEAR: 2020
LATITUDE: 61 10 N
LONGITUDE: 150 2 W
TEMPERATURE IN F: :PCPN: SNOW: WIND :SUNSHINE: SKY :PK WND
================================================================================
1 2 3 4 5 6A 6B 7 8 9 10 11 12 13 14 15 16 17 18
12Z AVG MX 2MIN
DY MAX MIN AVG DEP HDD CDD WTR SNW DPTH SPD SPD DIR MIN PSBL S-S WX SPD DR
================================================================================
1 53 36 45 2 20 0 0.00 0.0 0 7.6 17 150 M M 6 34 160
2 56 34 45 2 20 0 0.00 0.0 0 6.9 12 350 M M 4 16 350
3 61 37 49 5 16 0 T 0.0 0 8.3 24 160 M M 8 34 170
4 51 39 45 1 20 0 0.01 0.0 0 9.1 22 150 M M 8 35 160
5 62 32 47 3 18 0 0.00 0.0 0 7.7 22 150 M M 6 32 140
6 64 34 49 4 16 0 0.00 0.0 0 5.4 16 150 M M 2 24 180
7 60 43 52 7 13 0 0.00 0.0 0 10.2 23 110 M M 5 33 160
8 53 42 48 3 17 0 T 0.0 0 7.8 18 150 M M 10 29 170
9 69 42 56 10 9 0 T 0.0 0 5.2 10 320 M M 8 17 270
10 63 42 53 7 12 0 0.00 0.0 0 5.1 12 250 M M 7 14 260
11 57 40 49 3 16 0 0.00 0.0 0 7.1 21 260 M M 8 31 140
12 57 42 50 3 15 0 0.00 0.0 0 6.8 17 220 M M 6 25 210
13 60 38 49 2 16 0 0.00 0.0 0 6.1 16 230 M M 3 21 220
14 57 38 48 1 17 0 T 0.0 0 6.9 18 260 M M 4 8 27 270
15 64 43 54 6 11 0 0.00 0.0 0 6.5 16 170 M M 5 25 150
16 57 43 50 2 15 0 0.00 0.0 0 5.9 14 290 M M 7 31 170
17 66 41 54 6 11 0 0.00 0.0 0 4.4 9 320 M M 7 12 280
18 58 42 50 1 15 0 T 0.0 0 10.6 29 150 M M 7 40 160
19 62 44 53 4 12 0 0.00 0.0 0 5.4 14 160 M M 8 24 160
20 59 47 53 4 12 0 0.01 0.0 0 9.2 21 150 M M 7 33 180
21 55 45 50 1 15 0 0.09 0.0 0 8.6 24 150 M M 8 1 33 170
22 53 45 49 -1 16 0 T 0.0 0 3.5 12 180 M M 10 22 160
23 54 43 49 -1 16 0 0.10 0.0 0 3.8 9 150 M M 8 1 16 320
24 54 45 50 0 15 0 0.35 0.0 0 5.4 16 250 M M 9 1 29 210
25 53 44 49 -1 16 0 0.04 0.0 0 7.1 15 170 M M 7 23 180
26 58 43 51 0 14 0 0.02 0.0 0 7.4 18 170 M M 6 27 180
27 62 39 51 0 14 0 0.00 0.0 0 5.3 10 250 M M 5 19 170
28 72 43 58 7 7 0 0.00 0.0 0 7.0 18 30 M M 4 23 30
29 74 47 61 9 4 0 T 0.0 0 6.7 21 150 M M 4 40 160
30 61 44 53 1 12 0 0.01 0.0 0 8.5 21 150 M M 7 31 130
31 58 45 52 0 13 0 T 0.0 0 6.9 16 140 M M 7 24 150
================================================================================
SM 1843 1282 443 0 0.63 0.0 212.4 M 201
================================================================================
AV 59.5 41.4 6.9 FASTST M M 6 MAX(MPH)
MISC ----> # 29 150 # 40 160
================================================================================
NOTES:
# LAST OF SEVERAL OCCURRENCES
COLUMN 17 PEAK WIND IN M.P.H.
PRELIMINARY LOCAL CLIMATOLOGICAL DATA (WS FORM: F-6) , PAGE 2
STATION: ANCHORAGE AK
MONTH: MAY
YEAR: 2020
LATITUDE: 61 10 N
LONGITUDE: 150 2 W
[TEMPERATURE DATA] [PRECIPITATION DATA] SYMBOLS USED IN COLUMN 16
AVERAGE MONTHLY: 50.4 TOTAL FOR MONTH: 0.63 1 = FOG OR MIST
DPTR FM NORMAL: 2.6 DPTR FM NORMAL: -0.09 2 = FOG REDUCING VISIBILITY
HIGHEST: 74 ON 29 GRTST 24HR 0.35 ON 24-24 TO 1/4 MILE OR LESS
LOWEST: 32 ON 5 3 = THUNDER
SNOW, ICE PELLETS, HAIL 4 = ICE PELLETS
TOTAL MONTH: 0.0 INCH 5 = HAIL
GRTST 24HR 0.0 6 = FREEZING RAIN OR DRIZZLE
GRTST DEPTH: 0 7 = DUSTSTORM OR SANDSTORM:
VSBY 1/2 MILE OR LESS
8 = SMOKE OR HAZE
[NO. OF DAYS WITH] [WEATHER - DAYS WITH] 9 = BLOWING SNOW
X = TORNADO
MAX 32 OR BELOW: 0 0.01 INCH OR MORE: 8
MAX 90 OR ABOVE: 0 0.10 INCH OR MORE: 2
MIN 32 OR BELOW: 1 0.50 INCH OR MORE: 0
MIN 0 OR BELOW: 0 1.00 INCH OR MORE: 0
[HDD (BASE 65) ]
TOTAL THIS MO. 443 CLEAR (SCALE 0-3) 2
DPTR FM NORMAL -90 PTCLDY (SCALE 4-7) 25
TOTAL FM JUL 1 9105 CLOUDY (SCALE 8-10) 4
DPTR FM NORMAL -795
[CDD (BASE 65) ]
TOTAL THIS MO. 0
DPTR FM NORMAL 0 [PRESSURE DATA]
TOTAL FM JAN 1 0 HIGHEST SLP M ON M
DPTR FM NORMAL 0 LOWEST SLP 29.51 ON 24
[REMARKS]
#FINAL-05-20#