000
CXAK56 PAFC 011022
CF6ANC
PRELIMINARY LOCAL CLIMATOLOGICAL DATA (WS FORM: F-6)
STATION: ANCHORAGE AK
MONTH: AUGUST
YEAR: 2023
LATITUDE: 61 10 N
LONGITUDE: 150 2 W
TEMPERATURE IN F: :PCPN: SNOW: WIND :SUNSHINE: SKY :PK WND
================================================================================
1 2 3 4 5 6A 6B 7 8 9 10 11 12 13 14 15 16 17 18
12Z AVG MX 2MIN
DY MAX MIN AVG DEP HDD CDD WTR SNW DPTH SPD SPD DIR MIN PSBL S-S WX SPD DR
================================================================================
1 72 53 63 3 2 0 0.00 0.0 0 3.4 9 310 M M 3 20 340
2 70 56 63 3 2 0 0.00 0.0 0 5.3 13 170 M M 4 20 340
3 63 53 58 -2 7 0 0.00 0.0 0 5.6 13 300 M M 5 26 330
4 64 51 58 -1 7 0 0.00 0.0 0 5.4 12 280 M M 7 23 350
5 73 51 62 3 3 0 0.00 0.0 M 7.0 21 150 M M 7 28 150
6 66 56 61 2 4 0 0.03 0.0 0 4.2 17 150 M M 9 23 160
7 70 56 63 4 2 0 T 0.0 0 9.4 23 150 M M 7 32 150
8 63 56 60 1 5 0 0.01 0.0 0 5.4 17 150 M M 9 24 150
9 61 56 59 0 6 0 0.02 0.0 0 6.3 14 150 M M 10 20 140
10 67 54 61 2 4 0 0.07 0.0 0 7.2 17 170 M M 9 1 24 160
11 68 52 60 1 5 0 0.00 0.0 0 8.6 23 150 M M 6 34 150
12 61 49 55 -3 10 0 T 0.0 0 5.2 15 40 M M 7 21 350
13 65 54 60 2 5 0 0.04 0.0 0 6.9 18 150 M M 9 27 150
14 65 51 58 0 7 0 0.33 0.0 0 4.1 12 190 M M 8 1 20 350
15 60 49 55 -3 10 0 0.60 0.0 0 3.2 13 150 M M 7 1 17 150
16 59 51 55 -3 10 0 1.10 0.0 0 4.6 14 150 M M 9 1 22 180
17 69 47 58 0 7 0 0.00 0.0 0 3.8 10 240 M M 3 1 12 250
18 65 47 56 -1 9 0 0.00 0.0 0 4.7 10 200 M M 6 17 190
19 66 52 59 2 6 0 0.00 0.0 0 4.7 12 130 M M 7 15 140
20 66 52 59 2 6 0 0.00 0.0 0 6.2 15 260 M M 9 17 260
21 64 49 57 0 8 0 0.00 0.0 0 4.3 8 300 M M 7 M M
22 67 52 60 4 5 0 0.00 0.0 0 2.4 7 250 M M 6 1 10 330
23 65 51 58 2 7 0 T 0.0 0 5.5 23 160 M M 7 33 190
24 64 56 60 4 5 0 0.28 0.0 M 9.2 25 150 M M 10 18 37 150
25 66 55 61 5 4 0 0.12 0.0 0 11.0 25 150 M M 9 37 140
26 68 56 62 6 3 0 0.25 0.0 0 18.6 32 140 M M 9 1 51 150
27 65 57 61 6 4 0 T 0.0 0 13.4 24 170 M M 7 38 170
28 58 54 56 1 9 0 0.32 0.0 0 4.1 13 240 M M 10 1 23 200
29 66 51 59 4 6 0 0.13 0.0 0 8.9 23 150 M M 9 1 32 140
30 58 51 55 1 10 0 0.08 0.0 0 2.7 10 40 M M 9 1 13 160
31 65 51 58 4 7 0 0.45 0.0 0 10.4 32 130 M M 9 1 46 120
================================================================================
SM 2019 1629 185 0 3.83 0.0 201.7 M 233
================================================================================
AV 65.1 52.5 6.5 FASTST M M 8 MAX(MPH)
MISC ----> # 32 140 51 150
================================================================================
NOTES:
# LAST OF SEVERAL OCCURRENCES
COLUMN 17 PEAK WIND IN M.P.H.
PRELIMINARY LOCAL CLIMATOLOGICAL DATA (WS FORM: F-6) , PAGE 2
STATION: ANCHORAGE AK
MONTH: AUGUST
YEAR: 2023
LATITUDE: 61 10 N
LONGITUDE: 150 2 W
[TEMPERATURE DATA] [PRECIPITATION DATA] SYMBOLS USED IN COLUMN 16
AVERAGE MONTHLY: 58.8 TOTAL FOR MONTH: 3.83 1 = FOG OR MIST
DPTR FM NORMAL: 1.3 DPTR FM NORMAL: 0.90 2 = FOG REDUCING VISIBILITY
HIGHEST: 73 ON 5 GRTST 24HR 1.70 ON 15-16 TO 1/4 MILE OR LESS
LOWEST: 47 ON 18,17 3 = THUNDER
SNOW, ICE PELLETS, HAIL 4 = ICE PELLETS
TOTAL MONTH: 0.0 INCH 5 = HAIL
GRTST 24HR 0.0 6 = FREEZING RAIN OR DRIZZLE
GRTST DEPTH: 0 7 = DUSTSTORM OR SANDSTORM:
VSBY 1/2 MILE OR LESS
8 = SMOKE OR HAZE
[NO. OF DAYS WITH] [WEATHER - DAYS WITH] 9 = BLOWING SNOW
X = TORNADO
MAX 32 OR BELOW: 0 0.01 INCH OR MORE: 15
MAX 90 OR ABOVE: 0 0.10 INCH OR MORE: 9
MIN 32 OR BELOW: 0 0.50 INCH OR MORE: 2
MIN 0 OR BELOW: 0 1.00 INCH OR MORE: 1
[HDD (BASE 65) ]
TOTAL THIS MO. 185 CLEAR (SCALE 0-3) 2
DPTR FM NORMAL -51 PTCLDY (SCALE 4-7) 14
TOTAL FM JUL 1 391 CLOUDY (SCALE 8-10) 15
DPTR FM NORMAL -21
[CDD (BASE 65) ]
TOTAL THIS MO. 0
DPTR FM NORMAL -1 [PRESSURE DATA]
TOTAL FM JAN 1 0 HIGHEST SLP M ON M
DPTR FM NORMAL -8 LOWEST SLP 29.24 ON 12
[REMARKS]
#FINAL-08-23#