000
CXAK56 PAFC 191120
CF6ANC
PRELIMINARY LOCAL CLIMATOLOGICAL DATA (WS FORM: F-6)
STATION: ANCHORAGE AK
MONTH: APRIL
YEAR: 2024
LATITUDE: 61 10 N
LONGITUDE: 150 2 W
TEMPERATURE IN F: :PCPN: SNOW: WIND :SUNSHINE: SKY :PK WND
================================================================================
1 2 3 4 5 6A 6B 7 8 9 10 11 12 13 14 15 16 17 18
12Z AVG MX 2MIN
DY MAX MIN AVG DEP HDD CDD WTR SNW DPTH SPD SPD DIR MIN PSBL S-S WX SPD DR
================================================================================
1 41 26 34 3 31 0 0.33 4.4 21 7.0 17 160 M M 9 18 26 140
2 32 20 26 -5 39 0 0.02 0.2 25 6.3 14 30 M M 8 18 22 20
3 36 20 28 -4 37 0 0.00 0.0 23 3.0 10 40 M M 7 24 360
4 37 27 32 0 33 0 0.24 2.1 22 6.2 17 150 M M 10 1 28 150
5 35 29 32 -1 33 0 0.04 0.2 23 5.9 14 190 M M 9 1 26 170
6 37 24 31 -2 34 0 T T 23 4.3 12 20 M M 9 16 20
7 40 26 33 -1 32 0 0.00 0.0 22 5.2 13 140 M M 5 12 17 150
8 39 25 32 -2 33 0 0.00 0.0 21 3.5 8 340 M M 3 14 330
9 38 28 33 -2 32 0 0.05 0.8 21 7.9 17 130 M M 9 1 31 140
10 39 26 33 -2 32 0 0.04 0.5 22 3.5 12 170 M M 6 1 17 170
11 40 32 36 0 29 0 T T 22 16.6 30 140 M M 7 46 160
12 40 33 37 1 28 0 0.08 0.8 22 13.5 28 160 M M 10 1 44 130
13 42 29 36 0 29 0 0.00 0.0 21 3.5 12 20 M M 6 21 20
14 40 28 34 -3 31 0 0.00 0.0 20 6.2 14 350 M M 5 21 340
15 43 23 33 -5 32 0 0.00 0.0 18 5.3 21 140 M M 2 34 160
16 44 31 38 0 27 0 0.00 0.0 16 9.2 20 140 M M 5 35 140
17 40 30 35 -3 30 0 0.00 0.0 14 3.7 13 290 M M 7 14 220
18 46 33 40 1 25 0 0.00 0.0 13 4.4 13 320 M M 7 15 330
================================================================================
SM 709 490 567 0 0.80 9.0 115.2 M 124
================================================================================
AV 39.4 27.2 6.4 FASTST M M 7 MAX(MPH)
MISC ----> 30 140 46 160
================================================================================
NOTES:
# LAST OF SEVERAL OCCURRENCES
COLUMN 17 PEAK WIND IN M.P.H.
PRELIMINARY LOCAL CLIMATOLOGICAL DATA (WS FORM: F-6) , PAGE 2
STATION: ANCHORAGE AK
MONTH: APRIL
YEAR: 2024
LATITUDE: 61 10 N
LONGITUDE: 150 2 W
[TEMPERATURE DATA] [PRECIPITATION DATA] SYMBOLS USED IN COLUMN 16
AVERAGE MONTHLY: 33.3 TOTAL FOR MONTH: 0.80 1 = FOG OR MIST
DPTR FM NORMAL: -1.6 DPTR FM NORMAL: 0.55 2 = FOG REDUCING VISIBILITY
HIGHEST: 46 ON 18 GRTST 24HR 0.34 ON 1- 2 TO 1/4 MILE OR LESS
LOWEST: 20 ON 3, 2 3 = THUNDER
SNOW, ICE PELLETS, HAIL 4 = ICE PELLETS
TOTAL MONTH: 9.1 INCHES 5 = HAIL
GRTST 24HR 4.4 ON 1- 1 6 = FREEZING RAIN OR DRIZZLE
GRTST DEPTH: 25 ON 2 7 = DUSTSTORM OR SANDSTORM:
VSBY 1/2 MILE OR LESS
8 = SMOKE OR HAZE
[NO. OF DAYS WITH] [WEATHER - DAYS WITH] 9 = BLOWING SNOW
X = TORNADO
MAX 32 OR BELOW: 1 0.01 INCH OR MORE: 7
MAX 90 OR ABOVE: 0 0.10 INCH OR MORE: 2
MIN 32 OR BELOW: 16 0.50 INCH OR MORE: 0
MIN 0 OR BELOW: 0 1.00 INCH OR MORE: 0
[HDD (BASE 65) ]
TOTAL THIS MO. 567 CLEAR (SCALE 0-3) 2
DPTR FM NORMAL 25 PTCLDY (SCALE 4-7) 9
TOTAL FM JUL 1 8890 CLOUDY (SCALE 8-10) 7
DPTR FM NORMAL -10
[CDD (BASE 65) ]
TOTAL THIS MO. 0
DPTR FM NORMAL 0 [PRESSURE DATA]
TOTAL FM JAN 1 0 HIGHEST SLP M ON M
DPTR FM NORMAL 0 LOWEST SLP 29.37 ON 8
[REMARKS]