281
CXUS53 KIWX 010800
CF6AOH
PRELIMINARY LOCAL CLIMATOLOGICAL DATA (WS FORM: F-6)
STATION: LIMA
MONTH: JULY
YEAR: 2020
LATITUDE: 40 42 N
LONGITUDE: 84 1 W
TEMPERATURE IN F: :PCPN: SNOW: WIND :SUNSHINE: SKY :PK WND
================================================================================
1 2 3 4 5 6A 6B 7 8 9 10 11 12 13 14 15 16 17 18
12Z AVG MX 2MIN
DY MAX MIN AVG DEP HDD CDD WTR SNW DPTH SPD SPD DIR MIN PSBL S-S WX SPD DR
================================================================================
1 90 65 78 4 0 13 0.00 0.0 0 7.8 15 60 M M 0 22 80
2 90 61 76 2 0 11 0.00 0.0 0 3.9 14 20 M M 0 19 40
3 93 64 79 5 0 14 0.00 0.0 0 3.4 13 20 M M 1 18 30
4 92 70 81 7 0 16 0.00 0.0 0 4.5 13 40 M M 2 18 40
5 91 65 78 4 0 13 0.00 0.0 0 5.0 12 40 M M 0 16 50
6 94 67 81 7 0 16 0.00 0.0 0 5.8 17 200 M M 1 3 23 210
7 90 72 81 7 0 16 0.12 0.0 0 6.0 20 330 M M 1 38 26 340
8 93 69 81 7 0 16 0.60 0.0 0 4.6 28 270 M M 1 13 38 290
9 93 69 81 7 0 16 0.16 0.0 0 3.5 20 200 M M 1 138 27 220
10 87 72 80 6 0 15 0.37 0.0 0 12.4 31 250 M M 4 138 45 250
11 85 68 77 3 0 12 0.00 0.0 0 10.0 20 280 M M 2 28 300
12 81 66 74 0 0 9 T 0.0 0 5.1 18 230 M M 2 1 26 250
13 82 62 72 -2 0 7 0.00 0.0 0 5.2 14 360 M M 3 20 320
14 85 59 72 -2 0 7 0.00 M M 3.9 9 130 M M 0 12 240
15 90 65 78 4 0 13 0.00 M M 7.9 15 150 M M 0 20 160
16 83 73 78 4 0 13 T M M 10.2 22 250 M M 7 29 210
17 88 65 77 3 0 12 0.00 0.0 0 4.2 12 260 M M 1 12 16 230
18 93 65 79 5 0 14 0.00 0.0 0 8.4 18 240 M M 1 24 240
19 91 74 83 9 0 18 T 0.0 0 12.8 29 260 M M 2 39 270
20 85 72 79 5 0 14 T 0.0 0 6.6 14 260 M M 2 18 250
21 88 68 78 4 0 13 0.37 0.0 0 4.3 38 250 M M 3 13 53 250
22 83 69 76 2 0 11 0.36 0.0 0 8.9 17 230 M M 7 13 24 200
23 85 71 78 5 0 13 T 0.0 0 6.8 13 90 M M 6 1 18 270
24 85 67 76 3 0 11 T 0.0 0 4.8 12 70 M M 4 1 14 70
25 88 64 76 3 0 11 0.00 0.0 0 2.7 10 150 M M 2 14 150
26 91 65 78 5 0 13 0.00 0.0 0 6.9 15 230 M M 1 8 22 240
27 91 71 81 8 0 16 1.41 0.0 0 9.6 30 290 M M 4 13 48 270
28 84 63 74 1 0 9 0.08 0.0 0 6.7 17 260 M M 3 1 24 250
29 87 66 77 4 0 12 0.00 0.0 0 7.3 16 250 M M 1 22 250
30 79 66 73 0 0 8 T 0.0 0 4.3 13 50 M M 3 1 20 30
31 81 63 72 -1 0 7 0.00 0.0 0 6.9 14 20 M M 1 19 30
================================================================================
SM 2718 2076 0 389 3.47 0.0 200.4 M 66
================================================================================
AV 87.7 67.0 6.5 FASTST M M 2 MAX(MPH)
MISC ----> # 38 250 # 53 250
================================================================================
NOTES:
# LAST OF SEVERAL OCCURRENCES
COLUMN 17 PEAK WIND IN M.P.H.
PRELIMINARY LOCAL CLIMATOLOGICAL DATA (WS FORM: F-6) , PAGE 2
STATION: LIMA
MONTH: JULY
YEAR: 2020
LATITUDE: 40 42 N
LONGITUDE: 84 1 W
[TEMPERATURE DATA] [PRECIPITATION DATA] SYMBOLS USED IN COLUMN 16
AVERAGE MONTHLY: 77.3 TOTAL FOR MONTH: 3.47 1 = FOG OR MIST
DPTR FM NORMAL: 3.7 DPTR FM NORMAL: -0.40 2 = FOG REDUCING VISIBILITY
HIGHEST: 94 ON 6 GRTST 24HR 1.41 ON 27-27 TO 1/4 MILE OR LESS
LOWEST: 59 ON 14 3 = THUNDER
SNOW, ICE PELLETS, HAIL 4 = ICE PELLETS
TOTAL MONTH: 0.0 INCH 5 = HAIL
GRTST 24HR 0.0 6 = FREEZING RAIN OR DRIZZLE
GRTST DEPTH: 0 7 = DUSTSTORM OR SANDSTORM:
VSBY 1/2 MILE OR LESS
8 = SMOKE OR HAZE
[NO. OF DAYS WITH] [WEATHER - DAYS WITH] 9 = BLOWING SNOW
X = TORNADO
MAX 32 OR BELOW: 0 0.01 INCH OR MORE: 8
MAX 90 OR ABOVE: 14 0.10 INCH OR MORE: 7
MIN 32 OR BELOW: 0 0.50 INCH OR MORE: 2
MIN 0 OR BELOW: 0 1.00 INCH OR MORE: 1
[HDD (BASE 65) ]
TOTAL THIS MO. 0 CLEAR (SCALE 0-3) 24
DPTR FM NORMAL -2 PTCLDY (SCALE 4-7) 7
TOTAL FM JUL 1 0 CLOUDY (SCALE 8-10) 0
DPTR FM NORMAL -2
[CDD (BASE 65) ]
TOTAL THIS MO. 389
DPTR FM NORMAL 121 [PRESSURE DATA]
TOTAL FM JAN 1 695 HIGHEST SLP 30.20 ON 17
DPTR FM NORMAL 181 LOWEST SLP 29.73 ON 10
[REMARKS]
#FINAL-07-20#