000
CXUS52 KMFL 011030
CF6APF
PRELIMINARY LOCAL CLIMATOLOGICAL DATA (WS FORM: F-6)
STATION: NAPLES
MONTH: MARCH
YEAR: 2024
LATITUDE: 26 8 N
LONGITUDE: 81 46 W
TEMPERATURE IN F: :PCPN: SNOW: WIND :SUNSHINE: SKY :PK WND
================================================================================
1 2 3 4 5 6A 6B 7 8 9 10 11 12 13 14 15 16 17 18
12Z AVG MX 2MIN
DY MAX MIN AVG DEP HDD CDD WTR SNW DPTH SPD SPD DIR MIN PSBL S-S WX SPD DR
================================================================================
1 82 67 75 6 0 10 0.00 0.0 0 8.8 18 140 M M 4 18 28 150
2 81 69 75 6 0 10 0.00 0.0 0 6.5 16 160 M M 1 22 150
3 82 69 76 7 0 11 0.00 0.0 0 6.5 15 220 M M 2 20 190
4 83 67 75 6 0 10 0.00 0.0 0 6.6 8 100 M M 2 M M
5 84 69 77 8 0 12 0.00 0.0 0 10.1 14 200 M M 2 M M
6 76 69 73 4 0 8 1.12 0.0 0 4.4 15 220 M M 7 13 20 140
7 80 69 75 5 0 10 0.03 0.0 0 3.7 13 300 M M 3 1 16 300
8 85 71 78 8 0 13 0.00 0.0 0 6.9 17 210 M M 3 1 22 200
9 84 73 79 9 0 14 0.00 0.0 0 9.7 22 200 M M 2 1 28 200
10 78 64 71 1 0 6 T 0.0 0 10.3 18 300 M M 4 1 25 290
11 81 58 70 0 0 5 0.00 0.0 0 9.3 18 50 M M 0 25 30
12 81 61 71 1 0 6 0.00 0.0 0 6.3 15 210 M M 1 19 220
13 82 66 74 4 0 9 0.00 0.0 0 4.6 13 210 M M 2 20 200
14 84 67 76 6 0 11 0.00 0.0 0 4.5 10 260 M M 1 15 260
15 85 66 76 6 0 11 0.00 0.0 0 6.9 17 170 M M 0 24 230
16 83 67 75 5 0 10 0.00 0.0 0 5.2 14 220 M M 1 1 19 210
17 84 68 76 6 0 11 0.00 0.0 0 5.1 14 220 M M 4 1 20 210
18 85 72 79 9 0 14 0.01 0.0 0 8.6 18 200 M M 3 1 24 320
19 77 61 69 -1 0 4 0.26 0.0 0 9.7 20 330 M M 2 13 31 350
20 80 58 69 -1 0 4 0.00 0.0 0 7.9 14 290 M M 1 20 270
21 83 63 73 2 0 8 0.00 0.0 0 7.2 16 150 M M 6 23 150
22 72 66 69 -2 0 4 3.85 0.0 0 11.5 30 110 M M 8 138 39 110
23 79 68 74 3 0 9 0.00 0.0 0 12.0 20 300 M M 4 27 290
24 83 64 74 3 0 9 0.00 0.0 0 9.1 20 60 M M 2 26 300
25 85 65 75 4 0 10 0.00 M M 13.0 22 110 M M 5 31 100
26 85 68 77 6 0 12 0.00 0.0 0 12.8 25 150 M M 1 1 34 160
27 86 71 79 8 0 14 0.02 0.0 0 9.4 18 150 M M 2 26 170
28 80 65 73 1 0 8 0.05 0.0 0 15.1 32 150 M M 1 44 150
29 83 60 72 0 0 7 0.00 0.0 0 6.8 18 60 M M 0 25 60
30 82 61 72 0 0 7 0.00 0.0 0 5.8 16 220 M M 1 22 240
31 83 64 74 2 0 9 0.00 0.0 0 5.7 15 210 M M 2 22 100
================================================================================
SM 2538 2046 0 286 5.34 0.0 250.0 M 77
================================================================================
AV 81.9 66.0 8.1 FASTST M M 2 MAX(MPH)
MISC ----> 32 150 44 150
================================================================================
NOTES:
# LAST OF SEVERAL OCCURRENCES
COLUMN 17 PEAK WIND IN M.P.H.
PRELIMINARY LOCAL CLIMATOLOGICAL DATA (WS FORM: F-6) , PAGE 2
STATION: NAPLES
MONTH: MARCH
YEAR: 2024
LATITUDE: 26 8 N
LONGITUDE: 81 46 W
[TEMPERATURE DATA] [PRECIPITATION DATA] SYMBOLS USED IN COLUMN 16
AVERAGE MONTHLY: 73.9 TOTAL FOR MONTH: 5.34 1 = FOG OR MIST
DPTR FM NORMAL: 3.6 DPTR FM NORMAL: 3.46 2 = FOG REDUCING VISIBILITY
HIGHEST: 86 ON 27 GRTST 24HR 3.85 ON 22-22 TO 1/4 MILE OR LESS
LOWEST: 58 ON 20,11 3 = THUNDER
SNOW, ICE PELLETS, HAIL 4 = ICE PELLETS
TOTAL MONTH: 0.0 INCH 5 = HAIL
GRTST 24HR 0.0 6 = FREEZING RAIN OR DRIZZLE
GRTST DEPTH: 0 7 = DUSTSTORM OR SANDSTORM:
VSBY 1/2 MILE OR LESS
8 = SMOKE OR HAZE
[NO. OF DAYS WITH] [WEATHER - DAYS WITH] 9 = BLOWING SNOW
X = TORNADO
MAX 32 OR BELOW: 0 0.01 INCH OR MORE: 7
MAX 90 OR ABOVE: 0 0.10 INCH OR MORE: 3
MIN 32 OR BELOW: 0 0.50 INCH OR MORE: 2
MIN 0 OR BELOW: 0 1.00 INCH OR MORE: 2
[HDD (BASE 65) ]
TOTAL THIS MO. 0 CLEAR (SCALE 0-3) 22
DPTR FM NORMAL -22 PTCLDY (SCALE 4-7) 9
TOTAL FM JUL 1 133 CLOUDY (SCALE 8-10) 0
DPTR FM NORMAL -86
[CDD (BASE 65) ]
TOTAL THIS MO. 286
DPTR FM NORMAL 100 [PRESSURE DATA]
TOTAL FM JAN 1 462 HIGHEST SLP 30.21 ON 1
DPTR FM NORMAL 61 LOWEST SLP 29.71 ON 23
[REMARKS]
#FINAL-03-24#