000
CXUS52 KMFL 011030
CF6APF
PRELIMINARY LOCAL CLIMATOLOGICAL DATA (WS FORM: F-6)
STATION: NAPLES
MONTH: AUGUST
YEAR: 2023
LATITUDE: 26 8 N
LONGITUDE: 81 46 W
TEMPERATURE IN F: :PCPN: SNOW: WIND :SUNSHINE: SKY :PK WND
================================================================================
1 2 3 4 5 6A 6B 7 8 9 10 11 12 13 14 15 16 17 18
12Z AVG MX 2MIN
DY MAX MIN AVG DEP HDD CDD WTR SNW DPTH SPD SPD DIR MIN PSBL S-S WX SPD DR
================================================================================
1 93 78 86 3 0 21 T 0.0 0 4.9 15 240 M M 1 3 18 240
2 94 79 87 4 0 22 0.01 0.0 0 5.2 14 260 M M 2 3 18 260
3 94 77 86 3 0 21 0.00 0.0 0 6.9 16 250 M M 2 3 23 260
4 93 79 86 3 0 21 0.00 0.0 0 6.4 15 210 M M 3 3 21 350
5 94 79 87 4 0 22 0.02 0.0 0 4.1 14 240 M M 2 3 19 250
6 95 80 88 5 0 23 0.00 0.0 0 4.9 15 230 M M 0 19 260
7 97 83 90 7 0 25 0.00 0.0 0 5.8 16 230 M M 1 20 220
8 98 83 91 8 0 26 0.00 0.0 0 6.2 15 250 M M 0 21 240
9 96 83 90 7 0 25 0.00 0.0 0 5.6 14 290 M M 1 3 17 270
10 92 79 86 3 0 21 0.80 0.0 0 4.5 18 270 M M 3 138 24 280
11 95 80 88 5 0 23 0.23 0.0 0 4.8 15 50 M M 1 3 19 50
12 98 82 90 7 0 25 0.48 0.0 0 4.7 22 20 M M 2 138 29 20
13 93 81 87 4 0 22 0.05 0.0 0 8.1 20 200 M M 2 13 26 160
14 95 82 89 6 0 24 0.00 0.0 0 8.3 17 220 M M 2 3 21 140
15 97 80 89 6 0 24 0.05 0.0 0 5.6 23 90 M M 1 13 27 90
16 94 79 87 4 0 22 0.45 0.0 0 4.7 24 140 M M 3 13 29 140
17 94 78 86 3 0 21 0.02 0.0 0 7.3 23 220 M M 2 13 27 210
18 92 78 85 2 0 20 0.00 0.0 0 5.5 22 220 M M 1 3 31 210
19 96 78 87 4 0 22 T 0.0 0 7.4 18 130 M M 2 3 24 110
20 92 79 86 3 0 21 0.02 0.0 0 11.2 29 100 M M 1 3 37 110
21 92 78 85 2 0 20 0.19 0.0 0 8.3 29 100 M M 1 3 39 90
22 97 78 88 5 0 23 0.00 0.0 0 10.5 20 60 M M 0 3 25 50
23 96 79 88 5 0 23 0.00 0.0 0 9.2 21 80 M M 1 3 26 80
24 97 77 87 4 0 22 0.06 0.0 0 7.5 21 60 M M 2 13 26 60
25 96 75 86 3 0 21 0.00 0.0 0 7.7 15 70 M M 1 19 60
26 97 77 87 4 0 22 0.00 0.0 0 7.4 16 70 M M 1 20 60
27 94 79 87 4 0 22 0.24 0.0 0 6.2 17 140 M M 3 13 20 140
28 93 79 86 3 0 21 T 0.0 0 7.9 17 210 M M 2 3 22 220
29 90 78 84 1 0 19 1.32 0.0 0 15.0 29 160 M M 5 138 39 200
30 93 86 90 7 0 25 0.01 0.0 0 20.3 30 220 M M 5 40 190
31 93 81 87 4 0 22 0.10 0.0 0 10.0 24 260 M M 3 13 31 260
================================================================================
SM 2930 2464 0 691 4.05 0.0 232.1 M 56
================================================================================
AV 94.5 79.5 7.5 FASTST M M 2 MAX(MPH)
MISC ----> 30 220 40 190
================================================================================
NOTES:
# LAST OF SEVERAL OCCURRENCES
COLUMN 17 PEAK WIND IN M.P.H.
PRELIMINARY LOCAL CLIMATOLOGICAL DATA (WS FORM: F-6) , PAGE 2
STATION: NAPLES
MONTH: AUGUST
YEAR: 2023
LATITUDE: 26 8 N
LONGITUDE: 81 46 W
[TEMPERATURE DATA] [PRECIPITATION DATA] SYMBOLS USED IN COLUMN 16
AVERAGE MONTHLY: 87.0 TOTAL FOR MONTH: 4.05 1 = FOG OR MIST
DPTR FM NORMAL: 3.7 DPTR FM NORMAL: -4.84 2 = FOG REDUCING VISIBILITY
HIGHEST: 98 ON 12, 8 GRTST 24HR 1.32 ON 29-29 TO 1/4 MILE OR LESS
LOWEST: 75 ON 25 3 = THUNDER
SNOW, ICE PELLETS, HAIL 4 = ICE PELLETS
TOTAL MONTH: 0.0 INCH 5 = HAIL
GRTST 24HR 0.0 6 = FREEZING RAIN OR DRIZZLE
GRTST DEPTH: 0 7 = DUSTSTORM OR SANDSTORM:
VSBY 1/2 MILE OR LESS
8 = SMOKE OR HAZE
[NO. OF DAYS WITH] [WEATHER - DAYS WITH] 9 = BLOWING SNOW
X = TORNADO
MAX 32 OR BELOW: 0 0.01 INCH OR MORE: 16
MAX 90 OR ABOVE: 31 0.10 INCH OR MORE: 8
MIN 32 OR BELOW: 0 0.50 INCH OR MORE: 2
MIN 0 OR BELOW: 0 1.00 INCH OR MORE: 1
[HDD (BASE 65) ]
TOTAL THIS MO. 0 CLEAR (SCALE 0-3) 29
DPTR FM NORMAL 0 PTCLDY (SCALE 4-7) 2
TOTAL FM JUL 1 0 CLOUDY (SCALE 8-10) 0
DPTR FM NORMAL 0
[CDD (BASE 65) ]
TOTAL THIS MO. 691
DPTR FM NORMAL 122 [PRESSURE DATA]
TOTAL FM JAN 1 3564 HIGHEST SLP 30.08 ON 7
DPTR FM NORMAL 797 LOWEST SLP 29.69 ON 27
[REMARKS]
#FINAL-08-23#