000
CXUS53 KAPX 010730
CF6APX
PRELIMINARY LOCAL CLIMATOLOGICAL DATA (WS FORM: F-6)
STATION: GAYLORD WFO
MONTH: MARCH
YEAR: 2023
LATITUDE: 45 4 N
LONGITUDE: 84 43 W
TEMPERATURE IN F: :PCPN: SNOW: WIND :SUNSHINE: SKY :PK WND
================================================================================
1 2 3 4 5 6A 6B 7 8 9 10 11 12 13 14 15 16 17 18
12Z AVG MX 2MIN
DY MAX MIN AVG DEP HDD CDD WTR SNW DPTH SPD SPD DIR MIN PSBL S-S WX SPD DR
================================================================================
1 43 27 35 12 30 0 0.01 T 12 M M M M M M M M
2 34 27 31 7 34 0 0.08 0.9 12 M M M M M M M M
3 35 27 31 7 34 0 0.00 0.0 11 M M M M M M M M
4 43 24 34 10 31 0 0.16 1.6 11 M M M M M M M M
5 M M M M M M 0.00 0.0 M M M M M M M M M
6 33 27 30 5 35 0 0.26 2.8 11 M M M M M M M M
7 38 23 31 6 34 0 0.00 0.0 13 M M M M M M M M
8 38 23 31 5 34 0 0.00 0.0 13 M M M M M M M M
9 40 24 32 6 33 0 0.00 0.0 13 M M M M M M M M
10 30 24 27 1 38 0 0.14 1.4 14 M M M M M M M M
11 35 17 26 -1 39 0 0.00 0.0 14 M M M M M M M M
12 29 20 25 -2 40 0 0.02 0.3 13 M M M M M M M M
13 22 17 20 -7 45 0 0.02 0.4 13 M M M M M M M M
14 29 11 20 -8 45 0 0.00 0.0 13 M M M M M M M M
15 44 15 30 2 35 0 T 0.0 13 M M M M M M M M
16 49 34 42 14 23 0 0.27 T 12 M M M M M M M M
17 38 20 29 0 36 0 0.36 2.6 10 M M M M M M M M
18 20 13 17 -12 48 0 0.34 6.3 13 M M M M M M M M
19 35 18 27 -3 38 0 0.01 0.4 16 M M M M M M M M
20 41 26 34 4 31 0 0.00 0.0 14 M M M M M M M M
21 36 18 27 -3 38 0 T T 13 M M M M M M M M
22 39 26 33 2 32 0 T T 12 M M M M M M 1 M M
23 39 24 32 1 33 0 0.00 0.0 10 M M M M M M M M
24 42 18 30 -1 35 0 0.00 0.0 10 M M M M M M M M
25 30 25 28 -4 37 0 1.26 10.7 10 M M M M M M M M
26 43 24 34 2 31 0 0.00 0.0 21 M M M M M M M M
27 40 19 30 -3 35 0 0.00 0.0 14 M M M M M M M M
28 40 22 31 -2 34 0 0.00 0.0 14 M M M M M M M M
29 30 17 24 -9 41 0 0.11 1.5 14 M M M M M M 9 M M
30 40 15 28 -6 37 0 0.04 0.3 14 M M M M M M M M
31 40 30 35 1 30 0 0.77 0.6 13 M M M M M M M M
================================================================================
SM 1095 655 1066 0 3.85 29.8 M M M
================================================================================
AV 36.5 21.8 M FASTST M M M MAX(MPH)
MISC ----> M M M M
================================================================================
NOTES:
# LAST OF SEVERAL OCCURRENCES
COLUMN 17 PEAK WIND IN M.P.H.
PRELIMINARY LOCAL CLIMATOLOGICAL DATA (WS FORM: F-6) , PAGE 2
STATION: GAYLORD WFO
MONTH: MARCH
YEAR: 2023
LATITUDE: 45 4 N
LONGITUDE: 84 43 W
[TEMPERATURE DATA] [PRECIPITATION DATA] SYMBOLS USED IN COLUMN 16
AVERAGE MONTHLY: 29.2 TOTAL FOR MONTH: 3.85 1 = FOG OR MIST
DPTR FM NORMAL: 0.6 DPTR FM NORMAL: 1.59 2 = FOG REDUCING VISIBILITY
HIGHEST: 49 ON 16 GRTST 24HR 1.26 ON 25-25 TO 1/4 MILE OR LESS
LOWEST: 11 ON 14 3 = THUNDER
SNOW, ICE PELLETS, HAIL 4 = ICE PELLETS
TOTAL MONTH: 30.1 INCHES 5 = HAIL
GRTST 24HR 10.7 ON 25-25 6 = FREEZING RAIN OR DRIZZLE
GRTST DEPTH: 21 ON 26 7 = DUSTSTORM OR SANDSTORM:
VSBY 1/2 MILE OR LESS
8 = SMOKE OR HAZE
[NO. OF DAYS WITH] [WEATHER - DAYS WITH] 9 = BLOWING SNOW
X = TORNADO
MAX 32 OR BELOW: 7 0.01 INCH OR MORE: 15
MAX 90 OR ABOVE: 0 0.10 INCH OR MORE: 9
MIN 32 OR BELOW: 29 0.50 INCH OR MORE: 2
MIN 0 OR BELOW: 0 1.00 INCH OR MORE: 1
[HDD (BASE 65) ]
TOTAL THIS MO. 1066 CLEAR (SCALE 0-3) 0
DPTR FM NORMAL -65 PTCLDY (SCALE 4-7) 0
TOTAL FM JUL 1 6192 CLOUDY (SCALE 8-10) 31
DPTR FM NORMAL -756
[CDD (BASE 65) ]
TOTAL THIS MO. 0
DPTR FM NORMAL -1 [PRESSURE DATA]
TOTAL FM JAN 1 0 HIGHEST SLP M ON M
DPTR FM NORMAL -1 LOWEST SLP M ON M
[REMARKS]
#FINAL-03-23#