000
CXUS53 KAPX 010830
CF6APX
PRELIMINARY LOCAL CLIMATOLOGICAL DATA (WS FORM: F-6)
STATION: GAYLORD WFO
MONTH: JANUARY
YEAR: 2022
LATITUDE: 45 4 N
LONGITUDE: 84 43 W
TEMPERATURE IN F: :PCPN: SNOW: WIND :SUNSHINE: SKY :PK WND
================================================================================
1 2 3 4 5 6A 6B 7 8 9 10 11 12 13 14 15 16 17 18
12Z AVG MX 2MIN
DY MAX MIN AVG DEP HDD CDD WTR SNW DPTH SPD SPD DIR MIN PSBL S-S WX SPD DR
================================================================================
1 27 14 21 1 44 0 T T 3 M M M M M M M M
2 18 10 14 -6 51 0 T T 3 M M M M M M M M
3 26 12 19 -1 46 0 T T 3 M M M M M M M M
4 31 12 22 2 43 0 0.00 0.0 3 M M M M M M M M
5 31 15 23 3 42 0 0.31 3.9 3 M M M M M M 1 M M
6 15 4 10 -9 55 0 0.07 1.1 7 M M M M M M M M
7 14 0 7 -12 58 0 T T 7 M M M M M M M M
8 24 7 16 -3 49 0 T T 6 M M M M M M M M
9 27 10 19 0 46 0 0.12 2.2 6 M M M M M M M M
10 10 6 8 -11 57 0 0.11 1.4 8 M M M M M M M M
11 28 7 18 0 47 0 T T 6 M M M M M M M M
12 28 21 25 7 40 0 T T 6 M M M M M M 6 M M
13 28 17 23 5 42 0 T T 6 M M M M M M 6 M M
14 19 1 10 -8 55 0 T T 6 M M M M M M M M
15 15 -1 7 -11 58 0 T T 6 M M M M M M M M
16 20 3 12 -6 53 0 0.00 0.0 5 M M M M M M M M
17 24 15 20 2 45 0 0.02 0.2 5 M M M M M M 6 M M
18 31 18 25 7 40 0 0.09 1.7 5 M M M M M M M M
19 35 13 24 6 41 0 0.03 0.5 6 M M M M M M M M
20 13 8 11 -6 54 0 T T 6 M M M M M M M M
21 19 10 15 -2 50 0 T T 6 M M M M M M M M
22 21 10 16 -1 49 0 0.23 4.1 10 M M M M M M M M
23 21 9 15 -2 50 0 0.01 0.2 9 M M M M M M M M
24 18 9 14 -3 51 0 0.01 0.6 9 M M M M M M M M
25 14 6 10 -7 55 0 0.09 1.7 9 M M M M M M M M
26 15 -1 7 -10 58 0 T 0.1 10 M M M M M M M M
27 24 11 18 1 47 0 0.10 1.7 9 M M M M M M 1 M M
28 16 1 9 -8 56 0 T T 10 M M M M M M M M
29 19 7 13 -4 52 0 0.01 0.3 10 M M M M M M M M
30 24 14 19 2 46 0 0.07 1.8 11 M M M M M M M M
31 25 12 19 2 46 0 T T 11 M M M M M M M M
================================================================================
SM 680 280 1526 0 1.27 21.5 M M M
================================================================================
AV 21.9 9.0 M FASTST M M M MAX(MPH)
MISC ----> M M M M
================================================================================
NOTES:
# LAST OF SEVERAL OCCURRENCES
COLUMN 17 PEAK WIND IN M.P.H.
PRELIMINARY LOCAL CLIMATOLOGICAL DATA (WS FORM: F-6) , PAGE 2
STATION: GAYLORD WFO
MONTH: JANUARY
YEAR: 2022
LATITUDE: 45 4 N
LONGITUDE: 84 43 W
[TEMPERATURE DATA] [PRECIPITATION DATA] SYMBOLS USED IN COLUMN 16
AVERAGE MONTHLY: 15.5 TOTAL FOR MONTH: 1.27 1 = FOG OR MIST
DPTR FM NORMAL: -2.7 DPTR FM NORMAL: -1.83 2 = FOG REDUCING VISIBILITY
HIGHEST: 35 ON 19 GRTST 24HR 0.33 ON 18-19 TO 1/4 MILE OR LESS
LOWEST: -1 ON 26,15 3 = THUNDER
SNOW, ICE PELLETS, HAIL 4 = ICE PELLETS
TOTAL MONTH: 21.5 INCHES 5 = HAIL
GRTST 24HR 4.1 ON 22-22 6 = FREEZING RAIN OR DRIZZLE
GRTST DEPTH: 11 ON 31,30 7 = DUSTSTORM OR SANDSTORM:
VSBY 1/2 MILE OR LESS
8 = SMOKE OR HAZE
[NO. OF DAYS WITH] [WEATHER - DAYS WITH] 9 = BLOWING SNOW
X = TORNADO
MAX 32 OR BELOW: 30 0.01 INCH OR MORE: 14
MAX 90 OR ABOVE: 0 0.10 INCH OR MORE: 5
MIN 32 OR BELOW: 31 0.50 INCH OR MORE: 0
MIN 0 OR BELOW: 3 1.00 INCH OR MORE: 0
[HDD (BASE 65) ]
TOTAL THIS MO. 1526 CLEAR (SCALE 0-3) 0
DPTR FM NORMAL 74 PTCLDY (SCALE 4-7) 0
TOTAL FM JUL 1 4174 CLOUDY (SCALE 8-10) 31
DPTR FM NORMAL -375
[CDD (BASE 65) ]
TOTAL THIS MO. 0
DPTR FM NORMAL 0 [PRESSURE DATA]
TOTAL FM JAN 1 0 HIGHEST SLP M ON M
DPTR FM NORMAL 0 LOWEST SLP M ON M
[REMARKS]
#FINAL-01-22#