249
CXUS53 KAPX 011250
CF6APX
PRELIMINARY LOCAL CLIMATOLOGICAL DATA (WS FORM: F-6)
STATION: GAYLORD WFO
MONTH: NOVEMBER
YEAR: 2020
LATITUDE: 45 4 N
LONGITUDE: 84 43 W
TEMPERATURE IN F: :PCPN: SNOW: WIND :SUNSHINE: SKY :PK WND
================================================================================
1 2 3 4 5 6A 6B 7 8 9 10 11 12 13 14 15 16 17 18
12Z AVG MX 2MIN
DY MAX MIN AVG DEP HDD CDD WTR SNW DPTH SPD SPD DIR MIN PSBL S-S WX SPD DR
================================================================================
1 45 27 36 -3 29 0 0.61 5.2 T M M M M M M M M
2 42 25 34 -5 31 0 T T 1 M M M M M M M M
3 57 31 44 6 21 0 0.00 0.0 T M M M M M M M M
4 71 47 59 21 6 0 0.00 0.0 0 M M M M M M M M
5 62 45 54 16 11 0 0.00 0.0 0 M M M M M M M M
6 70 47 59 22 6 0 0.00 0.0 0 M M M M M M M M
7 70 54 62 25 3 0 0.00 0.0 0 M M M M M M M M
8 71 51 61 25 4 0 0.00 0.0 0 M M M M M M M M
9 73 57 65 29 0 0 T 0.0 0 M M M M M M M M
10 67 54 61 25 4 0 0.35 0.0 0 M M M M M M M M
11 57 30 44 9 21 0 0.00 0.0 0 M M M M M M M M
12 50 29 40 5 25 0 0.00 0.0 0 M M M M M M M M
13 40 28 34 0 31 0 0.03 T 0 M M M M M M M M
14 41 23 32 -2 33 0 0.00 0.0 0 M M M M M M M M
15 49 32 41 7 24 0 1.01 2.4 2 M M M M M M M M
16 32 28 30 -3 35 0 0.03 0.3 2 M M M M M M M M
17 29 24 27 -6 38 0 0.05 0.9 1 M M M M M M M M
18 37 19 28 -4 37 0 0.00 0.0 1 M M M M M M M M
19 55 36 46 14 19 0 0.00 0.0 1 M M M M M M M M
20 51 34 43 11 22 0 0.00 0.0 0 M M M M M M M M
21 36 26 31 0 34 0 0.00 0.0 0 M M M M M M M M
22 37 25 31 0 34 0 T T 0 M M M M M M M M
23 34 25 30 0 35 0 0.01 0.1 T M M M M M M M M
24 31 21 26 -4 39 0 0.32 2.8 T M M M M M M M M
25 36 31 34 4 31 0 0.25 0.3 3 M M M M M M M M
26 39 35 37 8 28 0 0.01 0.0 T M M M M M M M M
27 37 29 33 4 32 0 T T 0 M M M M M M M M
28 47 28 38 10 27 0 0.00 0.0 0 M M M M M M M M
29 49 32 41 13 24 0 T T 0 M M M M M M M M
30 32 22 27 -1 38 0 0.01 0.1 T M M M M M M M M
================================================================================
SM 1447 995 722 0 2.68 12.1 M M M
================================================================================
AV 48.2 33.2 M FASTST M M M MAX(MPH)
MISC ----> M M M M
================================================================================
NOTES:
# LAST OF SEVERAL OCCURRENCES
COLUMN 17 PEAK WIND IN M.P.H.
PRELIMINARY LOCAL CLIMATOLOGICAL DATA (WS FORM: F-6) , PAGE 2
STATION: GAYLORD WFO
MONTH: NOVEMBER
YEAR: 2020
LATITUDE: 45 4 N
LONGITUDE: 84 43 W
[TEMPERATURE DATA] [PRECIPITATION DATA] SYMBOLS USED IN COLUMN 16
AVERAGE MONTHLY: 40.7 TOTAL FOR MONTH: 2.68 1 = FOG OR MIST
DPTR FM NORMAL: 7.3 DPTR FM NORMAL: -0.70 2 = FOG REDUCING VISIBILITY
HIGHEST: 73 ON 9 GRTST 24HR 1.01 ON 15-15 TO 1/4 MILE OR LESS
LOWEST: 19 ON 18 3 = THUNDER
SNOW, ICE PELLETS, HAIL 4 = ICE PELLETS
TOTAL MONTH: 12.1 INCHES 5 = HAIL
GRTST 24HR 5.2 ON 1- 1 6 = FREEZING RAIN OR DRIZZLE
GRTST DEPTH: 3 ON 25 7 = DUSTSTORM OR SANDSTORM:
VSBY 1/2 MILE OR LESS
8 = SMOKE OR HAZE
[NO. OF DAYS WITH] [WEATHER - DAYS WITH] 9 = BLOWING SNOW
X = TORNADO
MAX 32 OR BELOW: 4 0.01 INCH OR MORE: 11
MAX 90 OR ABOVE: 0 0.10 INCH OR MORE: 5
MIN 32 OR BELOW: 20 0.50 INCH OR MORE: 2
MIN 0 OR BELOW: 0 1.00 INCH OR MORE: 1
[HDD (BASE 65) ]
TOTAL THIS MO. 722 CLEAR (SCALE 0-3) 0
DPTR FM NORMAL -227 PTCLDY (SCALE 4-7) 0
TOTAL FM JUL 1 1779 CLOUDY (SCALE 8-10) 30
DPTR FM NORMAL -175
[CDD (BASE 65) ]
TOTAL THIS MO. 0
DPTR FM NORMAL 0 [PRESSURE DATA]
TOTAL FM JAN 1 419 HIGHEST SLP M ON M
DPTR FM NORMAL 158 LOWEST SLP M ON M
[REMARKS]
#FINAL-11-20#