703
CXUS53 KAPX 011415
CF6APX
PRELIMINARY LOCAL CLIMATOLOGICAL DATA (WS FORM: F-6)
STATION: GAYLORD WFO
MONTH: AUGUST
YEAR: 2020
LATITUDE: 45 4 N
LONGITUDE: 84 43 W
TEMPERATURE IN F: :PCPN: SNOW: WIND :SUNSHINE: SKY :PK WND
================================================================================
1 2 3 4 5 6A 6B 7 8 9 10 11 12 13 14 15 16 17 18
12Z AVG MX 2MIN
DY MAX MIN AVG DEP HDD CDD WTR SNW DPTH SPD SPD DIR MIN PSBL S-S WX SPD DR
================================================================================
1 79 56 68 2 0 3 T 0.0 0 M M M M M M M M
2 76 59 68 2 0 3 0.07 0.0 0 M M M M M M M M
3 60 53 57 -9 8 0 0.45 0.0 0 M M M M M M M M
4 66 50 58 -8 7 0 T 0.0 0 M M M M M M M M
5 68 47 58 -8 7 0 0.00 0.0 0 M M M M M M M M
6 76 53 65 -1 0 0 0.00 0.0 0 M M M M M M M M
7 80 52 66 0 0 1 0.00 0.0 0 M M M M M M M M
8 74 57 66 0 0 1 0.22 0.0 0 M M M M M M M M
9 85 67 76 10 0 11 0.00 0.0 0 M M M M M M M M
10 86 64 75 9 0 10 1.17 0.0 0 M M M M M M M M
11 76 57 67 1 0 2 0.03 0.0 0 M M M M M M M M
12 83 61 72 6 0 7 0.00 0.0 0 M M M M M M M M
13 80 61 71 5 0 6 0.00 0.0 0 M M M M M M M M
14 83 58 71 6 0 6 0.00 0.0 0 M M M M M M M M
15 80 64 72 7 0 7 0.28 0.0 0 M M M M M M M M
16 75 57 66 1 0 1 0.05 0.0 0 M M M M M M M M
17 73 54 64 -1 1 0 0.00 0.0 0 M M M M M M M M
18 67 51 59 -6 6 0 T 0.0 0 M M M M M M M M
19 69 45 57 -8 8 0 0.00 0.0 0 M M M M M M M M
20 81 60 71 6 0 6 0.15 0.0 0 M M M M M M M M
21 81 62 72 8 0 7 0.00 0.0 0 M M M M M M M M
22 85 61 73 9 0 8 T 0.0 0 M M M M M M M M
23 81 64 73 9 0 8 T 0.0 0 M M M M M M M M
24 81 63 72 8 0 7 0.00 0.0 0 M M M M M M M M
25 80 61 71 7 0 6 0.00 0.0 0 M M M M M M M M
26 80 58 69 5 0 4 1.10 0.0 0 M M M M M M M M
27 76 59 68 5 0 3 0.08 0.0 0 M M M M M M M M
28 68 55 62 -1 3 0 0.15 0.0 0 M M M M M M M M
29 67 55 61 -2 4 0 0.11 0.0 0 M M M M M M M M
30 68 53 61 -1 4 0 T 0.0 0 M M M M M M M M
31 71 53 62 0 3 0 0.00 0.0 0 M M M M M M M M
================================================================================
SM 2355 1770 51 107 3.86 0.0 M M M
================================================================================
AV 76.0 57.1 M FASTST M M 4 MAX(MPH)
MISC ----> M M M M
================================================================================
NOTES:
# LAST OF SEVERAL OCCURRENCES
COLUMN 17 PEAK WIND IN M.P.H.
PRELIMINARY LOCAL CLIMATOLOGICAL DATA (WS FORM: F-6) , PAGE 2
STATION: GAYLORD WFO
MONTH: AUGUST
YEAR: 2020
LATITUDE: 45 4 N
LONGITUDE: 84 43 W
[TEMPERATURE DATA] [PRECIPITATION DATA] SYMBOLS USED IN COLUMN 16
AVERAGE MONTHLY: 66.5 TOTAL FOR MONTH: 3.86 1 = FOG OR MIST
DPTR FM NORMAL: 1.6 DPTR FM NORMAL: 0.13 2 = FOG REDUCING VISIBILITY
HIGHEST: 86 ON 10 GRTST 24HR 1.17 ON 10-10 TO 1/4 MILE OR LESS
LOWEST: 45 ON 19 3 = THUNDER
SNOW, ICE PELLETS, HAIL 4 = ICE PELLETS
TOTAL MONTH: 0.0 INCH 5 = HAIL
GRTST 24HR 0.0 6 = FREEZING RAIN OR DRIZZLE
GRTST DEPTH: 0 7 = DUSTSTORM OR SANDSTORM:
VSBY 1/2 MILE OR LESS
8 = SMOKE OR HAZE
[NO. OF DAYS WITH] [WEATHER - DAYS WITH] 9 = BLOWING SNOW
X = TORNADO
MAX 32 OR BELOW: 0 0.01 INCH OR MORE: 12
MAX 90 OR ABOVE: 0 0.10 INCH OR MORE: 8
MIN 32 OR BELOW: 0 0.50 INCH OR MORE: 2
MIN 0 OR BELOW: 0 1.00 INCH OR MORE: 2
[HDD (BASE 65) ]
TOTAL THIS MO. 51 CLEAR (SCALE 0-3) 0
DPTR FM NORMAL -22 PTCLDY (SCALE 4-7) 0
TOTAL FM JUL 1 63 CLOUDY (SCALE 8-10) 0
DPTR FM NORMAL -68
[CDD (BASE 65) ]
TOTAL THIS MO. 107
DPTR FM NORMAL 39 [PRESSURE DATA]
TOTAL FM JAN 1 418 HIGHEST SLP M ON M
DPTR FM NORMAL 178 LOWEST SLP M ON M
[REMARKS]
#FINAL-08-20#