000
CXUS53 KAPX 010631
CF6APX
PRELIMINARY LOCAL CLIMATOLOGICAL DATA (WS FORM: F-6)
STATION: GAYLORD WFO
MONTH: FEBRUARY
YEAR: 2020
LATITUDE: 45 4 N
LONGITUDE: 84 43 W
TEMPERATURE IN F: :PCPN: SNOW: WIND :SUNSHINE: SKY :PK WND
================================================================================
1 2 3 4 5 6A 6B 7 8 9 10 11 12 13 14 15 16 17 18
12Z AVG MX 2MIN
DY MAX MIN AVG DEP HDD CDD WTR SNW DPTH SPD SPD DIR MIN PSBL S-S WX SPD DR
================================================================================
1 32 28 30 14 35 0 0.15 1.7 12 M M M M M M 16 M M
2 34 28 31 14 34 0 0.08 0.9 14 M M M M M M M M
3 37 27 32 15 33 0 T 0.0 14 M M M M M M M M
4 29 16 23 6 42 0 T T 14 M M M M M M M M
5 23 12 18 1 47 0 T T 14 M M M M M M M M
6 27 15 21 4 44 0 T 0.1 14 M M M M M M M M
7 24 13 19 2 46 0 0.02 0.7 14 M M M M M M M M
8 22 4 13 -4 52 0 T T 14 M M M M M M M M
9 27 17 22 4 43 0 0.35 4.6 14 M M M M M M 1 M M
10 32 17 25 7 40 0 0.00 0.0 17 M M M M M M M M
11 25 20 23 5 42 0 0.01 0.2 17 M M M M M M M M
12 36 22 29 11 36 0 0.08 0.9 17 M M M M M M M M
13 27 -1 13 -5 52 0 0.09 1.4 18 M M M M M M M M
14 17 3 10 -8 55 0 0.01 0.3 17 M M M M M M M M
15 27 10 19 0 46 0 0.06 0.2 17 M M M M M M M M
16 28 14 21 2 44 0 T T 17 M M M M M M M M
17 28 6 17 -2 48 0 0.03 0.5 17 M M M M M M M M
18 30 18 24 5 41 0 0.52 5.7 21 M M M M M M M M
19 19 12 16 -4 49 0 0.01 0.3 21 M M M M M M M M
20 19 10 15 -5 50 0 T 0.1 21 M M M M M M M M
21 36 10 23 3 42 0 0.00 0.0 20 M M M M M M 9 M M
22 45 25 35 15 30 0 0.00 0.0 18 M M M M M M M M
23 48 30 39 18 26 0 0.00 0.0 18 M M M M M M M M
24 41 28 35 14 30 0 0.00 0.0 17 M M M M M M M M
25 32 23 28 7 37 0 0.00 0.0 16 M M M M M M M M
26 25 16 21 -1 44 0 0.00 0.0 16 M M M M M M M M
27 20 15 18 -4 47 0 0.09 1.7 16 M M M M M M M M
28 20 15 18 -4 47 0 0.44 8.6 18 M M M M M M M M
29 27 16 22 0 43 0 0.02 0.4 22 M M M M M M M M
================================================================================
SM 837 469 1225 0 1.96 28.3 M M M
================================================================================
AV 28.9 16.2 M FASTST M M 6 MAX(MPH)
MISC ----> M M M M
================================================================================
NOTES:
# LAST OF SEVERAL OCCURRENCES
COLUMN 17 PEAK WIND IN M.P.H.
PRELIMINARY LOCAL CLIMATOLOGICAL DATA (WS FORM: F-6) , PAGE 2
STATION: GAYLORD WFO
MONTH: FEBRUARY
YEAR: 2020
LATITUDE: 45 4 N
LONGITUDE: 84 43 W
[TEMPERATURE DATA] [PRECIPITATION DATA] SYMBOLS USED IN COLUMN 16
AVERAGE MONTHLY: 22.5 TOTAL FOR MONTH: 1.96 1 = FOG OR MIST
DPTR FM NORMAL: 3.7 DPTR FM NORMAL: -0.01 2 = FOG REDUCING VISIBILITY
HIGHEST: 48 ON 23 GRTST 24HR 0.52 ON 18-18 TO 1/4 MILE OR LESS
LOWEST: -1 ON 13 3 = THUNDER
SNOW, ICE PELLETS, HAIL 4 = ICE PELLETS
TOTAL MONTH: 28.3 INCHES 5 = HAIL
GRTST 24HR 8.6 ON 28-28 6 = FREEZING RAIN OR DRIZZLE
GRTST DEPTH: 22 ON 29 7 = DUSTSTORM OR SANDSTORM:
VSBY 1/2 MILE OR LESS
8 = SMOKE OR HAZE
[NO. OF DAYS WITH] [WEATHER - DAYS WITH] 9 = BLOWING SNOW
X = TORNADO
MAX 32 OR BELOW: 22 0.01 INCH OR MORE: 15
MAX 90 OR ABOVE: 0 0.10 INCH OR MORE: 4
MIN 32 OR BELOW: 29 0.50 INCH OR MORE: 1
MIN 0 OR BELOW: 1 1.00 INCH OR MORE: 0
[HDD (BASE 65) ]
TOTAL THIS MO. 1225 CLEAR (SCALE 0-3) 0
DPTR FM NORMAL -67 PTCLDY (SCALE 4-7) 0
TOTAL FM JUL 1 5588 CLOUDY (SCALE 8-10) 0
DPTR FM NORMAL -503
[CDD (BASE 65) ]
TOTAL THIS MO. 0
DPTR FM NORMAL 0 [PRESSURE DATA]
TOTAL FM JAN 1 0 HIGHEST SLP M ON M
DPTR FM NORMAL 0 LOWEST SLP M ON M
[REMARKS]
#FINAL-02-20#
#FINAL-02-20#