000
CXUS52 KFFC 031848
CLMATL
CLIMATE REPORT
NATIONAL WEATHER SERVICE PEACHTREE CITY GA
148 PM EST WED JAN 03 2024
...................................
...THE ATLANTA CLIMATE SUMMARY FOR THE MONTH OF DECEMBER 2023...
CLIMATE NORMAL PERIOD: 1991 TO 2020
CLIMATE RECORD PERIOD: 1878 TO 2024
WEATHER OBSERVED NORMAL DEPART LAST YEAR`S
VALUE DATE(S) VALUE FROM VALUE DATE(S)
NORMAL
................................................................
TEMPERATURE (F)
RECORD
HIGH 79 12/01/1991
LOW 0 12/25/1983
HIGHEST 69 12/03 63 6 78 12/08
12/04
12/09
LOWEST 29 12/19 29 0 8 12/24
12/20
AVG. MAXIMUM 59.2 56.2 3.0 55.3
AVG. MINIMUM 40.6 38.4 2.2 39.8
MEAN 49.9 47.3 2.6 47.5
DAYS MAX >= 90 0 0.0 0.0 0
DAYS MAX <= 32 0 0.2 -0.2 1
DAYS MIN <= 32 5 9.1 -4.1 8
DAYS MIN <= 0 0 0.0 0.0 0
PRECIPITATION (INCHES)
RECORD
MAXIMUM 12.94 1919
MINIMUM 0.60 1889
TOTALS 3.68 4.57 -0.89 3.44
DAILY AVG. 0.12 0.15 -0.03 0.11
DAYS >= .01 8 10.7 -2.7 13
DAYS >= .10 6 7.0 -1.0 6
DAYS >= .50 2 3.0 -1.0 3
DAYS >= 1.00 2 1.4 0.6 0
GREATEST
24 HR. TOTAL 1.84 12/25 TO 12/26 1.37 12/14 TO 12/15
SNOWFALL (INCHES)
RECORDS
TOTAL T 2020
24 HR TOTAL T 12/30/2007 TO 12/30/2007
12/19/2007 TO 12/19/2007
TOTALS 0.0 0.4 -0.4 0.1
SINCE 7/1 0.0 0.4 -0.4 MM
SNOWDEPTH AVG. 0 0
DAYS >= TRACE 0 0.4 -0.4 2
DAYS >= 1.0 0 0.2 -0.2 0
GREATEST
24 HR TOTAL MM MM
DEGREE DAYS
HEATING TOTAL 458 550 -92 538
SINCE 7/1 797 991 -194 MM
COOLING TOTAL 0 2 -2 5
SINCE 1/1 2221 2050 171 MM
................................................................
WIND (MPH)
AVERAGE WIND SPEED 7.9
HIGHEST WIND SPEED/DIRECTION 29/320 DATE 12/10
HIGHEST GUST SPEED/DIRECTION 42/350 DATE 12/18
SKY COVER
POSSIBLE SUNSHINE (PERCENT) MM
AVERAGE SKY COVER 0.61
NUMBER OF DAYS FAIR 9
NUMBER OF DAYS PC 7
NUMBER OF DAYS CLOUDY 15
AVERAGE RH (PERCENT) 64
WEATHER CONDITIONS. NUMBER OF DAYS WITH
THUNDERSTORM 1 MIXED PRECIP 0
HEAVY RAIN 3 RAIN 6
LIGHT RAIN 12 FREEZING RAIN 0
LT FREEZING RAIN 0 HAIL 0
HEAVY SNOW 0 SNOW 0
LIGHT SNOW 0 SLEET 0
FOG 12 FOG W/VIS <= 1/4 MILE 1
HAZE 2
- INDICATES NEGATIVE NUMBERS.
R INDICATES RECORD WAS SET OR TIED.
MM INDICATES DATA IS MISSING.
T INDICATES TRACE AMOUNT.
$$