000
CXUS52 KFFC 011419
CLMATL
CLIMATE REPORT
NATIONAL WEATHER SERVICE PEACHTREE CITY GA
1019 AM EDT FRI SEP 01 2023
...................................
...THE ATLANTA CLIMATE SUMMARY FOR THE MONTH OF AUGUST 2023...
CLIMATE NORMAL PERIOD: 1991 TO 2020
CLIMATE RECORD PERIOD: 1878 TO 2023
WEATHER OBSERVED NORMAL DEPART LAST YEAR`S
VALUE DATE(S) VALUE FROM VALUE DATE(S)
NORMAL
................................................................
TEMPERATURE (F)
RECORD
HIGH 104 08/22/2007
LOW 55 08/29/1992
08/30/1986
08/24/1891
HIGHEST 99 08/26 MM MM 92 08/02
LOWEST 67 08/16 MM MM 67 08/17
AVG. MAXIMUM 92.2 89.0 3.2 87.5
AVG. MINIMUM 73.0 71.3 1.7 71.6
MEAN 82.6 80.2 2.4 79.5
DAYS MAX >= 90 23 13.7 9.3 12
DAYS MAX <= 32 0 0.0 0.0 0
DAYS MIN <= 32 0 0.0 0.0 0
DAYS MIN <= 0 0 0.0 0.0 0
PRECIPITATION (INCHES)
RECORD
MAXIMUM 10.02 1920
MINIMUM 0.02 1925
TOTALS 5.24 4.30 0.94 6.79
DAILY AVG. 0.17 0.14 0.03 0.22
DAYS >= .01 12 10.2 1.8 17
DAYS >= .10 9 6.5 2.5 13
DAYS >= .50 5 2.9 2.1 6
DAYS >= 1.00 1 1.4 -0.4 2
GREATEST
24 HR. TOTAL 1.17 08/06 TO 08/07 1.28 08/09 TO 08/10
DEGREE DAYS
HEATING TOTAL 0 0 0 0
SINCE 7/1 0 0 0 MM
COOLING TOTAL 551 470 81 459
SINCE 1/1 1784 1648 136 MM
................................................................
WIND (MPH)
AVERAGE WIND SPEED 7.0
HIGHEST WIND SPEED/DIRECTION 48/310 DATE 08/12
HIGHEST GUST SPEED/DIRECTION 67/320 DATE 08/12
SKY COVER
POSSIBLE SUNSHINE (PERCENT) MM
AVERAGE SKY COVER 0.52
NUMBER OF DAYS FAIR 6
NUMBER OF DAYS PC 21
NUMBER OF DAYS CLOUDY 4
AVERAGE RH (PERCENT) 69
WEATHER CONDITIONS. NUMBER OF DAYS WITH
THUNDERSTORM 12 MIXED PRECIP 0
HEAVY RAIN 8 RAIN 7
LIGHT RAIN 14 FREEZING RAIN 0
LT FREEZING RAIN 0 HAIL 0
HEAVY SNOW 0 SNOW 0
LIGHT SNOW 0 SLEET 0
FOG 12 FOG W/VIS <= 1/4 MILE 0
HAZE 9
- INDICATES NEGATIVE NUMBERS.
R INDICATES RECORD WAS SET OR TIED.
MM INDICATES DATA IS MISSING.
T INDICATES TRACE AMOUNT.
$$